000
CXUS53 KILX 011703
CLSILX

CHICLMILX 000
TTAA00 KILX 011622


CLIMATE REPORT
NATIONAL WEATHER SERVICE LINCOLN IL
1008 AM CST SUN DEC 1 2013

...................................

...THE LINCOLN IL CLIMATE SUMMARY FOR THE SEASON, FROM
9/1/2013 TO 11/30/2013...

CLIMATE NORMAL PERIOD 1981 TO 2010
CLIMATE RECORD PERIOD 1905 TO 2013

WEATHER         OBSERVED          NORMAL  DEPART  LAST YEAR`S
                 VALUE   DATE(S)  VALUE   FROM    VALUE
                                          NORMAL
.............................................................
TEMPERATURE (F)
RECORD
 HIGH             104   09/06/1954
 LOW               -3   11/30/1964
                        11/28/1930
HIGHEST            96   09/10        MM      MM       93
LOWEST             10   11/29        MM      MM       17
                        11/24
AVG. MAXIMUM     65.0              65.0     0.0     63.5
AVG. MINIMUM     40.8              42.8    -2.0     40.5
MEAN             52.9              53.9    -1.0     52.0
DAYS MAX >= 90      4               2.1     1.9        2
DAYS MAX <= 32      4               1.4     2.6        0
DAYS MIN <= 32     29              19.4     9.6       30
DAYS MIN <= 0       0               0.0     0.0        0

PRECIPITATION (INCHES)
RECORD
 MAXIMUM        22.14   1926
 MINIMUM         1.93   1908
TOTALS           5.65              9.54   -3.89    11.81
DAILY AVG.       0.06                               0.13
DAYS >= .01        27              27.2    -0.2       28
DAYS >= .10        16              17.7    -1.7       18
DAYS >= .50         4               7.1    -3.1        7
DAYS >= 1.00        0               2.2    -2.2        2
GREATEST
 24 HR. TOTAL    0.88   MM                          2.28

SNOWFALL (INCHES)
RECORDS
 TOTAL           10.0   1926
 24 HR TOTAL      7.0   11/17/1926 TO 11/17/1926
TOTALS            0.5               0.6    -0.1        T
DAYS >= TRACE       3               0.5     2.5        2
DAYS >= 1.0         0               0.2    -0.2        0
GREATEST
 SNOW DEPTH         T   11/12                          0
 24 HR TOTAL      0.5   MM                             T

DEGREE_DAYS
HEATING TOTAL    1256              1134     122     1253
 SINCE 7/1         MM              1143      MM     1258
COOLING TOTAL     176               128      48       94
 SINCE 1/1        947              1017     -70     1164

FREEZE DATES
RECORD
 EARLIEST     09/11/1917
 LATEST       05/29/1925
EARLIEST                        10/12
LATEST                          04/18
..............................................................

SKY COVER
POSSIBLE SUNSHINE (PERCENT)   MM


WEATHER CONDITIONS. NUMBER OF DAYS WITH
THUNDERSTORM              0     MIXED PRECIP               0
HEAVY RAIN                7     RAIN                      16
LIGHT RAIN               29     FREEZING RAIN              0
LT FREEZING RAIN          0     HAIL                       0
HEAVY SNOW                0     SNOW                       1
LIGHT SNOW                3     SLEET                      0
FOG                      28     FOG W/VIS <= 1/4 MILE      3
HAZE                      3

-  INDICATES NEGATIVE NUMBERS.
R  INDICATES RECORD WAS SET OR TIED.
MM INDICATES DATA IS MISSING.
T  INDICATES TRACE AMOUNT.
&&

PRECIPITATION OF 0.93 INCHES IS THE 6TH DRIEST SEPTEMBER ON RECORD
DAILY RECORD LOW OF 20 DEGREES WAS SET ON OCTOBER 25TH

$$

JRP
