000
CXUS53 KILX 012324
CLSILX

CHICLMILX 000
TTAA00 KILX 012320


CLIMATE REPORT
NATIONAL WEATHER SERVICE LINCOLN IL
510 PM CST FRI MAR 1 2013

...................................

...THE LINCOLN IL CLIMATE SUMMARY FOR THE SEASON, FROM
12/1/2012 TO 2/28/2013...

CLIMATE NORMAL PERIOD 1981 TO 2010
CLIMATE RECORD PERIOD 1905 TO 2013

WEATHER         OBSERVED          NORMAL  DEPART  LAST YEAR`S
                 VALUE   DATE(S)  VALUE   FROM    VALUE
                                          NORMAL
.............................................................
TEMPERATURE (F)
RECORD
 HIGH              75   02/27/1996
 LOW              -34   01/15/1927
HIGHEST            71   12/03        MM      MM       63
LOWEST              2   01/22        MM      MM        0
                        01/02
AVG. MAXIMUM     39.7              36.5     3.2     43.4
AVG. MINIMUM     23.1              20.5     2.6     24.7
MEAN             31.4              28.5     2.9     34.0
DAYS MAX >= 90      0               0.0     0.0       MM
DAYS MAX <= 32     24              30.7    -6.7       MM
DAYS MIN <= 32     75              74.7     0.3       MM
DAYS MIN <= 0       0               5.7    -5.7       MM

PRECIPITATION (INCHES)
RECORD
 MAXIMUM        15.57   1949
 MINIMUM         1.46   1919
TOTALS           7.89              6.39    1.50     5.90
DAILY AVG.       0.09                               0.06
DAYS >= .01        29              25.9     3.1       MM
DAYS >= .10        19              14.2     4.8       MM
DAYS >= .50         5               3.7     1.3       MM
DAYS >= 1.00        2               1.1     0.9       MM
GREATEST
 24 HR. TOTAL    1.37   MM                          1.26

SNOWFALL (INCHES)
RECORDS
 TOTAL           37.0   1982
 24 HR TOTAL     13.0   02/23/1914 TO 02/23/1914
TOTALS           10.3              17.9    -7.6      5.4
DAYS >= TRACE      22              12.5     9.5       MM
DAYS >= 1.0         4               5.8    -1.8       MM
GREATEST
 SNOW DEPTH         2   02/28                          3
                        02/22
                        02/27
 24 HR TOTAL      2.6   MM                           2.7

DEGREE_DAYS
HEATING TOTAL    3004              3279    -275     2800
 SINCE 7/1         MM              4423      MM       MM
COOLING TOTAL       0                 0       0        0
 SINCE 1/1          0                 0       0        0

FREEZE DATES
RECORD
 EARLIEST     09/11/1917
 LATEST       05/29/1925
EARLIEST                        10/12
LATEST                          04/18
..............................................................

SKY COVER
POSSIBLE SUNSHINE (PERCENT)   MM


WEATHER CONDITIONS. NUMBER OF DAYS WITH
THUNDERSTORM              2     MIXED PRECIP               0
HEAVY RAIN                8     RAIN                      15
LIGHT RAIN               25     FREEZING RAIN              3
LT FREEZING RAIN          3     HAIL                       0
HEAVY SNOW                2     SNOW                       4
LIGHT SNOW               20     SLEET                      1
FOG                      25     FOG W/VIS <= 1/4 MILE      4
HAZE                      5

-  INDICATES NEGATIVE NUMBERS.
R  INDICATES RECORD WAS SET OR TIED.
MM INDICATES DATA IS MISSING.
T  INDICATES TRACE AMOUNT.

&&

SEASONAL RECORDS ESTABLISHED:

*NONE

$$
