000
CXUS53 KILX 011927
CLSILX

CLIMATE REPORT
NATIONAL WEATHER SERVICE LINCOLN IL
127 PM CST SAT DEC 1 2012

...................................

...THE LINCOLN IL CLIMATE SUMMARY FOR THE SEASON, FROM
9/1/2012 TO 11/30/2012...

CLIMATE NORMAL PERIOD 1981 TO 2010
CLIMATE RECORD PERIOD 1905 TO 2012

WEATHER         OBSERVED          NORMAL  DEPART  LAST YEAR`S
                 VALUE   DATE(S)  VALUE   FROM    VALUE
                                          NORMAL
.............................................................
TEMPERATURE (F)
RECORD
 HIGH             104   09/06/1954
 LOW               -3   11/30/1964
                        11/28/1930
HIGHEST            93   09/04        MM      MM      100
LOWEST             17   11/27        MM      MM       23
AVG. MAXIMUM     63.5              65.0    -1.5     65.3
AVG. MINIMUM     40.5              42.8    -2.3     42.2
MEAN             52.0              53.9    -1.9     53.8
DAYS MAX >= 90      2               2.1    -0.1        3
DAYS MAX <= 32      0               1.4    -1.4        0
DAYS MIN <= 32     30              19.4    10.6       16
DAYS MIN <= 0       0               0.0     0.0        0

PRECIPITATION (INCHES)
RECORD
 MAXIMUM        22.14   1926
 MINIMUM         1.93   1908
TOTALS          11.81              9.54    2.27     6.97
DAILY AVG.       0.13                               0.08
DAYS >= .01        28              27.2     0.8       31
DAYS >= .10        18              17.7     0.3       18
DAYS >= .50         7               7.1    -0.1        5
DAYS >= 1.00        2               2.2    -0.2        1
GREATEST
 24 HR. TOTAL    2.28   10/13                       1.17

SNOWFALL (INCHES)
RECORDS
 TOTAL           10.0   1926
 24 HR TOTAL      7.0   11/17/1926
TOTALS              T               0.6    -0.6        T
DAYS >= TRACE       2               0.5     1.5        2
DAYS >= 1.0         0               0.2    -0.2        0
GREATEST
 SNOW DEPTH         0   MM                             0
 24 HR TOTAL        T   11/26                        0.0
                        11/03

DEGREE_DAYS
HEATING TOTAL    1253              1134     119     1077
 SINCE 7/1       1258              1143     115     1077
COOLING TOTAL      94               128     -34       75
 SINCE 1/1       1164              1017     147     1080

FREEZE DATES
RECORD
 EARLIEST     09/11/1917
 LATEST       05/29/1925
EARLIEST                        10/12
LATEST                          04/18
..............................................................

SKY COVER
POSSIBLE SUNSHINE (PERCENT)   MM


WEATHER CONDITIONS. NUMBER OF DAYS WITH
THUNDERSTORM             12     MIXED PRECIP               0
HEAVY RAIN               10     RAIN                      14
LIGHT RAIN               33     FREEZING RAIN              0
LT FREEZING RAIN          0     HAIL                       1
HEAVY SNOW                0     SNOW                       0
LIGHT SNOW                1     SLEET                      0
FOG                      34     FOG W/VIS <= 1/4 MILE      4
HAZE                      1

-  INDICATES NEGATIVE NUMBERS.
R  INDICATES RECORD WAS SET OR TIED.
MM INDICATES DATA IS MISSING.
T  INDICATES TRACE AMOUNT.

&&

RECORDS ESTABLISHED DURING THE PERIOD...

SEASONAL RECORDS:
* TIED FOR 8TH COOLEST AUTUMN ON RECORD

SEPTEMBER RECORDS:
* 9TH COOLEST SEPTEMBER ON RECORD

OCTOBER RECORDS:
* 5TH WETTEST OCTOBER ON RECORD
* TIED RECORD COLD HIGH OF 49 DEGREES ON THE 6TH
* RECORD DAILY RAINFALL OF 2.28 INCHES ON THE 13TH

NOVEMBER RECORDS:
* TIED RECORD WARM LOW OF 52 DEGREES ON THE 10TH

$$
GEELHART
