000
CXUS53 KILX 011658 RRB
CLSILX

CLIMATE REPORT
NATIONAL WEATHER SERVICE LINCOLN IL
1147 AM CDT THU SEP 1 2016

...................................

...THE LINCOLN IL CLIMATE SUMMARY FOR THE SEASON, FROM
6/1/2016 TO 8/31/2016...

CLIMATE NORMAL PERIOD 1981 TO 2010
CLIMATE RECORD PERIOD 1905 TO 2016

WEATHER         OBSERVED          NORMAL  DEPART  LAST YEAR`S
                 VALUE   DATE(S)  VALUE   FROM    VALUE
                                          NORMAL
.............................................................
TEMPERATURE (F)
RECORD
 HIGH             113   07/15/1936
 LOW               35   06/16/1917
                        06/11/1913
HIGHEST            93   07/21        MM      MM       92
                        06/15
                        06/10
LOWEST             48   06/08        MM      MM       50
AVG. MAXIMUM     84.6              84.2     0.4     82.2
AVG. MINIMUM     64.2              62.6     1.6     62.1
MEAN             74.4              73.4     1.0     72.2
DAYS MAX >= 90     12              17.5    -5.5       MM
DAYS MAX <= 32      0               0.0     0.0       MM
DAYS MIN <= 32      0               0.0     0.0       MM
DAYS MIN <= 0       0               0.0     0.0       MM

PRECIPITATION (INCHES)
RECORD
 MAXIMUM        23.76   1981
 MINIMUM         3.15   1988
TOTALS          17.49             13.30    4.19    16.68
DAILY AVG.       0.19                               0.18
DAYS >= .01        36              27.1     8.9       MM
DAYS >= .10        26              18.2     7.8       MM
DAYS >= .50        11               8.3     2.7       MM
DAYS >= 1.00        4               3.6     0.4       MM
GREATEST
 24 HR. TOTAL    2.37   07/24 TO 07/24              2.40

SNOWFALL (INCHES)
RECORDS
 TOTAL              T   2013
                        2011
                        2008
 24 HR TOTAL      0.0   MM
TOTALS            0.0               0.0     0.0      0.0
DAYS >= TRACE       0               0.0     0.0       MM
DAYS >= 1.0         0               0.0     0.0       MM
GREATEST
 SNOW DEPTH         0   MM                             0
 24 HR TOTAL      0.0   MM                           0.0

DEGREE_DAYS
HEATING TOTAL      11                26     -15       17
 SINCE 7/1          9                 9       0        9
COOLING TOTAL     904               798     106      693
 SINCE 1/1        991               889     102      804

FREEZE DATES
RECORD
 EARLIEST     09/11/1917
 LATEST       05/29/1925
EARLIEST                        10/12
LATEST                          04/18
..............................................................

SKY COVER
POSSIBLE SUNSHINE (PERCENT)   MM


WEATHER CONDITIONS. NUMBER OF DAYS WITH
THUNDERSTORM             26     MIXED PRECIP               0
HEAVY RAIN               21     RAIN                      24
LIGHT RAIN               37     FREEZING RAIN              0
LT FREEZING RAIN          0     HAIL                       1
HEAVY SNOW                0     SNOW                       0
LIGHT SNOW                0     SLEET                      0
FOG                      32     FOG W/VIS <= 1/4 MILE      5
HAZE                      0

-  INDICATES NEGATIVE NUMBERS.
R  INDICATES RECORD WAS SET OR TIED.
MM INDICATES DATA IS MISSING.
T  INDICATES TRACE AMOUNT.
&&

SEASONAL RECORDS FOR METEOROLOGICAL SUMMER 2016:
-8TH WETTEST SUMMER ON RECORD, 17.49

$$
