000
CXUS53 KILX 011617
CLSILX

CHICLMILX 000
TTAA00 KILX 011615


CLIMATE REPORT
NATIONAL WEATHER SERVICE LINCOLN IL
1017 AM CST THU MAR 1 2012

...................................

...THE LINCOLN IL CLIMATE SUMMARY FOR THE SEASON, FROM
12/1/2011 TO 2/29/2012...

CLIMATE NORMAL PERIOD 1981 TO 2010
CLIMATE RECORD PERIOD 1905 TO 2012

WEATHER         OBSERVED          NORMAL  DEPART  LAST YEAR`S
                 VALUE   DATE(S)  VALUE   FROM    VALUE
                                          NORMAL
.............................................................
TEMPERATURE (F)
RECORD
 HIGH              75   02/27/1996
 LOW              -34   01/15/1927
HIGHEST            63   01/31        MM      MM       63
LOWEST              0   01/14        MM      MM       -8
AVG. MAXIMUM     43.4              36.5     6.9     32.1
AVG. MINIMUM     24.7              20.5     4.2     16.9
MEAN             34.0              28.5     5.5     24.5
DAYS MAX >= 90      0                                  0
DAYS MAX <= 32     11                                 52
DAYS MIN <= 32     78                                 84
DAYS MIN <= 0       1                                  8

PRECIPITATION (INCHES)
RECORD
 MAXIMUM        15.57   1949
 MINIMUM         1.46   1919
TOTALS           5.90              6.39   -0.49     5.38
DAILY AVG.       0.06                               0.06
DAYS >= .01        31              25.9     5.1       29
DAYS >= .10        16              14.2     1.8       15
DAYS >= .50         3               3.7    -0.7        3
DAYS >= 1.00        1               1.1    -0.1        0
GREATEST
 24 HR. TOTAL    1.26   MM                          0.89

SNOWFALL (INCHES)
RECORDS
 TOTAL           37.0   1982
 24 HR TOTAL     13.0   02/23/1914 TO 02/23/1914
TOTALS            5.4              17.9   -12.5     30.9
DAYS >= TRACE      21              12.5     8.5       44
DAYS >= 1.0         2               5.8    -3.8        8
GREATEST
 SNOW DEPTH         3   01/15                         11
                        01/13
                        01/14
 24 HR TOTAL      2.7   MM                           9.7

DEGREE_DAYS
HEATING TOTAL    2800              3279    -479     3633
 SINCE 7/1         MM              4453      MM     4696
COOLING TOTAL       0                 0       0        0
 SINCE 1/1          0                 0       0        0

FREEZE DATES
RECORD
 EARLIEST     09/11/1917
 LATEST       05/29/1925
EARLIEST                        10/12
LATEST                          04/18
..............................................................

SKY COVER
POSSIBLE SUNSHINE (PERCENT)   MM


WEATHER CONDITIONS. NUMBER OF DAYS WITH
THUNDERSTORM              0     MIXED PRECIP               1
HEAVY RAIN                4     RAIN                      14
LIGHT RAIN               31     FREEZING RAIN              0
LT FREEZING RAIN          2     HAIL                       0
HEAVY SNOW                0     SNOW                       4
LIGHT SNOW               21     SLEET                      1
FOG                      30     FOG W/VIS <= 1/4 MILE      8
HAZE                      4

-  INDICATES NEGATIVE NUMBERS.
R  INDICATES RECORD WAS SET OR TIED.
MM INDICATES DATA IS MISSING.
T  INDICATES TRACE AMOUNT.

&&

WINTER SEASON (DEC-FEB) RECORDS SET:
*2ND LEAST SNOWY WINTER WITH 5.4 INCHES
*6TH WARMEST WINTER MEAN TEMP 34.0 F

$$
