000
CXUS53 KILX 011647
CLSILX

CHICLMILX 000
TTAA00 KILX 011643


CLIMATE REPORT
NATIONAL WEATHER SERVICE LINCOLN IL
1038 AM CST THU DEC 1 2011

...................................

...THE LINCOLN IL CLIMATE SUMMARY FOR THE SEASON, FROM
9/1/2011 TO 11/30/2011...

CLIMATE NORMAL PERIOD 1981 TO 2010
CLIMATE RECORD PERIOD 1905 TO 2011

WEATHER         OBSERVED          NORMAL  DEPART  LAST YEAR`S
                 VALUE   DATE(S)  VALUE   FROM    VALUE
                                          NORMAL
.............................................................
TEMPERATURE (F)
RECORD
 HIGH             104   09/06/1954
 LOW               -3   11/30/1964
                        11/28/1930
HIGHEST           100   09/01        MM      MM       90
LOWEST             23   11/30        MM      MM       20
AVG. MAXIMUM     65.3              65.0     0.3     67.1
AVG. MINIMUM     42.2              42.8    -0.6     41.4
MEAN             53.8              53.9    -0.1     54.2
DAYS MAX >= 90      3                                  1
DAYS MAX <= 32      0                                  0
DAYS MIN <= 32     16                                 24
DAYS MIN <= 0       0                                  0

PRECIPITATION (INCHES)
RECORD
 MAXIMUM        22.14   1926
 MINIMUM         1.93   1908
TOTALS           6.97              9.54   -2.57     9.49
DAILY AVG.       0.08                               0.10
DAYS >= .01        31              27.2     3.8       22
DAYS >= .10        18              17.7     0.3       18
DAYS >= .50         5               7.1    -2.1        7
DAYS >= 1.00        1               2.2    -1.2        3
GREATEST
 24 HR. TOTAL    1.17   MM                          1.52

SNOWFALL (INCHES)
RECORDS
 TOTAL           10.0   1926
 24 HR TOTAL      7.0   11/17/1926 TO 11/17/1926
TOTALS              T               0.6    -0.6        T
DAYS >= TRACE       2               0.5     1.5        1
DAYS >= 1.0         0               0.2    -0.2        0
GREATEST
 SNOW DEPTH         0   MM                             0
 24 HR TOTAL      0.0   MM                             T

DEGREE_DAYS
HEATING TOTAL    1077              1134     -57     1063
 SINCE 7/1       1077              1143     -66     1063
COOLING TOTAL      75               128     -53      108
 SINCE 1/1       1080              1017      63     1175

FREEZE DATES
RECORD
 EARLIEST     09/11/1917
 LATEST       05/29/1925
EARLIEST                        10/12
LATEST                          04/18
..............................................................

SKY COVER
POSSIBLE SUNSHINE (PERCENT)   MM


WEATHER CONDITIONS. NUMBER OF DAYS WITH
THUNDERSTORM              0     MIXED PRECIP               0
HEAVY RAIN                5     RAIN                      16
LIGHT RAIN               41     FREEZING RAIN              0
LT FREEZING RAIN          0     HAIL                       0
HEAVY SNOW                0     SNOW                       0
LIGHT SNOW                2     SLEET                      0
FOG                      27     FOG W/VIS <= 1/4 MILE      5
HAZE                      3

-  INDICATES NEGATIVE NUMBERS.
R  INDICATES RECORD WAS SET OR TIED.
MM INDICATES DATA IS MISSING.
T  INDICATES TRACE AMOUNT.

$$
