376
CXUS53 KILX 040809 CCA
CLSILX
CLIMATE REPORT...CORRECTED
NATIONAL WEATHER SERVICE LINCOLN IL
209 AM CST WED MAR 4 2020
ADDED DATES OF 24-HOUR PRECIPITATION AND SNOWFALL
ADDED SEASONAL DEGREE DAY INFORMATION
...................................
...THE LINCOLN IL CLIMATE SUMMARY FOR THE SEASON, FROM
12/1/2019 TO 2/29/2020...
CLIMATE NORMAL PERIOD 1981 TO 2010
CLIMATE RECORD PERIOD 1905 TO 2020
WEATHER OBSERVED NORMAL DEPART LAST YEAR`S
VALUE DATE(S) VALUE FROM VALUE
NORMAL
.............................................................
TEMPERATURE (F)
RECORD
HIGH 75 02/27/1996
LOW -34 01/15/1927
HIGHEST 65 12/26 MM MM 62
LOWEST -6 02/14 MM MM -19
AVG. MAXIMUM 40.6 36.5 4.1 36.8
AVG. MINIMUM 24.2 20.5 3.7 20.2
MEAN 32.4 28.5 3.9 28.5
DAYS MAX >= 90 0 0.0 0.0 0
DAYS MAX <= 32 18 30.7 -12.7 31
DAYS MIN <= 32 81 74.7 6.3 80
DAYS MIN <= 0 1 5.7 -4.7 9
PRECIPITATION (INCHES)
RECORD
MAXIMUM 15.57 1949
MINIMUM 1.46 1919
TOTALS 8.17 6.39 1.78 10.59
DAILY AVG. 0.09 0.12
DAYS >= .01 31 25.9 5.1 34
DAYS >= .10 16 14.2 1.8 21
DAYS >= .50 4 3.7 0.3 7
DAYS >= 1.00 1 1.1 -0.1 3
GREATEST
24 HR. TOTAL 1.85 01/10 1.51
SNOWFALL (INCHES)
RECORDS
TOTAL 41.1 2014
24 HR TOTAL 13.0 02/23/1914
TOTALS 16.0 17.9 -1.9 22.4
DAYS >= TRACE 31 12.5 18.5 29
DAYS >= 1.0 6 5.8 0.2 6
GREATEST
SNOW DEPTH 4 12/16 10
24 HR TOTAL 3.5 12/15 10.3
DEGREE_DAYS
HEATING TOTAL 2943 3279 -336 3266
SINCE 7/1 4195 4453 -258 4621
COOLING TOTAL 0 0 0 0
SINCE 1/1 0 0 0 0
FREEZE DATES
RECORD
EARLIEST 09/11/1917
LATEST 05/29/1925
EARLIEST 10/12
LATEST 04/18
..............................................................
SKY COVER
POSSIBLE SUNSHINE (PERCENT) MM
WEATHER CONDITIONS. NUMBER OF DAYS WITH
THUNDERSTORM 2 MIXED PRECIP 1
HEAVY RAIN 4 RAIN 10
LIGHT RAIN 23 FREEZING RAIN 1
LT FREEZING RAIN 7 HAIL 0
HEAVY SNOW 0 SNOW 3
LIGHT SNOW 30 SLEET 2
FOG 42 FOG W/VIS <= 1/4 MILE 9
HAZE 4
- INDICATES NEGATIVE NUMBERS.
R INDICATES RECORD WAS SET OR TIED.
MM INDICATES DATA IS MISSING.
T INDICATES TRACE AMOUNT.
&&
WINTER RECORDS:
* RECORD WARM LOW OF 50 1/9
* RECORD HIGH OF 64 12/25
* RECORD HIGH OF 65 12/26
* RECORD HIGH HIGH 63 2/2
* FEB 12 SNOWFALL 3.3 INCHES
* RECORD LOW OF -6 FEB 14
$$
GEELHART