000
CXUS53 KILX 011935
CLSILX

CLIMATE REPORT
NATIONAL WEATHER SERVICE LINCOLN IL
134 PM CST WED DEC 1 2010

...................................

...THE LINCOLN IL CLIMATE SUMMARY FOR THE SEASON, FROM
9/1/2010 TO 11/30/2010...

CLIMATE NORMAL PERIOD 1971 TO 2000
CLIMATE RECORD PERIOD 1905 TO 2010

WEATHER         OBSERVED          NORMAL  DEPART  LAST YEAR`S
                 VALUE   DATE(S)  VALUE   FROM    VALUE
                                          NORMAL
.............................................................
TEMPERATURE (F)
RECORD
 HIGH             104   09/06/1954
 LOW               -3   11/30/1964
                        11/28/1930
HIGHEST            90   09/21        MM      MM       82
LOWEST             20   11/26        MM      MM       25
                        11/06
AVG. MAXIMUM     67.1              65.0     2.1     62.9
AVG. MINIMUM     41.4              41.5    -0.1     43.6
MEAN             54.2              53.4     0.8     53.3
DAYS MAX >= 90      1                                  0
DAYS MAX <= 32      0                                  0
DAYS MIN <= 32     24                                 14
DAYS MIN <= 0       0                                  0

PRECIPITATION (INCHES)
RECORD
 MAXIMUM        22.14   1926
 MINIMUM         1.93   1908
TOTALS           9.49              8.94    0.55    15.71
DAILY AVG.       0.10                               0.17
DAYS >= .01        22              26.2    -4.2       35
DAYS >= .10        18              16.9     1.1       25
DAYS >= .50         7               6.3     0.7       12
DAYS >= 1.00        3               1.9     1.1        5
GREATEST
 24 HR. TOTAL    1.52   09/02                       1.73

SNOWFALL (INCHES)
RECORDS
 TOTAL           10.0   1926
 24 HR TOTAL      7.0   11/17/1926
TOTALS              T               1.5    -1.5        T
DAYS >= TRACE       1               4.0    -3.0        2
DAYS >= 1.0         0               2.4    -2.4        0
GREATEST
 SNOW DEPTH         0   MM                             0
 24 HR TOTAL        T   11/30                        0.0

DEGREE_DAYS
HEATING TOTAL    1063              1085     -22     1093
 SINCE 7/1       1063              1176    -113     1124
COOLING TOTAL     108                98      10       42
 SINCE 1/1       1175               962     213      677

FREEZE DATES
RECORD
 EARLIEST     09/11/1917
 LATEST       05/29/1925
EARLIEST                        10/12
LATEST                          04/18
..............................................................

SKY COVER
POSSIBLE SUNSHINE (PERCENT)   MM


WEATHER CONDITIONS. NUMBER OF DAYS WITH
THUNDERSTORM             10     MIXED PRECIP               0
HEAVY RAIN               12     RAIN                      14
LIGHT RAIN               27     FREEZING RAIN              1
LT FREEZING RAIN          1     HAIL                       0
HEAVY SNOW                0     SNOW                       0
LIGHT SNOW                1     SLEET                      0
FOG                      18     FOG W/VIS <= 1/4 MILE      3
HAZE                      2

-  INDICATES NEGATIVE NUMBERS.
R  INDICATES RECORD WAS SET OR TIED.
MM INDICATES DATA IS MISSING.
T  INDICATES TRACE AMOUNT.

&&

RECORDS ESTABLISHED DURING THE PERIOD:

SEPTEMBER -- NONE

OCTOBER -- NONE

NOVEMBER --
- RECORD HIGH TEMPERATURE OF 73 DEGREES ON THE 12TH
- TIED RECORD HIGH TEMPERATURE OF 72 DEGREES ON THE 22ND
- RECORD DAILY PRECIPITATION OF 1.34 INCHES ON THE 24TH

$$
GEELHART
