000
CXUS53 KILX 011647
CLSILX

CHICLMILX 000
TTAA00 KILX 011642


CLIMATE REPORT
NATIONAL WEATHER SERVICE LINCOLN IL
1133 AM CDT WED SEP 1 2010

...................................

...THE LINCOLN IL CLIMATE SUMMARY FOR THE SEASON, FROM
6/1/2010 TO 8/31/2010...

CLIMATE NORMAL PERIOD 1971 TO 2000
CLIMATE RECORD PERIOD 1905 TO 2010

WEATHER         OBSERVED          NORMAL  DEPART  LAST YEAR`S
                 VALUE   DATE(S)  VALUE   FROM    VALUE
                                          NORMAL
.............................................................
TEMPERATURE (F)
RECORD
 HIGH             113   07/15/1936
 LOW               35   06/16/1917
                        06/11/1913
HIGHEST            96   08/03        MM      MM       95
LOWEST             51   08/28        MM      MM       43
AVG. MAXIMUM     85.7              84.3     1.4     80.4
AVG. MINIMUM     64.6              62.0     2.6     60.5
MEAN             75.2              73.2     2.0     70.5
DAYS MAX >= 90     25                                  9
DAYS MAX <= 32      0                                  0
DAYS MIN <= 32      0                                  0
DAYS MIN <= 0       0                                  0

PRECIPITATION (INCHES)
RECORD
 MAXIMUM        23.76   1981
 MINIMUM         3.15   1988
TOTALS          18.29             12.32    5.97    13.11
DAILY AVG.       0.20                               0.15
DAYS >= .01        31              27.4     3.6       32
DAYS >= .10        19              18.4     0.6       21
DAYS >= .50        10               8.7     1.3       11
DAYS >= 1.00        6               3.6     2.4        3
GREATEST
 24 HR. TOTAL    2.46   MM                          2.72

SNOWFALL (INCHES)
RECORDS
 TOTAL              T   2008
                        2004
 24 HR TOTAL      0.0   MM
TOTALS            0.0               0.0     0.0      0.0
DAYS >= TRACE       0               0.0     0.0        0
DAYS >= 1.0         0               0.0     0.0        0
GREATEST
 SNOW DEPTH         0   MM                             0
 24 HR TOTAL      0.0   MM                           0.0

DEGREE_DAYS
HEATING TOTAL       0                31     -31       46
 SINCE 7/1          0                16     -16       31
COOLING TOTAL     957               783     174      569
 SINCE 1/1       1067               864     203      635

FREEZE DATES
RECORD
 EARLIEST     09/11/1917
 LATEST       05/29/1925
EARLIEST                        10/12
LATEST                          04/18
..............................................................

SKY COVER
POSSIBLE SUNSHINE (PERCENT)   MM


WEATHER CONDITIONS. NUMBER OF DAYS WITH
THUNDERSTORM             23     MIXED PRECIP               0
HEAVY RAIN               15     RAIN                      18
LIGHT RAIN               43     FREEZING RAIN              0
LT FREEZING RAIN          0     HAIL                       0
HEAVY SNOW                0     SNOW                       0
LIGHT SNOW                0     SLEET                      0
FOG                      38     FOG W/VIS <= 1/4 MILE      5
HAZE                     11

-  INDICATES NEGATIVE NUMBERS.
R  INDICATES RECORD WAS SET OR TIED.
MM INDICATES DATA IS MISSING.
T  INDICATES TRACE AMOUNT.


&&

RECORDS ESTABLISHED DURING THE PERIOD:
- SIXTH WETTEST SUMMER ON RECORD

$$

OUSLEY
