000
CXUS53 KILX 030137
CLSILX

CLIMATE REPORT
NATIONAL WEATHER SERVICE LINCOLN IL
837 PM CDT WED JUN 2 2010

...................................

...THE LINCOLN IL CLIMATE SUMMARY FOR THE SEASON, FROM
3/1/2010 TO 5/31/2010...

CLIMATE NORMAL PERIOD 1971 TO 2000
CLIMATE RECORD PERIOD 1905 TO 2010

WEATHER         OBSERVED          NORMAL  DEPART  LAST YEAR`S
                 VALUE   DATE(S)  VALUE   FROM    VALUE
                                          NORMAL
.............................................................
TEMPERATURE (F)
RECORD
 HIGH             102   05/31/1934
 LOW              -14   03/10/1934
HIGHEST            91   05/24        MM      MM       87
LOWEST             19   03/05        MM      MM        9
                        03/03
AVG. MAXIMUM     66.2              62.5     3.7     63.6
AVG. MINIMUM     43.3              39.0     4.3     41.3
MEAN             54.7              50.8     3.9     52.4
DAYS MAX >= 90      1                                  0
DAYS MAX <= 32      0                                  4
DAYS MIN <= 32     17                                 23
DAYS MIN <= 0       0                                  0

PRECIPITATION (INCHES)
RECORD
 MAXIMUM        19.75   1995
 MINIMUM         4.03   2005
TOTALS           9.98             11.16   -1.18    14.45
DAILY AVG.       0.11                               0.16
DAYS >= .01        40              33.2     6.8       37
DAYS >= .10        26              21.2     4.8       26
DAYS >= .50         6               7.4    -1.4       11
DAYS >= 1.00        1               2.3    -1.3        5
GREATEST
 24 HR. TOTAL    1.31   05/17                       1.52

SNOWFALL (INCHES)
RECORDS
 TOTAL           21.0   1934
 24 HR TOTAL      7.8   03/16/1960
TOTALS            0.0               2.7    -2.7      2.7
DAYS >= TRACE       0               1.8    -1.8        6
DAYS >= 1.0         0               1.1    -1.1        1
GREATEST
 SNOW DEPTH         0   MM                             3
 24 HR TOTAL      0.0   MM                           2.5

DEGREE_DAYS
HEATING TOTAL    1032              1391    -359     1202
 SINCE 7/1       5885              5972     -87     5880
COOLING TOTAL     110                81      29       66
 SINCE 1/1        110                81      29       66

FREEZE DATES
RECORD
 EARLIEST     09/11/1917
 LATEST       05/29/1925
EARLIEST                        10/12
LATEST                          04/18
..............................................................

SKY COVER
POSSIBLE SUNSHINE (PERCENT)   MM

WEATHER CONDITIONS. NUMBER OF DAYS WITH
THUNDERSTORM             12     MIXED PRECIP               0
HEAVY RAIN                6     RAIN                      26
LIGHT RAIN               44     FREEZING RAIN              0
LT FREEZING RAIN          0     HAIL                       0
HEAVY SNOW                0     SNOW                       0
LIGHT SNOW                0     SLEET                      0
FOG                      27     FOG W/VIS <= 1/4 MILE      6
HAZE                     12

-  INDICATES NEGATIVE NUMBERS.
R  INDICATES RECORD WAS SET OR TIED.
MM INDICATES DATA IS MISSING.
T  INDICATES TRACE AMOUNT.

&&

RECORDS ESTABLISHED DURING THE PERIOD...

- TIED 9TH WARMEST SPRING ON RECORD

MARCH...NO RECORDS ESTABLSHED

APRIL...
- 7TH WARMEST APRIL ON RECORD

MAY...
- TIED RECORD COLD HIGH OF 50 DEGREES ON 8TH

$$
GEELHART
