000
CXUS53 KILX 011816
CLSILX

CLIMATE REPORT
NATIONAL WEATHER SERVICE LINCOLN IL
115 PM CDT MON JUN 1 2009

...................................

...THE LINCOLN IL CLIMATE SUMMARY FOR THE SEASON, FROM
3/1/2009 TO 5/31/2009...

CLIMATE NORMAL PERIOD 1971 TO 2000
CLIMATE RECORD PERIOD 1905 TO 2009

WEATHER         OBSERVED          NORMAL  DEPART  LAST YEAR`S
                 VALUE   DATE(S)  VALUE   FROM    VALUE
                                          NORMAL
.............................................................
TEMPERATURE (F)
RECORD
 HIGH             102   05/31/1934
 LOW              -14   03/10/1934
HIGHEST            87   05/23        MM      MM       83
LOWEST              9   03/03        MM      MM        7
AVG. MAXIMUM     63.6              62.5     1.1     60.0
AVG. MINIMUM     41.3              39.0     2.3     38.9
MEAN             52.4              50.8     1.6     49.5
DAYS MAX >= 90      0                                  0
DAYS MAX <= 32      4                                  2
DAYS MIN <= 32     23                                 25
DAYS MIN <= 0       0                                  0

PRECIPITATION (INCHES)
RECORD
 MAXIMUM        19.75   1995
 MINIMUM         4.03   2005
TOTALS          14.45             11.16    3.29     9.23
DAILY AVG.       0.16                               0.10
DAYS >= .01        37              33.2     3.8       36
DAYS >= .10        26              21.2     4.8       22
DAYS >= .50        11               7.4     3.6        4
DAYS >= 1.00        5               2.3     2.7        2
GREATEST
 24 HR. TOTAL    1.52   05/15                       1.43

SNOWFALL (INCHES)
RECORDS
 TOTAL           21.0   1934
 24 HR TOTAL      7.8   03/16/1960 TO 03/16/1960
TOTALS            2.7               2.7     0.0      1.7
DAYS >= TRACE       6               1.8     4.2       12
DAYS >= 1.0         1               1.1    -0.1        1
GREATEST
 SNOW DEPTH         3   03/29                          1
 24 HR TOTAL      2.5   03/29                        1.6

DEGREE_DAYS
HEATING TOTAL    1202              1391    -189     1440
 SINCE 7/1       5880              5972     -92     5880
COOLING TOTAL      66                81     -15       31
 SINCE 1/1         66                81     -15       31

FREEZE DATES
RECORD
 EARLIEST     09/11/1917
 LATEST       05/29/1925
EARLIEST                        10/12
LATEST                          04/18
..............................................................

SKY COVER
POSSIBLE SUNSHINE (PERCENT)   63


WEATHER CONDITIONS. NUMBER OF DAYS WITH
THUNDERSTORM             16     MIXED PRECIP               0
HEAVY RAIN               14     RAIN                      22
LIGHT RAIN               42     FREEZING RAIN              0
LT FREEZING RAIN          0     HAIL                       0
HEAVY SNOW                1     SNOW                       1
LIGHT SNOW                4     SLEET                      3
FOG                      27     FOG W/VIS <= 1/4 MILE      2
HAZE                     10

-  INDICATES NEGATIVE NUMBERS.
R  INDICATES RECORD WAS SET OR TIED.
MM INDICATES DATA IS MISSING.
T  INDICATES TRACE AMOUNT.

&&

MARCH 2009 RECORDS
* DAILY RECORD RAINFALL OF 1.19 INCHES ON MARCH 28

APRIL 2009 RECORDS
 NO RECORDS SET OR TIED

MAY 2009 RECORDS
* DAILY RECORD RAINFALL OF 1.52 INCHES SET MAY 15

SPRING 2009 RECORDS
 NO RECORDS SET OR TIED

$$
