000
CXUS53 KILX 011416
CLSILX
CLIMATE REPORT
NATIONAL WEATHER SERVICE LINCOLN IL
916 AM CDT THU JUN 01 2023
...................................
...THE LINCOLN IL CLIMATE SUMMARY FOR THE SEASON, FROM
3/1/2023 TO 5/31/2023...
CLIMATE NORMAL PERIOD 1991 TO 2020
CLIMATE RECORD PERIOD 1905 TO 2023
WEATHER OBSERVED NORMAL DEPART LAST YEAR`S
VALUE DATE(S) VALUE FROM VALUE
NORMAL
..............................................................
TEMPERATURE (F)
RECORD
HIGH 102 05/31/1934
LOW -14 03/10/1934
HIGHEST 90 05/30 MM MM 94
05/31
LOWEST 13 03/18 MM MM 8
AVG. MAXIMUM 65.7 63.6 2.1 63.0
AVG. MINIMUM 40.8 41.4 -0.6 42.1
MEAN 53.3 52.5 0.8 52.5
DAYS MAX >= 90 2 1.0 1.0 MM
DAYS MAX <= 32 1 1.9 -0.9 MM
DAYS MIN <= 32 25 25.3 -0.3 MM
DAYS MIN <= 0 0 0.3 -0.3 MM
PRECIPITATION (INCHES)
RECORD
MAXIMUM 19.75 1995
MINIMUM 4.03 2005
TOTALS 7.37 11.31 -3.94 10.97
DAILY AVG. 0.08 0.12
DAYS >= .01 31 34.8 -3.8 MM
DAYS >= .10 18 21.8 -3.8 MM
DAYS >= .50 4 7.0 -3.0 MM
DAYS >= 1.00 1 2.1 -1.1 MM
GREATEST
24 HR. TOTAL 1.10 1.59
SNOWFALL (INCHES)
RECORDS
TOTAL 21.0 1934
24 HR TOTAL 10.8 03/24/2013 TO 03/24/2013
TOTALS 1.1 1.8 -0.7 4.3
DAYS >= TRACE 11 2.1 8.9 MM
DAYS >= 1.0 0 0.9 -0.9 MM
GREATEST
SNOW DEPTH 0 4
24 HR TOTAL MM 2.4
DEGREE DAYS
HEATING TOTAL 1143 1248 -105 1278
SINCE 7/1 5102 5608 -506 MM
COOLING TOTAL 84 101 -17 152
SINCE 1/1 84 101 -17 MM
FREEZE DATES
RECORD
EARLIEST 09/11/1917
LATEST 05/29/1925
EARLIEST 10/08
LATEST 04/19
..............................................................
SKY COVER
POSSIBLE SUNSHINE (PERCENT) MM
WEATHER CONDITIONS. NUMBER OF DAYS WITH
THUNDERSTORM 13 MIXED PRECIP 0
HEAVY RAIN 9 RAIN 16
LIGHT RAIN 33 FREEZING RAIN 0
LT FREEZING RAIN 0 HAIL 0
HEAVY SNOW 0 SNOW 2
LIGHT SNOW 8 SLEET 3
FOG 18 FOG W/VIS <= 1/4 MILE 0
HAZE 2
- INDICATES NEGATIVE NUMBERS.
R INDICATES RECORD WAS SET OR TIED.
MM INDICATES DATA IS MISSING.
T INDICATES TRACE AMOUNT.
$$