240
CXUS53 KILX 011313
CLSILX

CHICLMILX 000
TTAA00 KILX 011230


CLIMATE REPORT
NATIONAL WEATHER SERVICE LINCOLN IL
619 AM CST WED MAR 1 2017

...................................

...THE LINCOLN IL CLIMATE SUMMARY FOR THE SEASON, FROM
12/1/2016 TO 2/28/2017...

CLIMATE NORMAL PERIOD 1981 TO 2010
CLIMATE RECORD PERIOD 1905 TO 2017

WEATHER         OBSERVED          NORMAL  DEPART  LAST YEAR`S
                 VALUE   DATE(S)  VALUE   FROM    VALUE
                                          NORMAL
.............................................................
TEMPERATURE (F)
RECORD
 HIGH              75   02/27/1996
 LOW              -34   01/15/1927
HIGHEST            74   02/20        MM      MM       70
LOWEST             -6   12/19        MM      MM       -2
AVG. MAXIMUM     42.3              36.5     5.8     41.5
AVG. MINIMUM     24.7              20.5     4.2     25.0
MEAN             33.5              28.5     5.0     33.2
DAYS MAX >= 90      0               0.0     0.0        0
DAYS MAX <= 32     24              30.7    -6.7       20
DAYS MIN <= 32     65              74.7    -9.7       67
DAYS MIN <= 0       5               5.7    -0.7        2

PRECIPITATION (INCHES)
RECORD
 MAXIMUM        15.57   1949
 MINIMUM         1.46   1919
TOTALS           4.01              6.39   -2.38     9.05
DAILY AVG.       0.04                               0.10
DAYS >= .01        27              25.9     1.1       26
DAYS >= .10        14              14.2    -0.2       13
DAYS >= .50         1               3.7    -2.7        6
DAYS >= 1.00        0               1.1    -1.1        3
GREATEST
 24 HR. TOTAL    0.66   MM                          1.96

SNOWFALL (INCHES)
RECORDS
 TOTAL           41.1   2014
 24 HR TOTAL     13.0   02/23/1914 TO 02/23/1914
TOTALS            7.2              17.9   -10.7     11.3
DAYS >= TRACE      22              12.5     9.5       24
DAYS >= 1.0         2               5.8    -3.8        3
GREATEST
 SNOW DEPTH         3   02/09                          3
 24 HR TOTAL      3.4   MM                           3.7

DEGREE_DAYS
HEATING TOTAL    2830              3279    -449     2868
 SINCE 7/1         MM              4423      MM       MM
COOLING TOTAL       0                 0       0        0
 SINCE 1/1          0                 0       0        0

FREEZE DATES
RECORD
 EARLIEST     09/11/1917
 LATEST       05/29/1925
EARLIEST                        10/12
LATEST                          04/18
..............................................................

SKY COVER
POSSIBLE SUNSHINE (PERCENT)   MM


WEATHER CONDITIONS. NUMBER OF DAYS WITH
THUNDERSTORM              3     MIXED PRECIP               0
HEAVY RAIN                2     RAIN                       6
LIGHT RAIN               26     FREEZING RAIN              1
LT FREEZING RAIN          3     HAIL                       0
HEAVY SNOW                2     SNOW                       3
LIGHT SNOW               20     SLEET                      1
FOG                      29     FOG W/VIS <= 1/4 MILE     12
HAZE                      0

-  INDICATES NEGATIVE NUMBERS.
R  INDICATES RECORD WAS SET OR TIED.
MM INDICATES DATA IS MISSING.
T  INDICATES TRACE AMOUNT.

&&

SEASONAL RECORDS:

*8TH WARMEST WINTER WITH 33.5 MEAN TEMP

$$
