000
CXUS53 KILX 011640 RRA
CLSILX

CLIMATE REPORT
NATIONAL WEATHER SERVICE LINCOLN IL
1040 AM CST TUE DEC 1 2015

...................................

...THE LINCOLN IL CLIMATE SUMMARY FOR THE SEASON, FROM
9/1/2015 TO 11/30/2015...

CLIMATE NORMAL PERIOD 1981 TO 2010
CLIMATE RECORD PERIOD 1905 TO 2015

WEATHER         OBSERVED          NORMAL  DEPART  LAST YEAR`S
                 VALUE   DATE(S)  VALUE   FROM    VALUE
                                          NORMAL
.............................................................
TEMPERATURE (F)
RECORD
 HIGH             104   09/06/1954
 LOW               -3   11/30/1964
                        11/28/1930
HIGHEST            95   09/06        MM      MM       92
                        09/04
LOWEST             12   11/22        MM      MM        6
AVG. MAXIMUM     69.2              65.0     4.2     61.3
AVG. MINIMUM     44.6              42.8     1.8     39.5
MEAN             56.9              53.9     3.0     50.4
DAYS MAX >= 90      7               2.1     4.9       MM
DAYS MAX <= 32      0               1.4    -1.4       MM
DAYS MIN <= 32     16              19.4    -3.4       MM
DAYS MIN <= 0       0               0.0     0.0       MM

PRECIPITATION (INCHES)
RECORD
 MAXIMUM        22.14   1926
 MINIMUM         1.93   1908
TOTALS          10.74              9.54    1.20    14.28
DAILY AVG.       0.12                               0.15
DAYS >= .01        27              27.2    -0.2       MM
DAYS >= .10        18              17.7     0.3       MM
DAYS >= .50         9               7.1     1.9       MM
DAYS >= 1.00        3               2.2     0.8       MM
GREATEST
 24 HR. TOTAL    2.21   MM                          2.48

SNOWFALL (INCHES)
RECORDS
 TOTAL           10.0   1926
 24 HR TOTAL      7.0   11/17/1926 TO 11/17/1926
TOTALS            1.0               0.6     0.4      1.0
DAYS >= TRACE       1               0.5     0.5       MM
DAYS >= 1.0         1               0.2     0.8       MM
GREATEST
 SNOW DEPTH         1   11/23                          1
                        11/22
 24 HR TOTAL      1.0   MM                           0.8

DEGREE_DAYS
HEATING TOTAL     915              1134    -219     1388
 SINCE 7/1         MM              1143      MM       MM
COOLING TOTAL     194               128      66       84
 SINCE 1/1        998              1017     -19      838

FREEZE DATES
RECORD
 EARLIEST     09/11/1917
 LATEST       05/29/1925
EARLIEST                        10/12
LATEST                          04/18
..............................................................

SKY COVER
POSSIBLE SUNSHINE (PERCENT)   MM


WEATHER CONDITIONS. NUMBER OF DAYS WITH
THUNDERSTORM              8     MIXED PRECIP               0
HEAVY RAIN                9     RAIN                      14
LIGHT RAIN               33     FREEZING RAIN              0
LT FREEZING RAIN          0     HAIL                       0
HEAVY SNOW                0     SNOW                       1
LIGHT SNOW                1     SLEET                      0
FOG                      19     FOG W/VIS <= 1/4 MILE      3
HAZE                      1

-  INDICATES NEGATIVE NUMBERS.
R  INDICATES RECORD WAS SET OR TIED.
MM INDICATES DATA IS MISSING.
T  INDICATES TRACE AMOUNT.

&&

SEASONAL RECORDS:

* NONE

$$
