000
CXUS53 KILX 040305
CLSILX

CLIMATE REPORT
NATIONAL WEATHER SERVICE LINCOLN IL
921 AM CDT MON SEP 1 2014

...................................

...THE LINCOLN IL CLIMATE SUMMARY FOR THE SEASON, FROM
6/1/2014 TO 8/31/2014...

CLIMATE NORMAL PERIOD 1981 TO 2010
CLIMATE RECORD PERIOD 1905 TO 2014

WEATHER         OBSERVED          NORMAL  DEPART  LAST YEAR`S
                 VALUE   DATE(S)  VALUE   FROM    VALUE
                                          NORMAL
.............................................................
TEMPERATURE (F)
RECORD
 HIGH             113   07/15/1936
 LOW               35   06/16/1917
                        06/11/1913
HIGHEST            94   08/25        MM      MM       95
LOWEST             47   06/14        MM      MM       47
AVG. MAXIMUM     81.5              84.2    -2.7     82.3
AVG. MINIMUM     61.3              62.6    -1.3     61.0
MEAN             71.4              73.4    -2.0     71.7
DAYS MAX >= 90      5              17.5   -12.5       13
DAYS MAX <= 32      0               0.0     0.0        0
DAYS MIN <= 32      0               0.0     0.0        0
DAYS MIN <= 0       0               0.0     0.0        0

PRECIPITATION (INCHES)
RECORD
 MAXIMUM        23.76   1981
 MINIMUM         3.15   1988
TOTALS          17.33             13.30    4.03     7.98
DAILY AVG.       0.19                               0.09
DAYS >= .01        34              27.1     6.9       22
DAYS >= .10        25              18.2     6.8       12
DAYS >= .50        14               8.3     5.7        6
DAYS >= 1.00        5               3.6     1.4        2
GREATEST
 24 HR. TOTAL    1.80   MM                          1.67

SNOWFALL (INCHES)
RECORDS
 TOTAL              T   2013
                        2011
                        2008
 24 HR TOTAL      0.0   MM
TOTALS            0.0               0.0     0.0        T
DAYS >= TRACE       0               0.0     0.0        1
DAYS >= 1.0         0               0.0     0.0        0
GREATEST
 SNOW DEPTH         0   MM                             0
 24 HR TOTAL      0.0   MM                           0.0

DEGREE_DAYS
HEATING TOTAL      17                26      -9       39
 SINCE 7/1         10                 9       1       22
COOLING TOTAL     625               798    -173      669
 SINCE 1/1        754               889    -135      771

FREEZE DATES
RECORD
 EARLIEST     09/11/1917
 LATEST       05/29/1925
EARLIEST                        10/12
LATEST                          04/18
..............................................................

SKY COVER
POSSIBLE SUNSHINE (PERCENT)    0


WEATHER CONDITIONS. NUMBER OF DAYS WITH
THUNDERSTORM             23     MIXED PRECIP               0
HEAVY RAIN               17     RAIN                      23
LIGHT RAIN               50     FREEZING RAIN              0
LT FREEZING RAIN          0     HAIL                       0
HEAVY SNOW                0     SNOW                       0
LIGHT SNOW                0     SLEET                      0
FOG                      41     FOG W/VIS <= 1/4 MILE      3
HAZE                      2

-  INDICATES NEGATIVE NUMBERS.
R  INDICATES RECORD WAS SET OR TIED.
MM INDICATES DATA IS MISSING.
T  INDICATES TRACE AMOUNT.

&&

EIGHTH WETTEST SUMMER WITH 17.33 INCHES

TIED: EIGHTH COOLEST SUMMER WITH 71.4 DEGREES

$$

JRP
