000
CXUS53 KILX 012323 CCA
CLSILX

CLIMATE REPORT
NATIONAL WEATHER SERVICE LINCOLN IL
522 PM CST TUE MAR 1 2016

...CORRECTED THUNDERSTORM DAYS...

...................................

...THE LINCOLN IL CLIMATE SUMMARY FOR THE SEASON, FROM
12/1/2015 TO 2/29/2016...

CLIMATE NORMAL PERIOD 1981 TO 2010
CLIMATE RECORD PERIOD 1905 TO 2016

WEATHER         OBSERVED          NORMAL  DEPART  LAST YEAR`S
                 VALUE   DATE(S)  VALUE   FROM    VALUE
                                          NORMAL
.............................................................
TEMPERATURE (F)
RECORD
 HIGH              75   02/27/1996
 LOW              -34   01/15/1927
HIGHEST            70   02/20        MM      MM       55
LOWEST             -2   01/18        MM      MM       -8
AVG. MAXIMUM     41.5              36.5     5.0     33.2
AVG. MINIMUM     25.0              20.5     4.5     17.1
MEAN             33.2              28.5     4.7     25.2
DAYS MAX >= 90      0               0.0     0.0        0
DAYS MAX <= 32     20              30.7   -10.7       36
DAYS MIN <= 32     67              74.7    -7.7       82
DAYS MIN <= 0       2               5.7    -3.7       11

PRECIPITATION (INCHES)
RECORD
 MAXIMUM        15.57   1949
 MINIMUM         1.46   1919
TOTALS           9.05              6.39    2.66     4.21
DAILY AVG.       0.10                               0.05
DAYS >= .01        26              25.9     0.1       24
DAYS >= .10        13              14.2    -1.2       12
DAYS >= .50         6               3.7     2.3        3
DAYS >= 1.00        3               1.1     1.9        0
GREATEST
 24 HR. TOTAL    1.96   MM                          0.68

SNOWFALL (INCHES)
RECORDS
 TOTAL           41.1   2014
 24 HR TOTAL     13.0   02/23/1914 TO 02/23/1914
TOTALS           11.3              17.9    -6.6     17.2
DAYS >= TRACE      24              12.5    11.5       32
DAYS >= 1.0         3               5.8    -2.8        8
GREATEST
 SNOW DEPTH         3   02/15                          4
                        01/23
                        01/21
 24 HR TOTAL      3.7   MM                           3.2

DEGREE_DAYS
HEATING TOTAL    2868              3279    -411     3539
 SINCE 7/1         MM              4453      MM       MM
COOLING TOTAL       0                 0       0        0
 SINCE 1/1          0                 0       0        0

FREEZE DATES
RECORD
 EARLIEST     09/11/1917
 LATEST       05/29/1925
EARLIEST                        10/12
LATEST                          04/18
..............................................................

SKY COVER
POSSIBLE SUNSHINE (PERCENT)   MM


WEATHER CONDITIONS. NUMBER OF DAYS WITH
THUNDERSTORM              5     MIXED PRECIP               0
HEAVY RAIN                6     RAIN                      11
LIGHT RAIN               24     FREEZING RAIN              0
LT FREEZING RAIN          1     HAIL                       0
HEAVY SNOW                2     SNOW                       5
LIGHT SNOW               21     SLEET                      2
FOG                      27     FOG W/VIS <= 1/4 MILE      9
HAZE                      0

-  INDICATES NEGATIVE NUMBERS.
R  INDICATES RECORD WAS SET OR TIED.
MM INDICATES DATA IS MISSING.
T  INDICATES TRACE AMOUNT.

$$

&&

SEASONAL RECORDS:

NONE
