000
CXUS53 KIND 010600
CF6IND
PRELIMINARY LOCAL CLIMATOLOGICAL DATA (WS FORM: F-6)
STATION: INDIANAPOLIS IN
MONTH: JUNE
YEAR: 2022
LATITUDE: 39 43 N
LONGITUDE: 86 17 W
TEMPERATURE IN F: :PCPN: SNOW: WIND :SUNSHINE: SKY :PK WND
================================================================================
1 2 3 4 5 6A 6B 7 8 9 10 11 12 13 14 15 16 17 18
12Z AVG MX 2MIN
DY MAX MIN AVG DEP HDD CDD WTR SNW DPTH SPD SPD DIR MIN PSBL S-S WX SPD DR
================================================================================
1 85 69 77 9 0 12 0.11 0.0 0 9.2 20 300 M M 8 3 25 300
2 77 62 70 1 0 5 0.01 0.0 0 7.7 16 280 M M 8 22 300
3 82 54 68 -1 0 3 0.00 0.0 0 6.4 17 280 M M 2 25 290
4 84 58 71 1 0 6 0.00 0.0 0 4.7 10 10 M M 4 17 360
5 82 61 72 2 0 7 0.00 0.0 0 6.5 14 180 M M 6 19 170
6 84 62 73 3 0 8 0.11 0.0 0 10.5 24 190 M M 9 13 32 200
7 79 65 72 2 0 7 T 0.0 0 8.5 17 200 M M 8 1 22 190
8 79 59 69 -2 0 4 0.13 0.0 0 10.2 33 300 M M 6 13 45 300
9 77 56 67 -4 0 2 0.00 0.0 0 8.6 18 280 M M 6 25 280
10 76 56 66 -5 0 1 0.17 0.0 0 4.7 18 210 M M 9 1 23 210
11 77 60 69 -3 0 4 0.13 0.0 0 7.0 16 180 M M 9 13 22 200
12 82 65 74 2 0 9 0.49 0.0 0 5.5 18 260 M M 7 13 23 260
13 91 71 81 9 0 16 T 0.0 0 6.1 16 60 M M 7 13 22 180
14 93 78 86 14 0 21 0.00 0.0 0 10.0 21 230 M M 3 32 220
15 92 75 84 11 0 19 0.00 0.0 0 10.7 21 190 M M 2 26 210
16 93 79 86 13 0 21 0.00 0.0 0 13.4 21 240 M M 5 27 230
17 88 71 80 7 0 15 0.00 0.0 0 10.5 22 340 M M 5 29 350
18 80 63 72 -1 0 7 0.00 0.0 0 10.4 23 30 M M 1 30 40
19 81 58 70 -4 0 5 0.00 0.0 0 6.2 14 130 M M 2 18 130
20 88 60 74 0 0 9 0.00 0.0 0 7.2 15 220 M M 3 19 180
21 95 63 79 5 0 14 0.00 0.0 0 10.4 21 250 M M 1 32 250
22 94 71 83 9 0 18 0.00 0.0 0 8.6 23 330 M M 3 29 330
23 88 64 76 2 0 11 0.00 0.0 0 7.8 16 30 M M 2 23 40
24 89 65 77 3 0 12 0.00 0.0 0 4.6 12 210 M M 4 20 200
25 86 65 76 1 0 11 0.00 0.0 0 5.1 15 150 M M 6 19 140
26 86 67 77 2 0 12 0.03 0.0 0 10.4 23 290 M M 8 31 290
27 80 59 70 -5 0 5 0.00 0.0 0 10.5 20 320 M M 2 28 330
28 83 56 70 -5 0 5 0.00 0.0 0 3.6 12 10 M M 4 16 290
29 87 59 73 -2 0 8 0.00 0.0 0 6.9 13 190 M M 1 18 210
30 92 63 78 3 0 13 0.00 0.0 0 8.7 18 220 M M 1 30 220
================================================================================
SM 2550 1914 0 290 1.18 0.0 240.6 M 142
================================================================================
AV 85.0 63.8 8.0 FASTST M M 5 MAX(MPH)
MISC ----> 33 300 45 300
================================================================================
NOTES:
# LAST OF SEVERAL OCCURRENCES
COLUMN 17 PEAK WIND IN M.P.H.
PRELIMINARY LOCAL CLIMATOLOGICAL DATA (WS FORM: F-6) , PAGE 2
STATION: INDIANAPOLIS IN
MONTH: JUNE
YEAR: 2022
LATITUDE: 39 43 N
LONGITUDE: 86 17 W
[TEMPERATURE DATA] [PRECIPITATION DATA] SYMBOLS USED IN COLUMN 16
AVERAGE MONTHLY: 74.4 TOTAL FOR MONTH: 1.18 1 = FOG OR MIST
DPTR FM NORMAL: 1.9 DPTR FM NORMAL: -3.77 2 = FOG REDUCING VISIBILITY
HIGHEST: 95 ON 21 GRTST 24HR 0.62 ON 11-12 TO 1/4 MILE OR LESS
LOWEST: 54 ON 3 3 = THUNDER
SNOW, ICE PELLETS, HAIL 4 = ICE PELLETS
TOTAL MONTH: 0.0 INCH 5 = HAIL
GRTST 24HR 0.0 6 = FREEZING RAIN OR DRIZZLE
GRTST DEPTH: 0 7 = DUSTSTORM OR SANDSTORM:
VSBY 1/2 MILE OR LESS
8 = SMOKE OR HAZE
[NO. OF DAYS WITH] [WEATHER - DAYS WITH] 9 = BLOWING SNOW
X = TORNADO
MAX 32 OR BELOW: 0 0.01 INCH OR MORE: 8
MAX 90 OR ABOVE: 7 0.10 INCH OR MORE: 6
MIN 32 OR BELOW: 0 0.50 INCH OR MORE: 0
MIN 0 OR BELOW: 0 1.00 INCH OR MORE: 0
[HDD (BASE 65) ]
TOTAL THIS MO. 0 CLEAR (SCALE 0-3) 11
DPTR FM NORMAL -14 PTCLDY (SCALE 4-7) 15
TOTAL FM JUL 1 4892 CLOUDY (SCALE 8-10) 4
DPTR FM NORMAL -355
[CDD (BASE 65) ]
TOTAL THIS MO. 290
DPTR FM NORMAL 53 [PRESSURE DATA]
TOTAL FM JAN 1 426 HIGHEST SLP M ON M
DPTR FM NORMAL 87 LOWEST SLP 29.70 ON 6
[REMARKS]
#FINAL-06-22#