000
CXUS53 KIND 011621
CLMIND
CLIMATE REPORT
NATIONAL WEATHER SERVICE INDIANAPOLIS IN
1121 AM EST FRI MAR 01 2024
...................................
...THE INDIANAPOLIS IN CLIMATE SUMMARY FOR THE MONTH OF FEBRUARY 2024...
CLIMATE NORMAL PERIOD 1991 TO 2020
CLIMATE RECORD PERIOD 1871 TO 2024
WEATHER OBSERVED NORMAL DEPART LAST YEAR`S
VALUE DATE(S) VALUE FROM VALUE DATE(S)
NORMAL
................................................................
TEMPERATURE (F)
RECORD
HIGH 77 02/20/2018
LOW -21 02/10/1982
HIGHEST 73 02/26 71 02/22
LOWEST 13 02/17 10 02/01
02/18
AVG. MAXIMUM 52.2 40.8 11.4 51.1
AVG. MINIMUM 30.2 24.2 6.0 29.2
MEAN 41.2 32.5 8.7 40.2
DAYS MAX >= 90 0 0.0 0.0 0
DAYS MAX <= 32 1 7.2 -6.2 2
DAYS MIN <= 32 21 22.3 -1.3 16
DAYS MIN <= 0 0 0.9 -0.9 0
PRECIPITATION (INCHES)
RECORD
MAXIMUM 7.28 1882
MINIMUM 0.18 1907
TOTALS 1.62 2.43 -0.81 2.55
DAILY AVG. 0.06 NAN NAN 0.09
DAYS >= .01 5 10.3 -5.3 6
DAYS >= .10 4 5.4 -1.4 5
DAYS >= .50 2 1.2 0.8 1
DAYS >= 1.00 0 0.6 -0.6 0
GREATEST
24 HR. TOTAL 0.60 02/28 TO 02/28
SNOWFALL (INCHES)
RECORDS
TOTAL 21.7 2003
SNOW DEPTH 16 02/17/1910
TOTALS 4.0 6.0 -2.0 T
SINCE 7/1 8.2 22.1 -13.9 MM
SNOWDEPTH AVG. 0
DAYS >= 1.0 1 1.7 -0.7 0
GREATEST
SNOW DEPTH 4 02/17 MM 02/25
02/02
02/01
24 HR TOTAL MM MM
DEGREE DAYS
HEATING TOTAL 683 910 -227 688
SINCE 7/1 3396 4105 -709 MM
COOLING TOTAL 0 0 0 0
SINCE 1/1 0 0 0 MM
................................................................
WIND (MPH)
AVERAGE WIND SPEED 10.3
HIGHEST WIND SPEED/DIRECTION 40/250 DATE 02/28
HIGHEST GUST SPEED/DIRECTION 59/250 DATE 02/28
SKY COVER
AVERAGE SKY COVER 0.51
AVERAGE RH (PERCENT) 64
WEATHER CONDITIONS. NUMBER OF DAYS WITH
THUNDERSTORM 2 MIXED PRECIP 0
HEAVY RAIN 2 RAIN 3
LIGHT RAIN 6 FREEZING RAIN 0
LT FREEZING RAIN 0 HAIL 1
HEAVY SNOW 1 SNOW 1
LIGHT SNOW 4 SLEET 0
FOG 10 FOG W/VIS <= 1/4 MILE 2
HAZE 0
- INDICATES NEGATIVE NUMBERS.
R INDICATES RECORD WAS SET OR TIED.
MM INDICATES DATA IS MISSING.
T INDICATES TRACE AMOUNT.
$$