000
CXUS54 KFWD 010731
CF6INJ
PRELIMINARY LOCAL CLIMATOLOGICAL DATA (WS FORM: F-6)
STATION: HILLSBORO
MONTH: AUGUST
YEAR: 2020
LATITUDE: 32 0 N
LONGITUDE: 97 6 W
TEMPERATURE IN F: :PCPN: SNOW: WIND :SUNSHINE: SKY :PK WND
================================================================================
1 2 3 4 5 6A 6B 7 8 9 10 11 12 13 14 15 16 17 18
12Z AVG MX 2MIN
DY MAX MIN AVG DEP HDD CDD WTR SNW DPTH SPD SPD DIR MIN PSBL S-S WX SPD DR
================================================================================
1 92 67 80 -5 0 15 0.00 0.0 0 5.4 10 60 M M 0 M M
2 95 68 82 -3 0 17 0.00 0.0 0 3.7 9 20 M M 0 M M
3 95 70 83 -2 0 18 M 0.0 0 3.1 12 270 M M 2 M M
4 96 71 84 -1 0 19 0.00 0.0 0 7.1 10 80 M M 0 16 80
5 100 76 88 3 0 23 0.00 0.0 0 7.5 12 80 M M 1 M M
6 100 76 88 3 0 23 0.00 0.0 0 10.4 17 150 M M 0 22 160
7 99 76 88 3 0 23 0.00 0.0 0 11.4 17 190 M M 0 24 190
8 99 78 89 4 0 24 0.00 0.0 0 10.4 17 160 M M 1 20 150
9 100 78 89 4 0 24 0.00 0.0 0 11.7 16 150 M M 1 21 160
10 100 77 89 4 0 24 0.00 0.0 0 13.8 17 160 M M 1 28 160
11 100 79 90 5 0 25 0.00 0.0 0 12.0 16 190 M M 2 24 180
12 101 80 91 6 0 26 0.00 0.0 0 11.6 16 160 M M 0 21 160
13 102 80 91 6 0 26 0.00 0.0 0 10.7 14 140 M M 0 22 160
14 101 79 90 6 0 25 0.00 0.0 0 12.0 16 210 M M 0 21 170
15 102 80 91 7 0 26 0.00 0.0 0 9.5 14 180 M M 1 18 170
16 99 72 86 2 0 21 1.12 0.0 0 7.1 28 350 M M 2 3 40 350
17 91 72 82 -2 0 17 M 0.0 0 2.4 14 310 M M 0 22 310
18 97 72 85 1 0 20 0.00 0.0 0 6.9 14 360 M M 0 27 360
19 93 68 81 -3 0 16 0.00 0.0 0 6.5 12 50 M M 0 16 360
20 93 72 83 -1 0 18 0.00 0.0 0 6.4 9 90 M M 0 17 110
21 95 70 83 -1 0 18 0.00 0.0 0 6.2 9 100 M M 0 M M
22 95 73 84 0 0 19 0.00 0.0 0 5.2 10 110 M M 3 M M
23 97 72 85 1 0 20 0.00 0.0 0 4.9 12 140 M M 1 17 140
24 97 75 86 3 0 21 0.00 0.0 0 6.4 10 50 M M 1 17 360
25 97 M M M M M 0.00 0.0 0 6.6 14 50 M M 2 17 30
26 93 M M M M M 0.00 0.0 0 8.4 14 110 M M 4 24 70
27 96 72 84 1 0 19 0.00 0.0 0 5.3 9 120 M M 2 M M
28 101 79 90 7 0 25 0.00 0.0 0 9.6 17 130 M M 2 24 130
29 100 78 89 7 0 24 0.00 0.0 0 10.5 15 150 M M 1 21 160
30 100 80 90 8 0 25 0.00 0.0 0 9.4 16 180 M M 2 18 180
31 101 81 91 9 0 26 0.00 0.0 0 14.6 21 150 M M 3 25 150
================================================================================
SM 3027 2171 0 627 1.12 0.0 256.7 M 32
================================================================================
AV 97.7 74.9 8.3 FASTST M M 1 MAX(MPH)
MISC ----> # 28 350 # 40 350
================================================================================
NOTES:
# LAST OF SEVERAL OCCURRENCES
COLUMN 17 PEAK WIND IN M.P.H.
PRELIMINARY LOCAL CLIMATOLOGICAL DATA (WS FORM: F-6) , PAGE 2
STATION: HILLSBORO
MONTH: AUGUST
YEAR: 2020
LATITUDE: 32 0 N
LONGITUDE: 97 6 W
[TEMPERATURE DATA] [PRECIPITATION DATA] SYMBOLS USED IN COLUMN 16
AVERAGE MONTHLY: 86.3 TOTAL FOR MONTH: 1.12 1 = FOG OR MIST
DPTR FM NORMAL: 2.4 DPTR FM NORMAL: -0.98 2 = FOG REDUCING VISIBILITY
HIGHEST: 102 ON 15,13 GRTST 24HR 1.12 ON 16-16 TO 1/4 MILE OR LESS
LOWEST: 67 ON 1 3 = THUNDER
SNOW, ICE PELLETS, HAIL 4 = ICE PELLETS
TOTAL MONTH: 0.0 INCH 5 = HAIL
GRTST 24HR 0.0 6 = FREEZING RAIN OR DRIZZLE
GRTST DEPTH: 0 7 = DUSTSTORM OR SANDSTORM:
VSBY 1/2 MILE OR LESS
8 = SMOKE OR HAZE
[NO. OF DAYS WITH] [WEATHER - DAYS WITH] 9 = BLOWING SNOW
X = TORNADO
MAX 32 OR BELOW: 0 0.01 INCH OR MORE: 1
MAX 90 OR ABOVE: 31 0.10 INCH OR MORE: 1
MIN 32 OR BELOW: 0 0.50 INCH OR MORE: 1
MIN 0 OR BELOW: 0 1.00 INCH OR MORE: 1
[HDD (BASE 65) ]
TOTAL THIS MO. 0 CLEAR (SCALE 0-3) 29
DPTR FM NORMAL 0 PTCLDY (SCALE 4-7) 2
TOTAL FM JUL 1 0 CLOUDY (SCALE 8-10) 0
DPTR FM NORMAL 0
[CDD (BASE 65) ]
TOTAL THIS MO. 627
DPTR FM NORMAL 40 [PRESSURE DATA]
TOTAL FM JAN 1 2225 HIGHEST SLP M ON M
DPTR FM NORMAL 235 LOWEST SLP M ON M
[REMARKS]
#FINAL-08-20#