000
CXUS53 KDLH 020459
CLSINL
CLIMATE REPORT
NATIONAL WEATHER SERVICE DULUTH MN
1159 PM CDT FRI SEP 01 2023
...................................
...THE INTERNATIONAL FALLS CLIMATE SUMMARY FOR THE SEASON, FROM
6/1/2023 TO 8/31/2023...
CLIMATE NORMAL PERIOD: 1991 TO 2020
CLIMATE RECORD PERIOD: 1895 TO 2023
WEATHER OBSERVED NORMAL DEPART LAST YEAR`S
VALUE DATE(S) VALUE FROM VALUE DATE(S)
NORMAL
................................................................
TEMPERATURE (F)
RECORD
HIGH 103 07/22/1923
LOW 23 06/01/1964
HIGHEST 91 06/20 MM MM 94
LOWEST 37 07/06 MM MM 36
AVG. MAXIMUM 76.3 75.7 0.6 75.7
AVG. MINIMUM 52.5 50.0 2.5 52.2
MEAN 64.4 62.9 1.5 64.0
PRECIPITATION (INCHES)
RECORD
MAXIMUM 18.99 1942
MINIMUM 4.95 1910
TOTALS 7.89 10.57 -2.68 12.24
SNOWFALL (INCHES)
RECORDS
TOTAL 0.3 1969
SNOW DEPTH MM MM
TOTALS 0.0 0.0 0.0 0.0
SINCE 7/1 0.0 0.0 0.0
SNOWDEPTH AVG. 0 0
DAYS >= TRACE 0 0.0 0.0 0
DAYS >= 1.0 0 0.0 0.0 0
GREATEST
SNOW DEPTH 0 0 MM
DEGREE DAYS
HEATING TOTAL 206 350 -144 244
COOLING TOTAL 179 154 25 173
................................................................
WIND (MPH)
AVERAGE WIND SPEED 5.1
HIGHEST WIND SPEED/DIRECTION 28/350
HIGHEST GUST SPEED/DIRECTION 39/350
SKY COVER
POSSIBLE SUNSHINE (PERCENT) MM
- INDICATES NEGATIVE NUMBERS.
R INDICATES RECORD WAS SET OR TIED.
MM INDICATES DATA IS MISSING.
T INDICATES TRACE AMOUNT.
$$
NOTE: A DATA OUTAGE AT THE INTERNATIONAL FALLS, MN ASOS RESULTED IN MISSING DATA FROM 7/9 THROUGH 7/11, SO TEMPERATURE AVERAGES AND PRECIPITATION TOTALS DO NOT INCLUDE THE MISSING DAYS.