000
CXUS55 KDVN 181003
CF6IOW
PRELIMINARY LOCAL CLIMATOLOGICAL DATA (WS FORM: F-6)
STATION: IOWA CITY IA
MONTH: APRIL
YEAR: 2024
LATITUDE: 41 37 N
LONGITUDE: 91 33 W
TEMPERATURE IN F: :PCPN: SNOW: WIND :SUNSHINE: SKY :PK WND
================================================================================
1 2 3 4 5 6A 6B 7 8 9 10 11 12 13 14 15 16 17 18
12Z AVG MX 2MIN
DY MAX MIN AVG DEP HDD CDD WTR SNW DPTH SPD SPD DIR MIN PSBL S-S WX SPD DR
================================================================================
1 48 42 45 -1 20 0 0.25 M M 12.4 21 70 M M 10 13 33 70
2 42 34 38 -9 27 0 2.17 M M 14.8 24 320 M M 10 13 37 330
3 42 34 38 -9 27 0 0.09 M M 15.9 29 320 M M 10 1 45 360
4 48 35 42 -5 23 0 0.00 M M 12.6 22 350 M M 9 32 350
5 54 32 43 -5 22 0 0.00 M M 7.3 17 50 M M 4 22 50
6 57 29 43 -5 22 0 0.00 M M 9.3 24 140 M M 0 33 140
7 65 44 55 7 10 0 0.12 M M 14.7 28 130 M M 8 1 45 130
8 69 43 56 7 9 0 0.00 M M 9.8 20 250 M M 1 27 230
9 65 38 52 3 13 0 0.00 M M 8.3 20 290 M M 0 28 310
10 71 37 54 4 11 0 0.00 M M 2.6 12 250 M M 1 15 20
11 65 46 56 6 9 0 0.05 M M 12.0 25 310 M M 4 3 34 300
12 65 40 53 3 12 0 0.00 M M 17.5 26 300 M M 1 37 300
13 80 35 58 8 7 0 0.00 M M 9.1 23 170 M M 0 32 200
14 86 61 74 23 0 9 0.00 M M 9.2 17 350 M M 0 25 350
15 79 53 66 15 0 1 0.00 M M 10.4 21 50 M M 0 29 50
16 74 58 66 14 0 1 0.76 M M 14.5 31 120 M M 5 13 50 120
17 65 46 56 4 9 0 T M M 15.5 30 270 M M 7 1 44 270
================================================================================
SM 1075 707 221 11 3.44 M 195.9 M 70
================================================================================
AV 63.2 41.6 11.5 FASTST M M 4 MAX(MPH)
MISC ----> 31 120 50 120
================================================================================
NOTES:
# LAST OF SEVERAL OCCURRENCES
COLUMN 17 PEAK WIND IN M.P.H.
PRELIMINARY LOCAL CLIMATOLOGICAL DATA (WS FORM: F-6) , PAGE 2
STATION: IOWA CITY IA
MONTH: APRIL
YEAR: 2024
LATITUDE: 41 37 N
LONGITUDE: 91 33 W
[TEMPERATURE DATA] [PRECIPITATION DATA] SYMBOLS USED IN COLUMN 16
AVERAGE MONTHLY: 52.4 TOTAL FOR MONTH: 3.44 1 = FOG OR MIST
DPTR FM NORMAL: 3.3 DPTR FM NORMAL: 1.56 2 = FOG REDUCING VISIBILITY
HIGHEST: 86 ON 14 GRTST 24HR 2.36 ON 1- 2 TO 1/4 MILE OR LESS
LOWEST: 29 ON 6 3 = THUNDER
SNOW, ICE PELLETS, HAIL 4 = ICE PELLETS
TOTAL MONTH: M 5 = HAIL
GRTST 24HR M ON M 6 = FREEZING RAIN OR DRIZZLE
GRTST DEPTH: M ON M 7 = DUSTSTORM OR SANDSTORM:
VSBY 1/2 MILE OR LESS
8 = SMOKE OR HAZE
[NO. OF DAYS WITH] [WEATHER - DAYS WITH] 9 = BLOWING SNOW
X = TORNADO
MAX 32 OR BELOW: 0 0.01 INCH OR MORE: 6
MAX 90 OR ABOVE: 0 0.10 INCH OR MORE: 4
MIN 32 OR BELOW: 2 0.50 INCH OR MORE: 2
MIN 0 OR BELOW: 0 1.00 INCH OR MORE: 1
[HDD (BASE 65) ]
TOTAL THIS MO. 221 CLEAR (SCALE 0-3) 8
DPTR FM NORMAL -51 PTCLDY (SCALE 4-7) 5
TOTAL FM JUL 1 4885 CLOUDY (SCALE 8-10) 4
DPTR FM NORMAL -924
[CDD (BASE 65) ]
TOTAL THIS MO. 11
DPTR FM NORMAL 11 [PRESSURE DATA]
TOTAL FM JAN 1 11 HIGHEST SLP M ON M
DPTR FM NORMAL 9 LOWEST SLP 29.44 ON 16
[REMARKS]