000
CXUS53 KDVN 011131
CLSIOW
CLIMATE REPORT
NATIONAL WEATHER SERVICE QUAD CITIES IA IL
531 AM CST WED MAR 01 2023
...................................
...THE IOWA CITY IA CLIMATE SUMMARY FOR THE SEASON, FROM
12/1/2022 TO 2/28/2023...
CLIMATE NORMAL PERIOD 1991 TO 2020
CLIMATE RECORD PERIOD 9999 TO 9999
WEATHER OBSERVED NORMAL DEPART
VALUE DATE(S) VALUE FROM
NORMAL
..............................................................
TEMPERATURE (F)
HIGHEST 64 12/29 40 24
LOWEST -9 12/22 14 -23
12/23
AVG. MAXIMUM 36.7 34.2 2.5
AVG. MINIMUM 18.8 17.7 1.1
MEAN 27.7 26.0 1.7
DAYS MAX >= 90 0
DAYS MAX <= 32 31
DAYS MIN <= 32 78
DAYS MIN <= 0 6
PRECIPITATION (INCHES)
TOTALS 6.62 3.70 2.92
DAILY AVG. 0.07 0.04 0.03
DAYS >= .01 25
DAYS >= .10 14
DAYS >= .50 4
DAYS >= 1.00 2
GREATEST
24 HR. TOTAL 1.61 02/27 TO 02/27
DEGREE DAYS
HEATING TOTAL 3333 3514 -181
SINCE 7/1 4563 4745 -182
COOLING TOTAL 0 0 0
SINCE 1/1 0 0 0
..............................................................
WIND (MPH)
AVERAGE WIND SPEED 9.3
HIGHEST WIND SPEED/DIRECTION 36/300 DATE 12/02
36/270 02/15
HIGHEST GUST SPEED/DIRECTION 52/290 DATE 12/23
SKY COVER
AVERAGE SKY COVER 0.52
NUMBER OF DAYS FAIR 37
NUMBER OF DAYS PC 19
NUMBER OF DAYS CLOUDY 34
AVERAGE RH (PERCENT) 75
WEATHER CONDITIONS. NUMBER OF DAYS WITH
THUNDERSTORM 3 HAIL 0
SLEET 0 FOG 45
FOG W/VIS <= 1/4 MILE 5 HAZE 12
- INDICATES NEGATIVE NUMBERS.
R INDICATES RECORD WAS SET OR TIED.
MM INDICATES DATA IS MISSING.
T INDICATES TRACE AMOUNT.
$$
===================================================================
NOTE: SUPPLEMENTAL CLIMATE DATA WAS USED FROM A NEARBY
CLIMATOLOGICALLY REPRESENTATIVE STATION.
===================================================================
PARAMETER DATE
--------- ----
WTR 02/16