000
CXUS53 KEAX 011347
CLMIRK
CLIMATE REPORT
NATIONAL WEATHER SERVICE KANSAS CITY/PLEASANT HILL MO
743 AM CST FRI MAR 01 2024
...................................
...THE KIRKSVILLE MO CLIMATE SUMMARY FOR THE MONTH OF FEBRUARY 2024...
CLIMATE NORMAL PERIOD: 1991 TO 2020
CLIMATE RECORD PERIOD: 9999 TO 9999
WEATHER OBSERVED NORMAL DEPART LAST YEAR`S
VALUE DATE(S) VALUE FROM VALUE DATE(S)
NORMAL
................................................................
TEMPERATURE (F)
HIGHEST 77 02/26 63 14 64 02/06
LOWEST 5 02/17 6 2 02/03
AVG. MAXIMUM 54.8 39.5 15.3 47.1
AVG. MINIMUM 27.0 20.6 6.4 22.9
MEAN 40.9 30.1 10.8 35.0
DAYS MAX >= 90 0 0.0 0.0 0
DAYS MAX <= 32 1 9.3 -8.3 3
DAYS MIN <= 32 22 24.3 -2.3 25
DAYS MIN <= 0 0 2.1 -2.1 0
PRECIPITATION (INCHES)
TOTALS 0.42 1.77 -1.35 3.77
DAILY AVG. 0.01 NAN NAN 0.13
DAYS >= .01 3 7.7 -4.7 8
DAYS >= .10 1 3.7 -2.7 5
DAYS >= .50 0 1.1 -1.1 3
DAYS >= 1.00 0 0.2 -0.2 2
GREATEST
24 HR. TOTAL 0.30 02/16 TO 02/16
DEGREE DAYS
HEATING TOTAL 692 978 -286 832
SINCE 7/1 3811 4501 -690 MM
COOLING TOTAL 0 0 0 0
SINCE 1/1 0 0 0 MM
................................................................
WIND (MPH)
AVERAGE WIND SPEED 9.0
HIGHEST WIND SPEED/DIRECTION 33/220 DATE 02/08
HIGHEST GUST SPEED/DIRECTION 54/210 DATE 02/08
SKY COVER
POSSIBLE SUNSHINE (PERCENT) MM
AVERAGE SKY COVER 0.14
NUMBER OF DAYS FAIR 24
NUMBER OF DAYS PC 4
NUMBER OF DAYS CLOUDY 1
AVERAGE RH (PERCENT) 61
WEATHER CONDITIONS. NUMBER OF DAYS WITH
THUNDERSTORM 0 MIXED PRECIP 0
HEAVY RAIN 0 RAIN 0
LIGHT RAIN 1 FREEZING RAIN 0
LT FREEZING RAIN 0 HAIL 0
HEAVY SNOW 0 SNOW 3
LIGHT SNOW 3 SLEET 0
FOG 8 FOG W/VIS <= 1/4 MILE 3
HAZE 2
- INDICATES NEGATIVE NUMBERS.
R INDICATES RECORD WAS SET OR TIED.
MM INDICATES DATA IS MISSING.
T INDICATES TRACE AMOUNT.
$$