000
CXUS51 KOKX 010910
CF6ISP
PRELIMINARY LOCAL CLIMATOLOGICAL DATA (WS FORM: F-6)
STATION: ISLIP NY
MONTH: MARCH
YEAR: 2022
LATITUDE: 40 47 N
LONGITUDE: 73 6 W
TEMPERATURE IN F: :PCPN: SNOW: WIND :SUNSHINE: SKY :PK WND
================================================================================
1 2 3 4 5 6A 6B 7 8 9 10 11 12 13 14 15 16 17 18
12Z AVG MX 2MIN
DY MAX MIN AVG DEP HDD CDD WTR SNW DPTH SPD SPD DIR MIN PSBL S-S WX SPD DR
================================================================================
1 46 23 35 -1 30 0 0.00 0.0 0 8.2 16 170 M M 7 22 150
2 50 38 44 8 21 0 0.00 0.0 0 7.9 15 310 M M 4 21 310
3 45 25 35 -1 30 0 0.08 0.0 0 15.4 25 320 M M 5 1 36 320
4 33 18 26 -11 39 0 0.00 0.0 0 7.1 18 240 M M 2 25 180
5 44 21 33 -4 32 0 0.00 0.0 0 5.3 15 240 M M 7 19 200
6 56 44 50 13 15 0 0.08 0.0 0 10.2 22 220 M M 10 12 28 230
7 60 48 54 17 11 0 0.02 0.0 0 14.0 29 220 M M 8 1 38 200
8 55 33 44 6 21 0 0.00 0.0 0 14.8 35 290 M M 7 41 300
9 39 33 36 -2 29 0 0.71 1.2 T 8.3 17 30 M M 8 124 23 30
10 49 27 38 0 27 0 0.00 0.0 0 4.0 12 340 M M 6 12 14 10
11 51 27 39 1 26 0 0.00 0.0 0 5.6 14 150 M M 4 128 17 150
12 48 23 36 -3 29 0 0.60 0.4 0 16.5 37 340 M M 10 12 49 330
13 35 22 29 -10 36 0 T T 0 16.1 33 300 M M 6 1 46 280
14 55 31 43 4 22 0 0.00 0.0 0 11.5 22 220 M M 7 30 220
15 58 40 49 10 16 0 0.00 0.0 0 7.1 15 230 M M 5 20 230
16 61 36 49 9 16 0 0.00 0.0 0 6.9 17 140 M M 3 1 21 160
17 56 43 50 10 15 0 0.21 0.0 0 6.4 12 30 M M 10 12 15 110
18 68 46 57 17 8 0 0.00 0.0 0 6.9 13 320 M M 7 128 16 330
19 60 46 53 13 12 0 0.09 0.0 0 10.3 20 210 M M 8 123 27 210
20 61 44 53 12 12 0 0.02 0.0 0 11.8 22 310 M M 7 1 30 300
21 62 41 52 11 13 0 0.00 0.0 0 12.8 25 280 M M 2 35 260
22 58 39 49 8 16 0 0.00 0.0 0 11.5 23 320 M M 6 32 300
23 46 35 41 -1 24 0 0.03 0.0 0 10.9 22 100 M M 7 1 28 100
24 48 40 44 2 21 0 1.63 0.0 0 13.1 24 80 M M 10 13 32 100
25 58 43 51 9 14 0 0.03 0.0 0 8.7 22 260 M M 8 1 28 250
26 54 40 47 4 18 0 0.29 0.0 0 7.9 22 240 M M 8 13 29 250
27 49 30 40 -3 25 0 T 0.0 0 14.3 25 270 M M 7 32 300
28 33 23 28 -15 37 0 0.00 0.0 0 18.5 29 310 M M 5 37 310
29 39 22 31 -13 34 0 0.00 0.0 0 13.9 25 300 M M 4 35 320
30 45 25 35 -9 30 0 0.00 0.0 0 8.1 15 210 M M 6 20 220
31 57 43 50 6 15 0 0.20 0.0 0 17.5 33 200 M M 10 128 46 210
================================================================================
SM 1579 1049 694 0 3.99 1.6 331.5 M 204
================================================================================
AV 50.9 33.8 10.7 FASTST M M 7 MAX(MPH)
MISC ----> 37 340 49 330
================================================================================
NOTES:
# LAST OF SEVERAL OCCURRENCES
COLUMN 17 PEAK WIND IN M.P.H.
PRELIMINARY LOCAL CLIMATOLOGICAL DATA (WS FORM: F-6) , PAGE 2
STATION: ISLIP NY
MONTH: MARCH
YEAR: 2022
LATITUDE: 40 47 N
LONGITUDE: 73 6 W
[TEMPERATURE DATA] [PRECIPITATION DATA] SYMBOLS USED IN COLUMN 16
AVERAGE MONTHLY: 42.4 TOTAL FOR MONTH: 3.99 1 = FOG OR MIST
DPTR FM NORMAL: 2.5 DPTR FM NORMAL: -0.52 2 = FOG REDUCING VISIBILITY
HIGHEST: 68 ON 18 GRTST 24HR 1.63 ON 24-24 TO 1/4 MILE OR LESS
LOWEST: 18 ON 4 3 = THUNDER
SNOW, ICE PELLETS, HAIL 4 = ICE PELLETS
TOTAL MONTH: 1.6 INCHES 5 = HAIL
GRTST 24HR 1.2 ON 9- 9 6 = FREEZING RAIN OR DRIZZLE
GRTST DEPTH: T 7 = DUSTSTORM OR SANDSTORM:
VSBY 1/2 MILE OR LESS
8 = SMOKE OR HAZE
[NO. OF DAYS WITH] [WEATHER - DAYS WITH] 9 = BLOWING SNOW
X = TORNADO
MAX 32 OR BELOW: 0 0.01 INCH OR MORE: 13
MAX 90 OR ABOVE: 0 0.10 INCH OR MORE: 6
MIN 32 OR BELOW: 13 0.50 INCH OR MORE: 3
MIN 0 OR BELOW: 0 1.00 INCH OR MORE: 1
[HDD (BASE 65) ]
TOTAL THIS MO. 694 CLEAR (SCALE 0-3) 3
DPTR FM NORMAL -86 PTCLDY (SCALE 4-7) 22
TOTAL FM JUL 1 4104 CLOUDY (SCALE 8-10) 6
DPTR FM NORMAL -395
[CDD (BASE 65) ]
TOTAL THIS MO. 0
DPTR FM NORMAL 0 [PRESSURE DATA]
TOTAL FM JAN 1 0 HIGHEST SLP M ON M
DPTR FM NORMAL 0 LOWEST SLP 29.13 ON 12
[REMARKS]
#FINAL-03-22#