000
CXUS52 TJSJ 132019
CF6IST
PRELIMINARY LOCAL CLIMATOLOGICAL DATA (WS FORM: F-6)
STATION: CYRIL E. KING AP/ST THOMAS
MONTH: NOVEMBER
YEAR: 2023
LATITUDE: 18 19 N
LONGITUDE: 64 58 W
TEMPERATURE IN F: :PCPN: SNOW: WIND :SUNSHINE: SKY :PK WND
================================================================================
1 2 3 4 5 6A 6B 7 8 9 10 11 12 13 14 15 16 17 18
12Z AVG MX 2MIN
DY MAX MIN AVG DEP HDD CDD WTR SNW DPTH SPD SPD DIR MIN PSBL S-S WX SPD DR
================================================================================
1 87 80 84 2 0 19 0.00 M M 10.2 17 120 M M 1 22 130
2 90 79 85 3 0 20 0.00 M M 10.5 14 60 M M 1 M M
3 89 80 85 3 0 20 M M M 12.0 21 90 M M 2 1 26 90
4 88 79 84 2 0 19 0.01 M M 11.0 17 80 M M 1 23 80
5 89 79 84 2 0 19 0.00 M M 6.6 15 90 M M 1 19 90
6 86 78 82 0 0 17 0.08 M M 5.3 8 120 M M 2 1 M M
7 88 78 83 1 0 18 0.18 M M 6.3 18 110 M M 3 13 25 120
8 85 77 81 -1 0 16 M M M 7.1 14 80 M M 4 13 18 30
9 85 80 83 1 0 18 T M M 9.1 17 90 M M 2 3 22 90
10 83 77 80 -2 0 15 0.10 M M 9.1 25 90 M M 2 13 30 80
11 88 79 84 2 0 19 0.01 M M 12.9 23 120 M M 2 28 120
12 88 80 84 2 0 19 0.01 M M 12.9 21 90 M M 1 25 90
13 87 79 83 1 0 18 0.05 M M 9.5 20 80 M M 1 1 25 80
14 87 75 81 -1 0 16 0.11 M M 10.1 24 120 M M 3 1 31 130
15 87 77 82 0 0 17 T M M 8.7 17 130 M M 1 22 110
16 87 78 83 1 0 18 0.12 M M 12.3 20 120 M M 1 25 120
17 88 80 84 2 0 19 0.03 M M 14.7 22 120 M M 3 1 28 110
18 86 83 85 4 0 20 T M M 17.2 23 140 M M 2 28 140
19 86 83 85 4 0 20 T M M 14.7 20 170 M M 2 24 160
20 84 80 82 1 0 17 T M M 9.2 21 150 M M 4 25 150
21 86 78 82 1 0 17 0.01 M M 10.3 24 330 M M 7 1 37 330
22 86 78 82 1 0 17 0.02 M M 12.3 21 50 M M 5 1 29 50
23 87 76 82 1 0 17 0.07 M M 10.4 20 70 M M 3 1 23 100
24 86 78 82 1 0 17 0.05 M M 7.4 12 100 M M 2 M M
25 85 74 80 -1 0 15 M M M 5.4 17 130 M M 7 1 25 130
26 84 76 80 -1 0 15 0.03 M M 8.2 17 70 M M 4 23 50
27 87 76 82 1 0 17 T M M 7.7 16 90 M M 3 21 90
28 86 77 82 1 0 17 T M M 7.5 15 80 M M 2 19 120
29 86 76 81 0 0 16 0.01 M M 7.2 15 130 M M 1 18 130
30 87 76 82 1 0 17 T M M 10.4 21 90 M M 2 27 90
================================================================================
SM 2598 2346 0 529 0.89 M 296.2 M 75
================================================================================
AV 86.6 78.2 9.9 FASTST M M 3 MAX(MPH)
MISC ----> 25 90 37 330
================================================================================
NOTES:
# LAST OF SEVERAL OCCURRENCES
COLUMN 17 PEAK WIND IN M.P.H.
PRELIMINARY LOCAL CLIMATOLOGICAL DATA (WS FORM: F-6) , PAGE 2
STATION: CYRIL E. KING AP/ST THOMAS
MONTH: NOVEMBER
YEAR: 2023
LATITUDE: 18 19 N
LONGITUDE: 64 58 W
[TEMPERATURE DATA] [PRECIPITATION DATA] SYMBOLS USED IN COLUMN 16
AVERAGE MONTHLY: 82.4 TOTAL FOR MONTH: 0.89 1 = FOG OR MIST
DPTR FM NORMAL: 0.8 DPTR FM NORMAL: -5.17 2 = FOG REDUCING VISIBILITY
HIGHEST: 90 ON 2 GRTST 24HR 0.21 ON 13-14 TO 1/4 MILE OR LESS
LOWEST: 74 ON 25 3 = THUNDER
SNOW, ICE PELLETS, HAIL 4 = ICE PELLETS
TOTAL MONTH: M 5 = HAIL
GRTST 24HR M ON M 6 = FREEZING RAIN OR DRIZZLE
GRTST DEPTH: M ON M 7 = DUSTSTORM OR SANDSTORM:
VSBY 1/2 MILE OR LESS
8 = SMOKE OR HAZE
[NO. OF DAYS WITH] [WEATHER - DAYS WITH] 9 = BLOWING SNOW
X = TORNADO
MAX 32 OR BELOW: 0 0.01 INCH OR MORE: 16
MAX 90 OR ABOVE: 1 0.10 INCH OR MORE: 4
MIN 32 OR BELOW: 0 0.50 INCH OR MORE: 0
MIN 0 OR BELOW: 0 1.00 INCH OR MORE: 0
[HDD (BASE 65) ]
TOTAL THIS MO. 0 CLEAR (SCALE 0-3) 22
DPTR FM NORMAL 0 PTCLDY (SCALE 4-7) 8
TOTAL FM JUL 1 0 CLOUDY (SCALE 8-10) 0
DPTR FM NORMAL 0
[CDD (BASE 65) ]
TOTAL THIS MO. 529
DPTR FM NORMAL 31 [PRESSURE DATA]
TOTAL FM JAN 1 5917 HIGHEST SLP 30.06 ON 28
DPTR FM NORMAL 219 LOWEST SLP 29.80 ON 21
[REMARKS]
#FINAL-11-23#
CORRECTED DUE TO RAIN GAUGE MALFUNCTIONING DURING THIS PERIOD.