000
CXUS52 TJSJ 010511
CF6IST
PRELIMINARY LOCAL CLIMATOLOGICAL DATA (WS FORM: F-6)
STATION: CYRIL E. KING AP/ST THOMAS
MONTH: JULY
YEAR: 2023
LATITUDE: 18 19 N
LONGITUDE: 64 58 W
TEMPERATURE IN F: :PCPN: SNOW: WIND :SUNSHINE: SKY :PK WND
================================================================================
1 2 3 4 5 6A 6B 7 8 9 10 11 12 13 14 15 16 17 18
12Z AVG MX 2MIN
DY MAX MIN AVG DEP HDD CDD WTR SNW DPTH SPD SPD DIR MIN PSBL S-S WX SPD DR
================================================================================
1 88 80 84 0 0 19 0.00 M M 10.7 17 130 M M 1 22 140
2 90 82 86 2 0 21 0.00 M M 11.1 20 110 M M 2 24 130
3 93 82 88 4 0 23 0.03 M M 11.9 22 100 M M 3 1 28 90
4 89 84 87 3 0 22 T M M 15.0 25 110 M M 3 35 110
5 92 82 87 3 0 22 0.00 M M 11.2 14 70 M M 2 22 50
6 92 82 87 3 0 22 0.00 M M 10.7 20 60 M M 2 29 50
7 92 81 87 3 0 22 T M M 11.1 16 60 M M 2 28 80
8 90 78 84 0 0 19 0.26 M M 12.4 25 90 M M 4 13 34 100
9 90 80 85 1 0 20 0.04 M M 11.7 22 120 M M 3 13 29 120
10 93 82 88 4 0 23 0.00 M M 13.2 18 80 M M 2 32 100
11 94 82 88 4 0 23 T M M 13.9 20 90 M M 4 32 80
12 89 81 85 1 0 20 0.03 M M 13.5 25 120 M M 2 138 32 80
13 91 82 87 3 0 22 0.00 M M 12.1 21 130 M M 1 26 130
14 92 81 87 3 0 22 0.00 M M 11.7 20 80 M M 2 28 20
15 93 81 87 3 0 22 T M M 10.4 18 60 M M 2 26 70
16 91 80 86 2 0 21 0.01 M M 10.9 20 70 M M 3 25 70
17 91 82 87 3 0 22 T M M 14.2 22 120 M M 3 35 130
18 93 83 88 4 0 23 0.00 M M 13.9 23 80 M M 4 28 90
19 91 83 87 3 0 22 0.00 M M 14.5 24 120 M M 6 29 110
20 91 82 87 3 0 22 0.00 M M 8.2 17 80 M M 5 23 20
21 89 80 85 1 0 20 T M M 7.5 16 30 M M 2 25 30
22 89 81 85 1 0 20 0.00 M M 8.7 14 150 M M 1 19 110
23 91 81 86 2 0 21 0.00 M M 10.7 18 130 M M 1 22 130
24 93 81 87 3 0 22 0.01 M M 11.2 22 80 M M 2 27 90
25 93 78 86 2 0 21 0.12 M M 14.2 25 110 M M 3 38 120
26 90 81 86 2 0 21 0.00 M M 12.0 16 120 M M 2 23 110
27 88 81 85 1 0 20 0.10 M M 9.4 21 80 M M 2 1 25 90
28 92 78 85 1 0 20 0.14 M M 11.6 30 90 M M 3 1 35 100
29 90 81 86 2 0 21 0.00 M M 13.8 21 130 M M 1 30 120
30 90 81 86 1 0 21 0.07 M M 9.4 15 90 M M 3 22 60
31 88 81 85 0 0 20 T 0.0 0 10.3 18 130 M M 1 23 140
================================================================================
SM 2818 2514 0 659 0.81 0.0 361.1 M 77
================================================================================
AV 90.9 81.1 11.6 FASTST M M 2 MAX(MPH)
MISC ----> 30 90 38 120
================================================================================
NOTES:
# LAST OF SEVERAL OCCURRENCES
COLUMN 17 PEAK WIND IN M.P.H.
PRELIMINARY LOCAL CLIMATOLOGICAL DATA (WS FORM: F-6) , PAGE 2
STATION: CYRIL E. KING AP/ST THOMAS
MONTH: JULY
YEAR: 2023
LATITUDE: 18 19 N
LONGITUDE: 64 58 W
[TEMPERATURE DATA] [PRECIPITATION DATA] SYMBOLS USED IN COLUMN 16
AVERAGE MONTHLY: 86.0 TOTAL FOR MONTH: 0.81 1 = FOG OR MIST
DPTR FM NORMAL: 1.5 DPTR FM NORMAL: -2.10 2 = FOG REDUCING VISIBILITY
HIGHEST: 94 ON 11 GRTST 24HR 0.30 ON 8- 9 TO 1/4 MILE OR LESS
LOWEST: 78 ON 28,25 3 = THUNDER
SNOW, ICE PELLETS, HAIL 4 = ICE PELLETS
TOTAL MONTH: 0.0 INCH 5 = HAIL
GRTST 24HR 0.0 6 = FREEZING RAIN OR DRIZZLE
GRTST DEPTH: 0 7 = DUSTSTORM OR SANDSTORM:
VSBY 1/2 MILE OR LESS
8 = SMOKE OR HAZE
[NO. OF DAYS WITH] [WEATHER - DAYS WITH] 9 = BLOWING SNOW
X = TORNADO
MAX 32 OR BELOW: 0 0.01 INCH OR MORE: 10
MAX 90 OR ABOVE: 24 0.10 INCH OR MORE: 4
MIN 32 OR BELOW: 0 0.50 INCH OR MORE: 0
MIN 0 OR BELOW: 0 1.00 INCH OR MORE: 0
[HDD (BASE 65) ]
TOTAL THIS MO. 0 CLEAR (SCALE 0-3) 24
DPTR FM NORMAL 0 PTCLDY (SCALE 4-7) 7
TOTAL FM JUL 1 0 CLOUDY (SCALE 8-10) 0
DPTR FM NORMAL 0
[CDD (BASE 65) ]
TOTAL THIS MO. 659
DPTR FM NORMAL 55 [PRESSURE DATA]
TOTAL FM JAN 1 3512 HIGHEST SLP M ON M
DPTR FM NORMAL 72 LOWEST SLP 29.93 ON 12
[REMARKS]
#FINAL-07-23#