000
CXUS53 KGLD 010800
CF6ITR
PRELIMINARY LOCAL CLIMATOLOGICAL DATA (WS FORM: F-6)
STATION: BURLINGTON CO
MONTH: AUGUST
YEAR: 2020
LATITUDE: 39 15 N
LONGITUDE: 102 17 W
TEMPERATURE IN F: :PCPN: SNOW: WIND :SUNSHINE: SKY :PK WND
================================================================================
1 2 3 4 5 6A 6B 7 8 9 10 11 12 13 14 15 16 17 18
12Z AVG MX 2MIN
DY MAX MIN AVG DEP HDD CDD WTR SNW DPTH SPD SPD DIR MIN PSBL S-S WX SPD DR
================================================================================
1 93 53 73 -1 0 8 0.00 M M 8.9 22 50 M M 0 29 30
2 79 58 69 -5 0 4 0.48 M M 9.6 18 140 M M 5 13 22 110
3 83 59 71 -3 0 6 0.00 M M 15.4 23 130 M M 4 33 120
4 85 59 72 -2 0 7 0.02 M M 16.6 33 190 M M 2 45 220
5 92 58 75 1 0 10 0.01 M M 10.4 23 160 M M 1 3 31 360
6 90 62 76 2 0 11 0.04 M M 14.8 44 240 M M 1 3 55 240
7 98 60 79 5 0 14 0.03 M M 12.2 36 320 M M 0 3 47 320
8 100 62 81 7 0 16 0.00 M M 10.7 25 140 M M 0 34 170
9 101 63 82 8 0 17 T M M 11.4 44 230 M M 0 3 68 240
10 91 65 78 5 0 13 T M M 10.8 28 180 M M 0 3 43 170
11 97 61 79 6 0 14 0.23 M M 14.0 33 30 M M 0 3 42 30
12 92 62 77 4 0 12 0.00 M M 13.4 25 130 M M 1 36 140
13 96 67 82 9 0 17 0.02 M M 9.3 30 360 M M 2 13 40 350
14 91 64 78 5 0 13 0.00 M M 14.0 24 20 M M 1 12 32 20
15 87 65 76 4 0 11 0.00 M M 10.9 21 140 M M 5 18 26 110
16 95 58 77 5 0 12 0.08 M M 10.5 38 60 M M 1 3 47 50
17 92 53 73 1 0 8 0.00 M M 8.6 20 150 M M 0 26 140
18 98 63 81 9 0 16 0.01 M M 12.3 20 190 M M 1 8 26 180
19 94 61 78 6 0 13 0.23 M M 10.8 39 300 M M 1 13 48 300
20 91 60 76 4 0 11 0.00 M M 9.8 21 220 M M 0 28 210
21 94 60 77 6 0 12 0.00 M M 6.6 14 180 M M 0 17 110
22 99 61 80 9 0 15 0.00 M M 8.3 22 130 M M 0 29 130
23 97 57 77 6 0 12 0.00 M M 9.9 22 160 M M 0 28 110
24 100 66 83 12 0 18 0.00 M M 15.3 26 160 M M 0 36 160
25 99 64 82 12 0 17 0.00 M M 16.8 25 180 M M 0 32 160
26 100 63 82 12 0 17 0.00 M M 10.9 25 270 M M 0 32 270
27 99 59 79 9 0 14 0.00 M M 9.8 23 150 M M 0 33 140
28 90 58 74 4 0 9 T M M 15.7 30 20 M M 1 39 20
29 83 61 72 3 0 7 0.00 M M 9.2 22 160 M M 3 27 170
30 97 61 79 10 0 14 0.00 M M 12.6 30 20 M M 1 1 40 10
31 80 49 65 -4 0 0 0.00 M M 12.3 31 10 M M 0 45 10
================================================================================
SM 2883 1872 0 368 1.15 M 361.8 M 30
================================================================================
AV 93.0 60.4 11.7 FASTST M M 1 MAX(MPH)
MISC ----> # 44 240 68 240
================================================================================
NOTES:
# LAST OF SEVERAL OCCURRENCES
COLUMN 17 PEAK WIND IN M.P.H.
PRELIMINARY LOCAL CLIMATOLOGICAL DATA (WS FORM: F-6) , PAGE 2
STATION: BURLINGTON CO
MONTH: AUGUST
YEAR: 2020
LATITUDE: 39 15 N
LONGITUDE: 102 17 W
[TEMPERATURE DATA] [PRECIPITATION DATA] SYMBOLS USED IN COLUMN 16
AVERAGE MONTHLY: 76.7 TOTAL FOR MONTH: 1.15 1 = FOG OR MIST
DPTR FM NORMAL: 4.6 DPTR FM NORMAL: -1.26 2 = FOG REDUCING VISIBILITY
HIGHEST: 101 ON 9 GRTST 24HR 0.48 ON 2- 2 TO 1/4 MILE OR LESS
LOWEST: 49 ON 31 3 = THUNDER
SNOW, ICE PELLETS, HAIL 4 = ICE PELLETS
TOTAL MONTH: M 5 = HAIL
GRTST 24HR M ON M 6 = FREEZING RAIN OR DRIZZLE
GRTST DEPTH: M ON M 7 = DUSTSTORM OR SANDSTORM:
VSBY 1/2 MILE OR LESS
8 = SMOKE OR HAZE
[NO. OF DAYS WITH] [WEATHER - DAYS WITH] 9 = BLOWING SNOW
X = TORNADO
MAX 32 OR BELOW: 0 0.01 INCH OR MORE: 10
MAX 90 OR ABOVE: 25 0.10 INCH OR MORE: 3
MIN 32 OR BELOW: 0 0.50 INCH OR MORE: 0
MIN 0 OR BELOW: 0 1.00 INCH OR MORE: 0
[HDD (BASE 65) ]
TOTAL THIS MO. 0 CLEAR (SCALE 0-3) 28
DPTR FM NORMAL -11 PTCLDY (SCALE 4-7) 3
TOTAL FM JUL 1 0 CLOUDY (SCALE 8-10) 0
DPTR FM NORMAL -11
[CDD (BASE 65) ]
TOTAL THIS MO. 368
DPTR FM NORMAL 139 [PRESSURE DATA]
TOTAL FM JAN 1 1089 HIGHEST SLP M ON M
DPTR FM NORMAL 383 LOWEST SLP 29.53 ON 30
[REMARKS]
#FINAL-08-20#