000
CXUS52 KJAX 011827
CF6JAX
PRELIMINARY LOCAL CLIMATOLOGICAL DATA (WS FORM: F-6)
STATION: JACKSONVILLE
MONTH: JUNE
YEAR: 2020
LATITUDE: 30 30 N
LONGITUDE: 81 42 W
TEMPERATURE IN F: :PCPN: SNOW: WIND :SUNSHINE: SKY :PK WND
================================================================================
1 2 3 4 5 6A 6B 7 8 9 10 11 12 13 14 15 16 17 18
12Z AVG MX 2MIN
DY MAX MIN AVG DEP HDD CDD WTR SNW DPTH SPD SPD DIR MIN PSBL S-S WX SPD DR
================================================================================
1 86 74 80 2 0 15 0.00 0.0 0 14.2 26 50 M M 7 1 33 50
2 84 65 75 -3 0 10 0.00 0.0 0 7.9 16 130 M M 7 22 80
3 85 62 74 -4 0 9 0.00 0.0 0 3.5 12 90 M M 9 14 100
4 84 72 78 0 0 13 0.65 0.0 0 5.7 18 220 M M 9 1 22 200
5 87 72 80 1 0 15 0.00 0.0 0 6.5 17 180 M M 9 22 180
6 84 74 79 0 0 14 0.84 0.0 0 4.1 12 160 M M 10 1 16 180
7 78 74 76 -3 0 11 3.58 0.0 0 6.9 20 30 M M 10 13 22 30
8 91 75 83 4 0 18 0.45 0.0 0 4.4 23 240 M M 8 13 32 230
9 89 73 81 2 0 16 0.00 0.0 0 4.1 21 260 M M 7 123 26 260
10 88 73 81 2 0 16 0.51 0.0 0 3.2 26 220 M M 8 13 33 220
11 90 72 81 1 0 16 1.09 0.0 0 4.9 18 30 M M 7 13 20 30
12 89 69 79 -1 0 14 1.93 0.0 0 6.1 18 310 M M 8 13 25 320
13 85 68 77 -3 0 12 T 0.0 0 8.2 16 60 M M 8 3 20 40
14 85 69 77 -3 0 12 0.00 0.0 0 8.5 20 60 M M 5 26 40
15 85 67 76 -4 0 11 0.00 0.0 0 8.6 17 40 M M 3 22 20
16 81 62 72 -8 0 7 0.00 0.0 0 8.0 13 340 M M 3 17 10
17 83 62 73 -7 0 8 T 0.0 0 3.8 15 120 M M 6 19 130
18 90 68 79 -1 0 14 0.00 0.0 0 4.8 15 120 M M 5 20 100
19 89 69 79 -1 0 14 0.16 0.0 0 3.8 20 90 M M 5 3 26 130
20 92 70 81 0 0 16 T 0.0 0 3.6 28 10 M M 5 123 36 20
21 94 70 82 1 0 17 0.00 0.0 0 3.9 12 250 M M 5 15 260
22 93 67 80 -1 0 15 0.00 0.0 0 5.8 15 240 M M 4 21 260
23 94 73 84 3 0 19 0.03 0.0 0 8.8 35 270 M M 7 3 44 260
24 93 71 82 1 0 17 T 0.0 0 7.6 30 300 M M 8 13 38 300
25 93 70 82 1 0 17 T 0.0 0 4.4 18 280 M M 9 3 22 290
26 94 71 83 2 0 18 0.00 0.0 0 2.9 10 130 M M 9 8 14 20
27 94 72 83 2 0 18 0.26 0.0 0 3.8 40 210 M M 10 138 51 220
28 95 72 84 3 0 19 0.00 0.0 0 6.3 18 270 M M 7 20 240
29 95 73 84 2 0 19 0.00 0.0 0 7.6 16 260 M M 4 8 25 310
30 96 73 85 3 0 20 0.36 0.0 0 6.7 33 230 M M 6 13 48 240
================================================================================
SM 2666 2102 0 440 9.86 0.0 178.6 M 208
================================================================================
AV 88.9 70.1 6.0 FASTST M M 7 MAX(MPH)
MISC ----> 40 210 51 220
================================================================================
NOTES:
# LAST OF SEVERAL OCCURRENCES
COLUMN 17 PEAK WIND IN M.P.H.
PRELIMINARY LOCAL CLIMATOLOGICAL DATA (WS FORM: F-6) , PAGE 2
STATION: JACKSONVILLE
MONTH: JUNE
YEAR: 2020
LATITUDE: 30 30 N
LONGITUDE: 81 42 W
[TEMPERATURE DATA] [PRECIPITATION DATA] SYMBOLS USED IN COLUMN 16
AVERAGE MONTHLY: 79.5 TOTAL FOR MONTH: 9.86 1 = FOG OR MIST
DPTR FM NORMAL: -0.4 DPTR FM NORMAL: 3.41 2 = FOG REDUCING VISIBILITY
HIGHEST: 96 ON 30 GRTST 24HR 4.40 ON 6- 7 TO 1/4 MILE OR LESS
LOWEST: 62 ON 17,16 3 = THUNDER
SNOW, ICE PELLETS, HAIL 4 = ICE PELLETS
TOTAL MONTH: 0.0 INCH 5 = HAIL
GRTST 24HR 0.0 6 = FREEZING RAIN OR DRIZZLE
GRTST DEPTH: 0 7 = DUSTSTORM OR SANDSTORM:
VSBY 1/2 MILE OR LESS
8 = SMOKE OR HAZE
[NO. OF DAYS WITH] [WEATHER - DAYS WITH] 9 = BLOWING SNOW
X = TORNADO
MAX 32 OR BELOW: 0 0.01 INCH OR MORE: 11
MAX 90 OR ABOVE: 14 0.10 INCH OR MORE: 10
MIN 32 OR BELOW: 0 0.50 INCH OR MORE: 6
MIN 0 OR BELOW: 0 1.00 INCH OR MORE: 3
[HDD (BASE 65) ]
TOTAL THIS MO. 0 CLEAR (SCALE 0-3) 1
DPTR FM NORMAL 0 PTCLDY (SCALE 4-7) 19
TOTAL FM JUL 1 822 CLOUDY (SCALE 8-10) 10
DPTR FM NORMAL -527
[CDD (BASE 65) ]
TOTAL THIS MO. 440
DPTR FM NORMAL -9 [PRESSURE DATA]
TOTAL FM JAN 1 1281 HIGHEST SLP 30.21 ON 26
DPTR FM NORMAL 348 LOWEST SLP 29.90 ON 30
[REMARKS]
#FINAL-06-20#