000
CXUS54 KMEG 041341
CF6JBR
PRELIMINARY LOCAL CLIMATOLOGICAL DATA (WS FORM: F-6)
STATION: JONESBORO
MONTH: AUGUST
YEAR: 2022
LATITUDE: 35 49 N
LONGITUDE: 90 39 W
TEMPERATURE IN F: :PCPN: SNOW: WIND :SUNSHINE: SKY :PK WND
================================================================================
1 2 3 4 5 6A 6B 7 8 9 10 11 12 13 14 15 16 17 18
12Z AVG MX 2MIN
DY MAX MIN AVG DEP HDD CDD WTR SNW DPTH SPD SPD DIR MIN PSBL S-S WX SPD DR
================================================================================
1 90 73 82 0 0 17 0.00 M M 10.2 21 210 M M 3 1 33 220
2 91 74 83 2 0 18 0.00 M M 8.0 13 190 M M 2 17 18
3 89 76 83 2 0 18 0.00 M M 8.0 15 170 M M 3 19 150
4 83 71 77 -4 0 12 1.45 M M 4.4 18 40 M M 4 13 26 50
5 88 76 82 1 0 17 0.00 M M 5.4 17 170 M M 4 3 23 190
6 91 75 83 2 0 18 0.00 M M 7.5 17 220 M M 0 22 240
7 92 74 83 2 0 18 0.00 M M 7.0 16 210 M M 0 23 180
8 91 74 83 2 0 18 0.93 M M 5.8 36 360 M M 3 13 52 320
9 91 73 82 1 0 17 0.22 M M 4.0 22 160 M M 5 13 30 160
10 87 74 81 0 0 16 0.02 M M 4.8 14 70 M M 6 1 16 70
11 87 70 79 -2 0 14 0.00 M M 6.8 13 40 M M 2 23 70
12 87 69 78 -3 0 13 0.00 M M 8.5 16 50 M M 1 20 40
13 86 65 76 -5 0 11 0.00 M M 3.7 9 50 M M 0 11 70
14 90 69 80 0 0 15 T M M 6.8 17 220 M M 0 20 220
15 88 72 80 0 0 15 0.00 M M 7.8 14 50 M M 1 17 50
16 78 70 74 -6 0 9 0.08 M M 8.1 17 50 M M 5 25 210
17 77 67 72 -8 0 7 0.44 M M 4.4 15 60 M M 8 1 18 70
18 86 67 77 -3 0 12 0.00 M M 5.4 12 90 M M 0 17 30
19 88 66 77 -3 0 12 0.00 M M 2.1 10 120 M M 1 1 12 120
20 89 66 78 -2 0 13 0.00 M M 3.9 12 210 M M 1 15 210
21 85 69 77 -3 0 12 0.35 M M 5.7 20 330 M M 4 13 30 320
22 87 70 79 0 0 14 0.00 M M 5.7 14 50 M M 2 17 60
23 87 68 78 -1 0 13 0.00 M M 7.5 15 50 M M 2 1 19 50
24 88 68 78 -1 0 13 0.00 M M 7.5 15 60 M M 2 19 50
25 91 68 80 1 0 15 0.00 M M 2.1 12 40 M M 2 13 20
26 94 70 82 3 0 17 0.00 M M 1.3 8 340 M M 1 11 10
27 92 71 82 4 0 17 0.00 M M 2.5 9 120 M M 1 8 13 170
28 93 72 83 5 0 18 0.00 M M 6.9 17 210 M M 1 1 23 220
29 94 72 83 5 0 18 0.41 M M 8.8 25 330 M M 3 13 33 330
30 90 72 81 3 0 16 T M M 4.7 12 310 M M 4 15 360
31 90 66 78 0 0 13 0.00 M M 4.6 12 20 M M 0 15 20
================================================================================
SM 2740 2187 0 456 3.90 M 179.9 M 71
================================================================================
AV 88.4 70.5 5.8 FASTST M M 2 MAX(MPH)
MISC ----> 36 360 52 320
================================================================================
NOTES:
# LAST OF SEVERAL OCCURRENCES
COLUMN 17 PEAK WIND IN M.P.H.
PRELIMINARY LOCAL CLIMATOLOGICAL DATA (WS FORM: F-6) , PAGE 2
STATION: JONESBORO
MONTH: AUGUST
YEAR: 2022
LATITUDE: 35 49 N
LONGITUDE: 90 39 W
[TEMPERATURE DATA] [PRECIPITATION DATA] SYMBOLS USED IN COLUMN 16
AVERAGE MONTHLY: 79.5 TOTAL FOR MONTH: 3.90 1 = FOG OR MIST
DPTR FM NORMAL: -0.5 DPTR FM NORMAL: 0.49 2 = FOG REDUCING VISIBILITY
HIGHEST: 94 ON 29,26 GRTST 24HR 1.45 ON 4- 4 TO 1/4 MILE OR LESS
LOWEST: 65 ON 13 3 = THUNDER
SNOW, ICE PELLETS, HAIL 4 = ICE PELLETS
TOTAL MONTH: M 5 = HAIL
GRTST 24HR M ON M 6 = FREEZING RAIN OR DRIZZLE
GRTST DEPTH: M ON M 7 = DUSTSTORM OR SANDSTORM:
VSBY 1/2 MILE OR LESS
8 = SMOKE OR HAZE
[NO. OF DAYS WITH] [WEATHER - DAYS WITH] 9 = BLOWING SNOW
X = TORNADO
MAX 32 OR BELOW: 0 0.01 INCH OR MORE: 8
MAX 90 OR ABOVE: 14 0.10 INCH OR MORE: 6
MIN 32 OR BELOW: 0 0.50 INCH OR MORE: 2
MIN 0 OR BELOW: 0 1.00 INCH OR MORE: 1
[HDD (BASE 65) ]
TOTAL THIS MO. 0 CLEAR (SCALE 0-3) 22
DPTR FM NORMAL 0 PTCLDY (SCALE 4-7) 9
TOTAL FM JUL 1 0 CLOUDY (SCALE 8-10) 0
DPTR FM NORMAL 0
[CDD (BASE 65) ]
TOTAL THIS MO. 456
DPTR FM NORMAL -9 [PRESSURE DATA]
TOTAL FM JAN 1 1799 HIGHEST SLP 30.16 ON 7
DPTR FM NORMAL 139 LOWEST SLP 29.84 ON 28
[REMARKS]
#FINAL-08-22#