000
CXUS54 KMEG 010900
CF6JBR
PRELIMINARY LOCAL CLIMATOLOGICAL DATA (WS FORM: F-6)
STATION: JONESBORO
MONTH: JUNE
YEAR: 2021
LATITUDE: 35 49 N
LONGITUDE: 90 39 W
TEMPERATURE IN F: :PCPN: SNOW: WIND :SUNSHINE: SKY :PK WND
================================================================================
1 2 3 4 5 6A 6B 7 8 9 10 11 12 13 14 15 16 17 18
12Z AVG MX 2MIN
DY MAX MIN AVG DEP HDD CDD WTR SNW DPTH SPD SPD DIR MIN PSBL S-S WX SPD DR
================================================================================
1 67 63 65 -11 0 0 0.86 M M 6.6 14 70 M M 9 1 18 50
2 81 66 74 -2 0 9 0.84 M M 5.0 14 290 M M 8 1 18 290
3 83 64 74 -2 0 9 0.00 M M 4.6 12 40 M M 5 1 15 260
4 85 61 73 -3 0 8 0.00 M M 2.3 9 110 M M 0 12 90
5 85 62 74 -3 0 9 T M M 5.0 17 210 M M 3 1 22 160
6 83 70 77 0 0 12 0.10 M M 8.6 17 140 M M 9 1 21 130
7 84 70 77 0 0 12 T M M 9.9 25 200 M M 7 1 32 200
8 81 69 75 -3 0 10 0.07 M M 8.9 20 180 M M 8 128 24 170
9 88 69 79 1 0 14 0.00 M M 4.8 14 180 M M 6 1238 17 180
10 91 75 83 5 0 18 0.03 M M 6.3 15 230 M M 7 123 19 230
11 94 73 84 6 0 19 0.00 M M 4.6 12 240 M M 5 18 23 210
12 93 73 83 5 0 18 0.00 M M 4.6 10 20 M M 0 8 17 10
13 96 77 87 8 0 22 0.00 M M 7.5 17 360 M M 1 8 23 20
14 96 71 84 5 0 19 0.00 M M 6.2 13 10 M M 0 20 340
15 94 67 81 2 0 16 0.00 M M 7.4 14 60 M M 0 21 70
16 95 64 80 1 0 15 0.00 M M 3.9 9 220 M M 0 18 120
17 96 71 84 4 0 19 0.00 M M 9.6 17 220 M M 1 8 30 220
18 95 70 83 3 0 18 0.00 M M 9.2 18 210 M M 1 31 240
19 93 68 81 1 0 16 0.00 M M 5.1 13 190 M M 1 23 190
20 97 74 86 6 0 21 0.00 M M 12.9 23 210 M M 1 33 250
21 87 64 76 -4 0 11 0.60 M M 9.9 24 280 M M 4 13 33 280
22 79 59 69 -11 0 4 0.00 M M 6.1 14 70 M M 0 19 70
23 87 56 72 -8 0 7 0.00 M M 4.6 12 190 M M 0 17 180
24 94 67 81 0 0 16 0.00 M M 8.2 17 170 M M 1 22 160
25 93 79 86 5 0 21 0.00 M M 13.2 23 190 M M 4 28 190
26 91 76 84 3 0 19 0.17 M M 12.9 24 220 M M 3 8 38 230
27 94 75 85 4 0 20 0.00 M M 10.9 20 220 M M 2 8 26 220
28 94 73 84 3 0 19 0.00 M M 6.2 17 160 M M 1 8 22 170
29 94 72 83 2 0 18 0.00 M M 4.4 12 160 M M 1 28 17 180
30 96 73 85 4 0 20 T M M 6.5 20 150 M M 3 24 240
================================================================================
SM 2686 2071 0 439 2.67 M 215.9 M 91
================================================================================
AV 89.5 69.0 7.2 FASTST M M 3 MAX(MPH)
MISC ----> 25 200 38 230
================================================================================
NOTES:
# LAST OF SEVERAL OCCURRENCES
COLUMN 17 PEAK WIND IN M.P.H.
PRELIMINARY LOCAL CLIMATOLOGICAL DATA (WS FORM: F-6) , PAGE 2
STATION: JONESBORO
MONTH: JUNE
YEAR: 2021
LATITUDE: 35 49 N
LONGITUDE: 90 39 W
[TEMPERATURE DATA] [PRECIPITATION DATA] SYMBOLS USED IN COLUMN 16
AVERAGE MONTHLY: 79.3 TOTAL FOR MONTH: 2.67 1 = FOG OR MIST
DPTR FM NORMAL: 0.4 DPTR FM NORMAL: -0.38 2 = FOG REDUCING VISIBILITY
HIGHEST: 97 ON 20 GRTST 24HR 0.90 ON 1- 2 TO 1/4 MILE OR LESS
LOWEST: 56 ON 23 3 = THUNDER
SNOW, ICE PELLETS, HAIL 4 = ICE PELLETS
TOTAL MONTH: M 5 = HAIL
GRTST 24HR M ON M 6 = FREEZING RAIN OR DRIZZLE
GRTST DEPTH: M ON M 7 = DUSTSTORM OR SANDSTORM:
VSBY 1/2 MILE OR LESS
8 = SMOKE OR HAZE
[NO. OF DAYS WITH] [WEATHER - DAYS WITH] 9 = BLOWING SNOW
X = TORNADO
MAX 32 OR BELOW: 0 0.01 INCH OR MORE: 7
MAX 90 OR ABOVE: 18 0.10 INCH OR MORE: 5
MIN 32 OR BELOW: 0 0.50 INCH OR MORE: 3
MIN 0 OR BELOW: 0 1.00 INCH OR MORE: 0
[HDD (BASE 65) ]
TOTAL THIS MO. 0 CLEAR (SCALE 0-3) 17
DPTR FM NORMAL 0 PTCLDY (SCALE 4-7) 11
TOTAL FM JUL 1 3519 CLOUDY (SCALE 8-10) 2
DPTR FM NORMAL 69
[CDD (BASE 65) ]
TOTAL THIS MO. 439
DPTR FM NORMAL 20 [PRESSURE DATA]
TOTAL FM JAN 1 607 HIGHEST SLP 30.17 ON 29
DPTR FM NORMAL -69 LOWEST SLP 29.72 ON 20
[REMARKS]
#FINAL-06-21#