000
CXUS55 KBOI 011002
CF6JER
PRELIMINARY LOCAL CLIMATOLOGICAL DATA (WS FORM: F-6)
STATION: JEROME ID
MONTH: JUNE
YEAR: 2023
LATITUDE: 42 43 N
LONGITUDE: 114 27 W
TEMPERATURE IN F: :PCPN: SNOW: WIND :SUNSHINE: SKY :PK WND
================================================================================
1 2 3 4 5 6A 6B 7 8 9 10 11 12 13 14 15 16 17 18
12Z AVG MX 2MIN
DY MAX MIN AVG DEP HDD CDD WTR SNW DPTH SPD SPD DIR MIN PSBL S-S WX SPD DR
================================================================================
1 73 50 62 1 3 0 0.00 M M 7.9 17 250 M M 3 26 240
2 77 54 66 5 0 1 0.00 M M 12.7 33 250 M M 2 52 260
3 76 48 62 0 3 0 0.00 M M 5.9 16 60 M M 0 23 90
4 78 51 65 3 0 0 0.10 M M 8.6 18 360 M M 2 3 26 160
5 79 51 65 3 0 0 0.00 M M 5.2 13 330 M M 1 1 18 330
6 86 55 71 9 0 6 0.11 M M 7.2 22 170 M M 2 3 32 30
7 81 51 66 3 0 1 0.35 M M 7.4 25 20 M M 1 3 33 110
8 76 54 65 2 0 0 0.24 M M 7.2 25 200 M M 2 3 38 190
9 71 50 61 -2 4 0 0.06 M M 6.8 20 170 M M 3 3 26 170
10 76 49 63 0 2 0 0.00 M M 4.4 16 250 M M 1 3 21 240
11 81 54 68 4 0 3 0.17 M M 7.8 24 360 M M 4 3 31 30
12 76 54 65 1 0 0 T M M 6.4 16 270 M M 3 23 260
13 74 57 66 2 0 1 0.21 M M 9.0 22 240 M M 6 138 33 240
14 71 54 63 -2 2 0 0.00 M M 14.2 26 270 M M 3 38 260
15 72 45 59 -6 6 0 0.00 M M 12.0 21 260 M M 0 27 250
16 75 48 62 -3 3 0 0.00 M M 7.8 16 270 M M 0 8 22 290
17 79 51 65 -1 0 0 T M M 6.9 13 80 M M 2 17 300
18 64 50 57 -9 8 0 0.02 M M 9.8 28 280 M M 7 1 38 280
19 64 43 54 -12 11 0 0.00 M M 12.8 28 270 M M 1 37 260
20 62 41 52 -15 13 0 0.00 M M 9.0 26 270 M M 1 36 270
21 68 35 52 -15 13 0 0.00 M M 6.3 15 260 M M 0 22 290
22 80 41 61 -6 4 0 0.00 M M 6.6 15 90 M M 0 22 90
23 75 52 64 -4 1 0 T M M 6.9 15 260 M M 1 3 22 270
24 81 48 65 -3 0 0 T M M 6.6 22 260 M M 1 32 270
25 84 54 69 1 0 4 T M M 8.2 30 170 M M 1 42 170
26 78 49 64 -5 1 0 0.00 M M 7.2 23 250 M M 0 32 230
27 74 52 63 -6 2 0 T M M 7.1 21 190 M M 3 29 180
28 79 49 64 -6 1 0 0.00 M M 7.5 16 270 M M 0 23 280
29 82 54 68 -2 0 3 0.00 M M 6.0 13 240 M M 0 20 270
30 88 56 72 2 0 7 0.00 M M 5.4 12 240 M M 0 18 270
================================================================================
SM 2280 1500 77 26 1.26 M 236.8 M 50
================================================================================
AV 76.0 50.0 7.9 FASTST M M 2 MAX(MPH)
MISC ----> 33 250 52 260
================================================================================
NOTES:
# LAST OF SEVERAL OCCURRENCES
COLUMN 17 PEAK WIND IN M.P.H.
PRELIMINARY LOCAL CLIMATOLOGICAL DATA (WS FORM: F-6) , PAGE 2
STATION: JEROME ID
MONTH: JUNE
YEAR: 2023
LATITUDE: 42 43 N
LONGITUDE: 114 27 W
[TEMPERATURE DATA] [PRECIPITATION DATA] SYMBOLS USED IN COLUMN 16
AVERAGE MONTHLY: 63.0 TOTAL FOR MONTH: 1.26 1 = FOG OR MIST
DPTR FM NORMAL: -2.3 DPTR FM NORMAL: 0.64 2 = FOG REDUCING VISIBILITY
HIGHEST: 88 ON 30 GRTST 24HR 0.59 ON 7- 8 TO 1/4 MILE OR LESS
LOWEST: 35 ON 21 3 = THUNDER
SNOW, ICE PELLETS, HAIL 4 = ICE PELLETS
TOTAL MONTH: M 5 = HAIL
GRTST 24HR M ON M 6 = FREEZING RAIN OR DRIZZLE
GRTST DEPTH: M ON M 7 = DUSTSTORM OR SANDSTORM:
VSBY 1/2 MILE OR LESS
8 = SMOKE OR HAZE
[NO. OF DAYS WITH] [WEATHER - DAYS WITH] 9 = BLOWING SNOW
X = TORNADO
MAX 32 OR BELOW: 0 0.01 INCH OR MORE: 8
MAX 90 OR ABOVE: 0 0.10 INCH OR MORE: 6
MIN 32 OR BELOW: 0 0.50 INCH OR MORE: 0
MIN 0 OR BELOW: 0 1.00 INCH OR MORE: 0
[HDD (BASE 65) ]
TOTAL THIS MO. 77 CLEAR (SCALE 0-3) 25
DPTR FM NORMAL -12 PTCLDY (SCALE 4-7) 5
TOTAL FM JUL 1 6615 CLOUDY (SCALE 8-10) 0
DPTR FM NORMAL 543
[CDD (BASE 65) ]
TOTAL THIS MO. 26
DPTR FM NORMAL -72 [PRESSURE DATA]
TOTAL FM JAN 1 55 HIGHEST SLP 30.20 ON 21
DPTR FM NORMAL -64 LOWEST SLP 29.61 ON 18
[REMARKS]
#FINAL-06-23#