000
CXUS55 KBOI 011002
CF6JER
PRELIMINARY LOCAL CLIMATOLOGICAL DATA (WS FORM: F-6)
STATION: JEROME ID
MONTH: OCTOBER
YEAR: 2023
LATITUDE: 42 43 N
LONGITUDE: 114 27 W
TEMPERATURE IN F: :PCPN: SNOW: WIND :SUNSHINE: SKY :PK WND
================================================================================
1 2 3 4 5 6A 6B 7 8 9 10 11 12 13 14 15 16 17 18
12Z AVG MX 2MIN
DY MAX MIN AVG DEP HDD CDD WTR SNW DPTH SPD SPD DIR MIN PSBL S-S WX SPD DR
================================================================================
1 49 43 46 -11 19 0 0.67 M M 5.0 13 250 M M 9 1 15 240
2 58 43 51 -6 14 0 T M M 10.3 23 280 M M 7 12 29 280
3 59 47 53 -3 12 0 0.14 M M 12.9 23 260 M M 7 1 29 250
4 64 47 56 0 9 0 0.00 M M 9.6 21 290 M M 4 1 28 260
5 67 42 55 0 10 0 0.00 M M 4.1 9 130 M M 0 12 230
6 72 47 60 5 5 0 0.00 M M 8.6 15 100 M M 0 19 110
7 76 48 62 8 3 0 0.00 M M 11.5 20 70 M M 0 25 70
8 79 48 64 10 1 0 0.00 M M 12.0 18 70 M M 0 24 70
9 82 49 66 12 0 1 T M M 11.4 35 280 M M 2 46 290
10 66 48 57 4 8 0 0.04 M M 9.2 24 290 M M 4 32 290
11 54 42 48 -5 17 0 0.02 M M 17.5 36 270 M M 4 46 270
12 58 40 49 -3 16 0 T M M 12.0 20 250 M M 4 27 270
13 63 39 51 -1 14 0 0.00 M M 10.2 16 80 M M 2 26 50
14 68 42 55 3 10 0 0.00 M M 10.3 16 50 M M 2 20 60
15 74 43 59 8 6 0 0.00 M M 13.0 20 70 M M 0 26 80
16 79 49 64 13 1 0 0.00 M M 12.8 22 80 M M 0 30 70
17 69 49 59 9 6 0 0.00 M M 12.5 23 270 M M 0 32 270
18 69 47 58 8 7 0 0.00 M M 6.1 13 100 M M 0 18 250
19 79 45 62 13 3 0 0.00 M M 10.0 18 80 M M 0 8 23 80
20 78 48 63 14 2 0 0.00 M M 5.9 14 90 M M 0 17 80
21 74 46 60 11 5 0 T M M 4.8 14 110 M M 0 16 120
22 76 45 61 13 4 0 T M M 11.8 21 60 M M 1 26 50
23 60 48 54 6 11 0 0.16 M M 11.1 23 270 M M 5 1 31 260
24 58 39 49 2 16 0 0.00 M M 8.9 16 100 M M 0 19 110
25 55 35 45 -2 20 0 0.38 M M 8.8 24 270 M M 10 12 33 280
26 43 30 37 -10 28 0 0.01 M M 14.9 30 260 M M 5 39 270
27 48 29 39 -7 26 0 0.00 M M 8.4 15 280 M M 1 19 290
28 37 24 31 -15 34 0 0.00 M M 6.6 17 260 M M 3 23 250
29 41 20 31 -14 34 0 0.00 M M 5.0 15 120 M M 0 19 130
30 46 22 34 -11 31 0 0.00 M M 5.9 13 100 M M 0 14 100
31 54 26 40 -5 25 0 0.00 M M 12.7 20 80 M M 0 24 80
================================================================================
SM 1955 1270 397 1 1.42 M 303.8 M 70
================================================================================
AV 63.1 41.0 9.8 FASTST M M 2 MAX(MPH)
MISC ----> 36 270 # 46 290
================================================================================
NOTES:
# LAST OF SEVERAL OCCURRENCES
COLUMN 17 PEAK WIND IN M.P.H.
PRELIMINARY LOCAL CLIMATOLOGICAL DATA (WS FORM: F-6) , PAGE 2
STATION: JEROME ID
MONTH: OCTOBER
YEAR: 2023
LATITUDE: 42 43 N
LONGITUDE: 114 27 W
[TEMPERATURE DATA] [PRECIPITATION DATA] SYMBOLS USED IN COLUMN 16
AVERAGE MONTHLY: 52.0 TOTAL FOR MONTH: 1.42 1 = FOG OR MIST
DPTR FM NORMAL: 1.2 DPTR FM NORMAL: 0.65 2 = FOG REDUCING VISIBILITY
HIGHEST: 82 ON 9 GRTST 24HR 0.67 ON 1- 1 TO 1/4 MILE OR LESS
LOWEST: 20 ON 29 3 = THUNDER
SNOW, ICE PELLETS, HAIL 4 = ICE PELLETS
TOTAL MONTH: M 5 = HAIL
GRTST 24HR M ON M 6 = FREEZING RAIN OR DRIZZLE
GRTST DEPTH: M ON M 7 = DUSTSTORM OR SANDSTORM:
VSBY 1/2 MILE OR LESS
8 = SMOKE OR HAZE
[NO. OF DAYS WITH] [WEATHER - DAYS WITH] 9 = BLOWING SNOW
X = TORNADO
MAX 32 OR BELOW: 0 0.01 INCH OR MORE: 7
MAX 90 OR ABOVE: 0 0.10 INCH OR MORE: 4
MIN 32 OR BELOW: 6 0.50 INCH OR MORE: 1
MIN 0 OR BELOW: 0 1.00 INCH OR MORE: 0
[HDD (BASE 65) ]
TOTAL THIS MO. 397 CLEAR (SCALE 0-3) 21
DPTR FM NORMAL -49 PTCLDY (SCALE 4-7) 8
TOTAL FM JUL 1 492 CLOUDY (SCALE 8-10) 2
DPTR FM NORMAL -97
[CDD (BASE 65) ]
TOTAL THIS MO. 1
DPTR FM NORMAL -3 [PRESSURE DATA]
TOTAL FM JAN 1 712 HIGHEST SLP 30.63 ON 29
DPTR FM NORMAL -3 LOWEST SLP 29.53 ON 11
[REMARKS]
#FINAL-10-23#