000
CXUS55 KBOI 011002
CF6JER
PRELIMINARY LOCAL CLIMATOLOGICAL DATA (WS FORM: F-6)
STATION: JEROME ID
MONTH: AUGUST
YEAR: 2023
LATITUDE: 42 43 N
LONGITUDE: 114 27 W
TEMPERATURE IN F: :PCPN: SNOW: WIND :SUNSHINE: SKY :PK WND
================================================================================
1 2 3 4 5 6A 6B 7 8 9 10 11 12 13 14 15 16 17 18
12Z AVG MX 2MIN
DY MAX MIN AVG DEP HDD CDD WTR SNW DPTH SPD SPD DIR MIN PSBL S-S WX SPD DR
================================================================================
1 92 58 75 0 0 10 T M M 7.6 26 150 M M 0 8 36 140
2 81 64 73 -2 0 8 0.00 M M 12.4 28 90 M M 3 36 110
3 81 58 70 -5 0 5 T M M 9.4 22 130 M M 2 27 120
4 81 58 70 -5 0 5 T M M 7.7 18 40 M M 0 28 30
5 85 58 72 -3 0 7 T M M 7.7 24 140 M M 1 33 160
6 83 56 70 -4 0 5 T M M 6.1 16 80 M M 2 21 80
7 76 56 66 -8 0 1 T M M 8.7 22 250 M M 1 29 250
8 78 52 65 -9 0 0 0.00 M M 10.3 23 260 M M 0 30 270
9 89 53 71 -3 0 6 0.00 M M 5.8 15 80 M M 1 19 80
10 87 59 73 -1 0 8 0.00 M M 7.9 21 280 M M 0 27 260
11 90 57 74 1 0 9 0.00 M M 5.1 9 240 M M 0 14 250
12 90 60 75 2 0 10 0.00 M M 9.4 21 270 M M 0 29 260
13 88 54 71 -2 0 6 0.00 M M 7.6 14 70 M M 0 21 60
14 93 62 78 5 0 13 0.00 M M 11.7 20 90 M M 0 27 90
15 96 62 79 7 0 14 0.00 M M 6.8 15 90 M M 0 21 90
16 98 62 80 8 0 15 0.00 M M 5.2 12 260 M M 0 8 17 270
17 93 65 79 7 0 14 T M M 7.5 21 210 M M 2 38 31 220
18 91 63 77 5 0 12 0.00 M M 5.9 16 160 M M 0 3 25 140
19 88 62 75 3 0 10 0.00 M M 5.2 16 110 M M 0 21 120
20 76 62 69 -2 0 4 0.09 M M 11.0 18 80 M M 9 25 90
21 84 63 74 3 0 9 0.01 M M 14.8 25 200 M M 5 36 200
22 86 57 72 1 0 7 T M M 9.1 28 240 M M 2 3 38 250
23 84 52 68 -2 0 3 T M M 5.4 10 70 M M 0 8 14 70
24 89 57 73 3 0 8 0.00 M M 7.5 15 140 M M 1 19 130
25 94 63 79 9 0 14 T M M 10.4 25 270 M M 1 34 240
26 88 62 75 5 0 10 0.10 M M 12.8 25 150 M M 2 13 36 160
27 89 57 73 4 0 8 T M M 9.0 18 80 M M 0 3 26 80
28 94 58 76 7 0 11 T M M 11.3 22 80 M M 0 28 80
29 95 63 79 10 0 14 T M M 14.2 28 260 M M 0 37 290
30 74 53 64 -5 1 0 T M M 10.3 21 280 M M 0 8 27 290
31 84 45 65 -3 0 0 0.00 M M 8.1 17 90 M M 0 25 70
================================================================================
SM 2697 1811 1 246 0.20 M 271.9 M 32
================================================================================
AV 87.0 58.4 8.8 FASTST M M 1 MAX(MPH)
MISC ----> # 28 90 38 250
================================================================================
NOTES:
# LAST OF SEVERAL OCCURRENCES
COLUMN 17 PEAK WIND IN M.P.H.
PRELIMINARY LOCAL CLIMATOLOGICAL DATA (WS FORM: F-6) , PAGE 2
STATION: JEROME ID
MONTH: AUGUST
YEAR: 2023
LATITUDE: 42 43 N
LONGITUDE: 114 27 W
[TEMPERATURE DATA] [PRECIPITATION DATA] SYMBOLS USED IN COLUMN 16
AVERAGE MONTHLY: 72.7 TOTAL FOR MONTH: 0.20 1 = FOG OR MIST
DPTR FM NORMAL: 0.7 DPTR FM NORMAL: -0.07 2 = FOG REDUCING VISIBILITY
HIGHEST: 98 ON 16 GRTST 24HR 0.10 ON 26-26 TO 1/4 MILE OR LESS
LOWEST: 45 ON 31 3 = THUNDER
SNOW, ICE PELLETS, HAIL 4 = ICE PELLETS
TOTAL MONTH: M 5 = HAIL
GRTST 24HR M ON M 6 = FREEZING RAIN OR DRIZZLE
GRTST DEPTH: M ON M 7 = DUSTSTORM OR SANDSTORM:
VSBY 1/2 MILE OR LESS
8 = SMOKE OR HAZE
[NO. OF DAYS WITH] [WEATHER - DAYS WITH] 9 = BLOWING SNOW
X = TORNADO
MAX 32 OR BELOW: 0 0.01 INCH OR MORE: 3
MAX 90 OR ABOVE: 11 0.10 INCH OR MORE: 1
MIN 32 OR BELOW: 0 0.50 INCH OR MORE: 0
MIN 0 OR BELOW: 0 1.00 INCH OR MORE: 0
[HDD (BASE 65) ]
TOTAL THIS MO. 1 CLEAR (SCALE 0-3) 29
DPTR FM NORMAL -12 PTCLDY (SCALE 4-7) 1
TOTAL FM JUL 1 1 CLOUDY (SCALE 8-10) 1
DPTR FM NORMAL -15
[CDD (BASE 65) ]
TOTAL THIS MO. 246
DPTR FM NORMAL 14 [PRESSURE DATA]
TOTAL FM JAN 1 659 HIGHEST SLP 30.14 ON 5
DPTR FM NORMAL 18 LOWEST SLP 29.60 ON 31
[REMARKS]
#FINAL-08-23#