719
CXUS51 KOKX 011010
CF6JFK
PRELIMINARY LOCAL CLIMATOLOGICAL DATA (WS FORM: F-6)
STATION: KENNEDY NY
MONTH: DECEMBER
YEAR: 2020
LATITUDE: 40 39 N
LONGITUDE: 73 47 W
TEMPERATURE IN F: :PCPN: SNOW: WIND :SUNSHINE: SKY :PK WND
================================================================================
1 2 3 4 5 6A 6B 7 8 9 10 11 12 13 14 15 16 17 18
12Z AVG MX 2MIN
DY MAX MIN AVG DEP HDD CDD WTR SNW DPTH SPD SPD DIR MIN PSBL S-S WX SPD DR
================================================================================
1 60 38 49 7 16 0 0.00 0.0 0 19.2 33 250 M M 6 1 40 250
2 46 37 42 0 23 0 0.00 0.0 0 20.9 29 250 M M 5 36 250
3 49 35 42 0 23 0 T 0.0 0 13.1 21 250 M M 4 24 240
4 52 44 48 7 17 0 0.10 0.0 0 10.4 21 210 M M 9 26 220
5 47 39 43 2 22 0 1.13 0.0 0 18.4 33 330 M M 8 1 42 330
6 42 33 38 -3 27 0 0.00 0.0 0 18.1 32 310 M M 3 38 300
7 42 30 36 -4 29 0 0.00 0.0 0 9.0 18 360 M M 4 23 10
8 36 30 33 -7 32 0 T T T 14.9 20 330 M M 7 24 360
9 38 32 35 -5 30 0 0.01 T 0 15.0 24 270 M M 8 1 24 270
10 49 36 43 4 22 0 0.00 0.0 0 11.3 21 330 M M 3 26 330
11 52 32 42 3 23 0 0.00 0.0 0 8.8 18 200 M M 5 23 200
12 55 41 48 9 17 0 0.00 0.0 0 7.9 16 200 M M 8 128 16 200
13 61 46 54 16 11 0 0.00 0.0 0 10.6 22 280 M M 6 30 280
14 45 36 41 3 24 0 0.28 0.0 0 10.5 32 330 M M 8 40 320
15 41 30 36 -2 29 0 0.00 0.0 0 14.7 25 310 M M 5 31 300
16 32 25 29 -9 36 0 0.39 3.8 0 18.3 33 70 M M 10 14 39 70
17 33 25 29 -8 36 0 0.48 3.4 6 19.5 33 20 M M 7 149 43 20
18 32 23 28 -9 37 0 0.00 0.0 7 12.6 18 360 M M 6 24 360
19 32 18 25 -12 40 0 0.00 0.0 7 5.3 14 340 M M 5 17 350
20 39 28 34 -2 31 0 0.08 T 6 4.6 13 260 M M 9 1 15 260
21 40 33 37 1 28 0 0.00 0.0 5 6.3 20 250 M M 8 18 22 240
22 45 36 41 5 24 0 T 0.0 3 13.3 29 300 M M 8 18 37 290
23 43 35 39 3 26 0 0.00 0.0 2 9.5 26 310 M M 6 34 310
24 58 40 49 14 16 0 0.12 0.0 T 20.4 32 140 M M 10 1 42 150
25 60 29 45 10 20 0 0.59 0.0 0 24.2 44 150 M M 9 1 59 150
26 33 24 29 -6 36 0 0.00 0.0 0 20.0 28 260 M M 4 35 260
27 38 24 31 -4 34 0 0.00 0.0 0 7.5 20 280 M M 3 24 270
28 51 33 42 8 23 0 0.00 0.0 0 11.0 20 270 M M 7 24 200
29 43 28 36 2 29 0 0.00 0.0 0 16.2 29 330 M M 4 38 300
30 43 24 34 0 31 0 0.00 0.0 0 9.7 20 210 M M 8 24 210
31 48 35 42 8 23 0 0.36 0.0 0 11.1 21 330 M M 9 1 23 320
================================================================================
SM 1385 999 815 0 3.54 7.2 412.3 M 202
================================================================================
AV 44.7 32.2 13.3 FASTST M M 7 MAX(MPH)
MISC ----> 44 150 59 150
================================================================================
NOTES:
# LAST OF SEVERAL OCCURRENCES
COLUMN 17 PEAK WIND IN M.P.H.
PRELIMINARY LOCAL CLIMATOLOGICAL DATA (WS FORM: F-6) , PAGE 2
STATION: KENNEDY NY
MONTH: DECEMBER
YEAR: 2020
LATITUDE: 40 39 N
LONGITUDE: 73 47 W
[TEMPERATURE DATA] [PRECIPITATION DATA] SYMBOLS USED IN COLUMN 16
AVERAGE MONTHLY: 38.5 TOTAL FOR MONTH: 3.54 1 = FOG OR MIST
DPTR FM NORMAL: 0.8 DPTR FM NORMAL: 0.15 2 = FOG REDUCING VISIBILITY
HIGHEST: 61 ON 13 GRTST 24HR 1.23 ON 4- 5 TO 1/4 MILE OR LESS
LOWEST: 18 ON 19 3 = THUNDER
SNOW, ICE PELLETS, HAIL 4 = ICE PELLETS
TOTAL MONTH: 7.2 INCHES 5 = HAIL
GRTST 24HR 3.8 ON 16-16 6 = FREEZING RAIN OR DRIZZLE
GRTST DEPTH: 7 ON 19,18 7 = DUSTSTORM OR SANDSTORM:
VSBY 1/2 MILE OR LESS
8 = SMOKE OR HAZE
[NO. OF DAYS WITH] [WEATHER - DAYS WITH] 9 = BLOWING SNOW
X = TORNADO
MAX 32 OR BELOW: 3 0.01 INCH OR MORE: 10
MAX 90 OR ABOVE: 0 0.10 INCH OR MORE: 8
MIN 32 OR BELOW: 15 0.50 INCH OR MORE: 2
MIN 0 OR BELOW: 0 1.00 INCH OR MORE: 1
[HDD (BASE 65) ]
TOTAL THIS MO. 815 CLEAR (SCALE 0-3) 1
DPTR FM NORMAL -30 PTCLDY (SCALE 4-7) 24
TOTAL FM JUL 1 1472 CLOUDY (SCALE 8-10) 6
DPTR FM NORMAL -198
[CDD (BASE 65) ]
TOTAL THIS MO. 0
DPTR FM NORMAL 0 [PRESSURE DATA]
TOTAL FM JAN 1 1175 HIGHEST SLP M ON M
DPTR FM NORMAL 170 LOWEST SLP 29.43 ON 25
[REMARKS]
#FINAL-12-20#