000
CXUS55 KJKL 011500
CF6JKL
PRELIMINARY LOCAL CLIMATOLOGICAL DATA (WS FORM: F-6)
STATION: JACKSON KY
MONTH: APRIL
YEAR: 2020
LATITUDE: 37 35 N
LONGITUDE: 83 19 W
TEMPERATURE IN F: :PCPN: SNOW: WIND :SUNSHINE: SKY :PK WND
================================================================================
1 2 3 4 5 6A 6B 7 8 9 10 11 12 13 14 15 16 17 18
12Z AVG MX 2MIN
DY MAX MIN AVG DEP HDD CDD WTR SNW DPTH SPD SPD DIR MIN PSBL S-S WX SPD DR
================================================================================
1 49 40 45 -8 20 0 T 0.0 0 3.9 9 310 M M 10 1 14 330
2 61 40 51 -2 14 0 0.00 0.0 0 3.9 10 300 M M 4 18 310
3 70 40 55 1 10 0 0.00 0.0 0 2.3 8 300 M M 1 14 310
4 75 47 61 7 4 0 0.00 0.0 0 1.6 9 290 M M 2 17 340
5 76 53 65 11 0 0 T 0.0 0 2.5 10 310 M M 4 17 320
6 75 52 64 10 1 0 0.00 0.0 0 2.4 12 310 M M 3 20 340
7 81 58 70 15 0 5 0.00 0.0 0 5.9 13 260 M M 3 26 280
8 81 60 71 16 0 6 0.04 0.0 0 6.6 15 310 M M 7 13 41 320
9 64 42 53 -3 12 0 0.42 0.0 0 10.0 22 290 M M 6 123 38 330
10 51 34 43 -13 22 0 0.02 0.1 0 6.5 23 320 M M 4 1 42 330
11 66 34 50 -6 15 0 0.00 0.0 0 2.5 9 150 M M 4 16 150
12 66 54 60 4 5 0 0.78 0.0 0 6.0 17 200 M M 9 1 40 210
13 64 41 53 -4 12 0 0.56 0.0 0 7.5 23 160 M M 8 13 43 160
14 45 32 39 -18 26 0 0.03 0.4 0 2.0 14 320 M M 8 1 22 330
15 56 30 43 -14 22 0 0.00 0.0 0 3.2 12 260 M M 6 12 22 240
16 55 31 43 -15 22 0 0.00 0.0 0 2.7 10 280 M M 3 17 310
17 74 40 57 -1 8 0 0.02 0.0 0 3.5 15 270 M M 5 1 28 200
18 50 35 43 -15 22 0 0.27 0.0 0 4.4 15 310 M M 6 1 25 320
19 68 35 52 -6 13 0 0.05 0.0 0 2.3 12 330 M M 4 17 340
20 68 46 57 -2 8 0 T 0.0 0 4.3 14 290 M M 3 1 23 290
21 66 47 57 -2 8 0 0.01 0.0 0 7.6 23 290 M M 4 39 300
22 70 37 54 -5 11 0 0.00 0.0 0 2.3 9 260 M M 0 15 270
23 59 51 55 -5 10 0 0.55 0.0 0 2.8 9 190 M M 9 12 19 190
24 63 52 58 -2 7 0 0.10 0.0 0 4.1 12 320 M M 8 1 18 350
25 69 50 60 0 5 0 0.61 0.0 0 2.3 9 180 M M 6 1 17 150
26 55 45 50 -10 15 0 0.46 0.0 0 7.5 14 330 M M 10 1 30 240
27 65 40 53 -8 12 0 0.00 0.0 0 3.3 9 300 M M 0 1 14 220
28 74 50 62 1 3 0 T 0.0 0 4.0 10 200 M M 6 23 220
29 77 50 64 3 1 0 0.72 0.0 0 7.2 23 300 M M 6 1 42 320
30 53 47 50 -11 15 0 0.05 0.0 0 5.5 13 280 M M 9 1 24 260
================================================================================
SM 1946 1313 323 11 4.69 0.5 130.6 M 158
================================================================================
AV 64.9 43.8 4.4 FASTST M M 5 MAX(MPH)
MISC ----> # 23 320 # 43 160
================================================================================
NOTES:
# LAST OF SEVERAL OCCURRENCES
COLUMN 17 PEAK WIND IN M.P.H.
PRELIMINARY LOCAL CLIMATOLOGICAL DATA (WS FORM: F-6) , PAGE 2
STATION: JACKSON KY
MONTH: APRIL
YEAR: 2020
LATITUDE: 37 35 N
LONGITUDE: 83 19 W
[TEMPERATURE DATA] [PRECIPITATION DATA] SYMBOLS USED IN COLUMN 16
AVERAGE MONTHLY: 54.3 TOTAL FOR MONTH: 4.69 1 = FOG OR MIST
DPTR FM NORMAL: -3.1 DPTR FM NORMAL: 0.86 2 = FOG REDUCING VISIBILITY
HIGHEST: 81 ON 8, 7 GRTST 24HR 0.78 ON 12-12 TO 1/4 MILE OR LESS
LOWEST: 30 ON 15 3 = THUNDER
SNOW, ICE PELLETS, HAIL 4 = ICE PELLETS
TOTAL MONTH: 0.5 INCH 5 = HAIL
GRTST 24HR 0.4 ON 14-14 6 = FREEZING RAIN OR DRIZZLE
GRTST DEPTH: 0 7 = DUSTSTORM OR SANDSTORM:
VSBY 1/2 MILE OR LESS
8 = SMOKE OR HAZE
[NO. OF DAYS WITH] [WEATHER - DAYS WITH] 9 = BLOWING SNOW
X = TORNADO
MAX 32 OR BELOW: 0 0.01 INCH OR MORE: 16
MAX 90 OR ABOVE: 0 0.10 INCH OR MORE: 9
MIN 32 OR BELOW: 3 0.50 INCH OR MORE: 5
MIN 0 OR BELOW: 0 1.00 INCH OR MORE: 0
[HDD (BASE 65) ]
TOTAL THIS MO. 323 CLEAR (SCALE 0-3) 8
DPTR FM NORMAL 55 PTCLDY (SCALE 4-7) 17
TOTAL FM JUL 1 3512 CLOUDY (SCALE 8-10) 5
DPTR FM NORMAL -609
[CDD (BASE 65) ]
TOTAL THIS MO. 11
DPTR FM NORMAL -28 [PRESSURE DATA]
TOTAL FM JAN 1 35 HIGHEST SLP 30.36 ON 16
DPTR FM NORMAL -11 LOWEST SLP 29.33 ON 13
[REMARKS]
#FINAL-04-20#