000
CXUS53 KJKL 041606
CLAJKL
CLIMATE REPORT
NATIONAL WEATHER SERVICE JACKSON KY
1106 AM EST THU JAN 04 2024
...................................
...THE JACKSON KY CLIMATE SUMMARY FOR THE YEAR OF 2023...
CLIMATE NORMAL PERIOD 1991 TO 2020
CLIMATE RECORD PERIOD 1981 TO 2024
WEATHER OBSERVED NORMAL DEPART LAST YEAR`S
VALUE DATE(S) VALUE FROM VALUE
NORMAL
..............................................................
TEMPERATURE (F)
RECORD
HIGH 104 06/29/2012
LOW -18 01/19/1994
01/21/1985
01/20/1985
HIGHEST 92 07/27 81 11 95
07/28
LOWEST 17 02/04 31 -14 -3
AVG. MAXIMUM 68.4 66.7 1.7 67.3
AVG. MINIMUM 49.7 47.6 2.1 48.2
MEAN 59.1 57.2 1.9 57.7
DAYS MAX >= 90 7 14.0 -7.0 16
DAYS MAX <= 32 2 15.5 -13.5 10
DAYS MIN <= 32 47 78.0 -31.0 80
DAYS MIN <= 0 0 0.5 -0.5 2
PRECIPITATION (INCHES)
RECORD
MAXIMUM 67.98 2018
MINIMUM 34.37 2001
TOTALS 44.27 51.89 -7.62 56.22
DAYS >= .01 133 148.0 -15.0 146
DAYS >= .10 87 94.8 -7.8 91
DAYS >= .50 29 36.5 -7.5 38
DAYS >= 1.00 10 12.8 -2.8 12
GREATEST
24 HR. TOTAL 3.84 02/16 TO 02/17 4.94
SNOWFALL (INCHES)
RECORDS
TOTAL 62.7 1996
24 HR TOTAL 19.8 03/13/1993 TO 03/13/1993
TOTALS 2.7 23.4 23.2
SINCE 7/1 0.4 4.9 -4.5 MM
SNOWDEPTH AVG. T 0
DAYS >= 1.0 0 7.3 -7.3 6
GREATEST
24 HR TOTAL 0.5 01/23 TO 01/23 7.7
01/26 TO 01/26
DEGREE DAYS
HEATING TOTAL 3170 4068 -898 3913
SINCE 7/1 1256 1568 -312 1522
COOLING TOTAL 1122 1235 -113 1385
SINCE 1/1 1122 1235 -113 1385
..............................................................
WIND (MPH)
AVERAGE WIND SPEED 3.2
RESULTANT WIND SPEED/DIRECTION 1/170
HIGHEST WIND SPEED/DIRECTION 30/190 DATE 02/27
HIGHEST GUST SPEED/DIRECTION 65/250 DATE 03/03
SKY COVER
POSSIBLE SUNSHINE (PERCENT) MM
NUMBER OF DAYS FAIR 185
NUMBER OF DAYS PC 106
NUMBER OF DAYS CLOUDY 74
AVERAGE RH (PERCENT) 68
WEATHER CONDITIONS. NUMBER OF DAYS WITH
THUNDERSTORM 53 MIXED PRECIP 0
HEAVY RAIN 56 RAIN 71
LIGHT RAIN 148 FREEZING RAIN 1
LT FREEZING RAIN 1 HAIL 3
HEAVY SNOW 0 SNOW 2
LIGHT SNOW 22 SLEET 2
FOG 175 FOG W/VIS <= 1/4 MILE 72
HAZE 22
- INDICATES NEGATIVE NUMBERS.
R INDICATES RECORD WAS SET OR TIED.
MM INDICATES DATA IS MISSING.
T INDICATES TRACE AMOUNT.
$$
CARICO