000
CXUS53 KBIS 010830
CF6JMS
PRELIMINARY LOCAL CLIMATOLOGICAL DATA (WS FORM: F-6)
STATION: JAMESTOWN ND
MONTH: JUNE
YEAR: 2023
LATITUDE: 46 55 N
LONGITUDE: 98 40 W
TEMPERATURE IN F: :PCPN: SNOW: WIND :SUNSHINE: SKY :PK WND
================================================================================
1 2 3 4 5 6A 6B 7 8 9 10 11 12 13 14 15 16 17 18
12Z AVG MX 2MIN
DY MAX MIN AVG DEP HDD CDD WTR SNW DPTH SPD SPD DIR MIN PSBL S-S WX SPD DR
================================================================================
1 92 56 74 13 0 9 0.00 M M 8.8 26 180 M M 1 128 36 190
2 90 64 77 16 0 12 0.00 M M 9.5 23 190 M M 1 3 34 190
3 90 66 78 16 0 13 T M M 8.0 25 100 M M 1 3 33 110
4 92 62 77 15 0 12 0.18 M M 4.9 33 70 M M 1 138 45 60
5 87 64 76 14 0 11 0.02 M M 4.2 20 170 M M 1 138 25 170
6 92 60 76 13 0 11 0.00 M M 2.9 17 180 M M 1 138 25 170
7 93 65 79 16 0 14 0.03 M M 5.7 20 70 M M 1 138 27 70
8 87 63 75 12 0 10 0.33 M M 9.5 28 270 M M 2 138 41 290
9 85 64 75 11 0 10 0.01 M M 6.8 31 50 M M 4 13 42 40
10 73 56 65 1 0 0 0.00 M M 14.1 23 50 M M 5 31 40
11 74 50 62 -2 3 0 0.00 M M 5.8 15 70 M M 0 20 80
12 79 49 64 0 1 0 0.00 M M 6.3 16 300 M M 0 24 320
13 86 58 72 8 0 7 0.00 M M 6.8 12 70 M M 0 18 320
14 84 56 70 5 0 5 0.00 M M 4.7 12 90 M M 0 8 15 90
15 82 57 70 5 0 5 0.00 M M 9.5 15 80 M M 0 8 20 70
16 74 60 67 2 0 2 0.10 M M 7.3 18 340 M M 7 8 23 360
17 79 55 67 1 0 2 0.00 M M 5.0 14 240 M M 7 18 230
18 89 51 70 4 0 5 0.00 M M 9.4 23 180 M M 0 18 31 180
19 98 65 82 16 0 17 0.00 M M 15.3 28 140 M M 0 39 170
20 99 73 86 20 0 21 0.00 M M 19.4 36 170 M M 0 49 170
21 85 68 77 11 0 12 T M M 7.8 16 300 M M 3 22 170
22 75 60 68 1 0 3 0.17 M M 8.9 22 320 M M 7 13 29 330
23 69 60 65 -2 0 0 0.31 M M 8.4 18 40 M M 9 1 25 40
24 64 59 62 -5 3 0 2.79 M M 17.8 32 20 M M 10 1 48 10
25 79 59 69 2 0 4 0.00 M M 15.5 25 340 M M 5 1 35 350
26 83 57 70 3 0 5 0.00 M M 4.2 12 250 M M 1 16 260
27 83 57 70 2 0 5 T M M 8.7 22 180 M M 4 3 32 170
28 83 60 72 4 0 7 0.00 M M 3.5 14 70 M M 6 19 180
29 81 60 71 3 0 6 0.00 M M 9.4 22 310 M M 1 30 300
30 84 60 72 4 0 7 0.00 M M 3.2 8 360 M M 1 11 10
================================================================================
SM 2511 1794 7 215 3.94 M 251.3 M 79
================================================================================
AV 83.7 59.8 8.4 FASTST M M 3 MAX(MPH)
MISC ----> 36 170 49 170
================================================================================
NOTES:
# LAST OF SEVERAL OCCURRENCES
COLUMN 17 PEAK WIND IN M.P.H.
PRELIMINARY LOCAL CLIMATOLOGICAL DATA (WS FORM: F-6) , PAGE 2
STATION: JAMESTOWN ND
MONTH: JUNE
YEAR: 2023
LATITUDE: 46 55 N
LONGITUDE: 98 40 W
[TEMPERATURE DATA] [PRECIPITATION DATA] SYMBOLS USED IN COLUMN 16
AVERAGE MONTHLY: 71.8 TOTAL FOR MONTH: 3.94 1 = FOG OR MIST
DPTR FM NORMAL: 6.8 DPTR FM NORMAL: 0.57 2 = FOG REDUCING VISIBILITY
HIGHEST: 99 ON 20 GRTST 24HR 2.79 ON 24-24 TO 1/4 MILE OR LESS
LOWEST: 49 ON 12 3 = THUNDER
SNOW, ICE PELLETS, HAIL 4 = ICE PELLETS
TOTAL MONTH: M 5 = HAIL
GRTST 24HR M ON M 6 = FREEZING RAIN OR DRIZZLE
GRTST DEPTH: M ON M 7 = DUSTSTORM OR SANDSTORM:
VSBY 1/2 MILE OR LESS
8 = SMOKE OR HAZE
[NO. OF DAYS WITH] [WEATHER - DAYS WITH] 9 = BLOWING SNOW
X = TORNADO
MAX 32 OR BELOW: 0 0.01 INCH OR MORE: 9
MAX 90 OR ABOVE: 8 0.10 INCH OR MORE: 6
MIN 32 OR BELOW: 0 0.50 INCH OR MORE: 1
MIN 0 OR BELOW: 0 1.00 INCH OR MORE: 1
[HDD (BASE 65) ]
TOTAL THIS MO. 7 CLEAR (SCALE 0-3) 20
DPTR FM NORMAL -76 PTCLDY (SCALE 4-7) 8
TOTAL FM JUL 1 9389 CLOUDY (SCALE 8-10) 2
DPTR FM NORMAL 378
[CDD (BASE 65) ]
TOTAL THIS MO. 215
DPTR FM NORMAL 133 [PRESSURE DATA]
TOTAL FM JAN 1 288 HIGHEST SLP 30.16 ON 11
DPTR FM NORMAL 190 LOWEST SLP 29.46 ON 24
[REMARKS]
#FINAL-06-23#