000
CXUS53 KBIS 011601
CF6JMS
PRELIMINARY LOCAL CLIMATOLOGICAL DATA (WS FORM: F-6)
STATION: JAMESTOWN ND
MONTH: NOVEMBER
YEAR: 2022
LATITUDE: 46 55 N
LONGITUDE: 98 40 W
TEMPERATURE IN F: :PCPN: SNOW: WIND :SUNSHINE: SKY :PK WND
================================================================================
1 2 3 4 5 6A 6B 7 8 9 10 11 12 13 14 15 16 17 18
12Z AVG MX 2MIN
DY MAX MIN AVG DEP HDD CDD WTR SNW DPTH SPD SPD DIR MIN PSBL S-S WX SPD DR
================================================================================
1 75 31 53 17 12 0 0.00 M M 7.7 20 180 M M 0 25 170
2 73 47 60 25 5 0 0.00 M M 16.6 24 170 M M 0 32 180
3 49 28 39 5 26 0 0.00 M M 18.5 28 330 M M 4 39 320
4 45 19 32 -2 33 0 0.00 M M 8.1 20 320 M M 0 26 310
5 47 19 33 -1 32 0 T M M 13.0 24 170 M M 3 34 270
6 45 21 33 0 32 0 0.00 M M 29.4 46 280 M M 5 8 67 270
7 31 12 22 -10 43 0 T M M 12.4 26 130 M M 5 37 130
8 43 29 36 4 29 0 0.00 M M 14.5 25 140 M M 9 36 130
9 33 23 28 -4 37 0 0.23 M M 16.5 26 30 M M 9 136 37 20
10 23 18 21 -10 44 0 0.45 M M 21.8 31 330 M M 10 128 41 330
11 21 6 14 -16 51 0 T M M 18.0 29 330 M M 7 1 37 340
12 17 2 10 -20 55 0 T M M 4.8 10 360 M M 9 1 13 330
13 20 11 16 -14 49 0 0.03 M M 6.9 14 140 M M 10 1 17 140
14 23 15 19 -10 46 0 0.04 M M 4.4 10 50 M M 10 1 13 50
15 22 12 17 -12 48 0 0.04 M M 13.4 21 330 M M 10 18 27 330
16 28 6 17 -11 48 0 T M M 12.9 22 300 M M 7 18 28 310
17 26 11 19 -9 46 0 T M M 22.8 30 310 M M 10 18 40 320
18 20 2 11 -16 54 0 T M M 19.7 29 290 M M 6 8 39 250
19 20 7 14 -13 51 0 T M M 13.4 25 330 M M 6 18 33 340
20 31 11 21 -5 44 0 0.00 M M 11.7 21 270 M M 1 27 290
21 30 15 23 -3 42 0 0.00 M M 9.4 23 330 M M 6 31 310
22 36 14 25 0 40 0 0.00 M M 8.0 17 270 M M 1 21 270
23 40 20 30 5 35 0 0.00 M M 7.7 15 320 M M 0 19 320
24 36 27 32 8 33 0 0.00 M M 13.1 22 320 M M 0 28 310
25 44 22 33 9 32 0 0.00 M M 10.6 21 230 M M 0 30 250
26 43 29 36 13 29 0 0.00 M M 13.4 25 320 M M 1 33 320
27 35 17 26 3 39 0 0.00 M M 9.7 18 170 M M 0 23 170
28 34 18 26 4 39 0 0.00 M M 13.5 26 260 M M 6 39 260
29 20 14 17 -5 48 0 T M M 19.8 31 310 M M 5 41 310
30 14 2 8 -14 57 0 T M M 15.7 33 320 M M 3 44 320
================================================================================
SM 1024 508 1179 0 0.79 M 407.4 M 143
================================================================================
AV 34.1 16.9 13.6 FASTST M M 5 MAX(MPH)
MISC ----> 46 280 67 270
================================================================================
NOTES:
# LAST OF SEVERAL OCCURRENCES
COLUMN 17 PEAK WIND IN M.P.H.
PRELIMINARY LOCAL CLIMATOLOGICAL DATA (WS FORM: F-6) , PAGE 2
STATION: JAMESTOWN ND
MONTH: NOVEMBER
YEAR: 2022
LATITUDE: 46 55 N
LONGITUDE: 98 40 W
[TEMPERATURE DATA] [PRECIPITATION DATA] SYMBOLS USED IN COLUMN 16
AVERAGE MONTHLY: 25.5 TOTAL FOR MONTH: 0.79 1 = FOG OR MIST
DPTR FM NORMAL: -2.9 DPTR FM NORMAL: 0.26 2 = FOG REDUCING VISIBILITY
HIGHEST: 75 ON 1 GRTST 24HR 0.45 ON 10-10 TO 1/4 MILE OR LESS
LOWEST: 2 ON 30,18 3 = THUNDER
SNOW, ICE PELLETS, HAIL 4 = ICE PELLETS
TOTAL MONTH: M 5 = HAIL
GRTST 24HR M ON M 6 = FREEZING RAIN OR DRIZZLE
GRTST DEPTH: M ON M 7 = DUSTSTORM OR SANDSTORM:
VSBY 1/2 MILE OR LESS
8 = SMOKE OR HAZE
[NO. OF DAYS WITH] [WEATHER - DAYS WITH] 9 = BLOWING SNOW
X = TORNADO
MAX 32 OR BELOW: 15 0.01 INCH OR MORE: 5
MAX 90 OR ABOVE: 0 0.10 INCH OR MORE: 2
MIN 32 OR BELOW: 29 0.50 INCH OR MORE: 0
MIN 0 OR BELOW: 0 1.00 INCH OR MORE: 0
[HDD (BASE 65) ]
TOTAL THIS MO. 1179 CLEAR (SCALE 0-3) 10
DPTR FM NORMAL 81 PTCLDY (SCALE 4-7) 12
TOTAL FM JUL 1 1895 CLOUDY (SCALE 8-10) 8
DPTR FM NORMAL -157
[CDD (BASE 65) ]
TOTAL THIS MO. 0
DPTR FM NORMAL 0 [PRESSURE DATA]
TOTAL FM JAN 1 566 HIGHEST SLP 30.62 ON 7
DPTR FM NORMAL 145 LOWEST SLP 29.27 ON 5
[REMARKS]
#FINAL-11-22#
PRECIPITATION VALUES WERE TAKEN FROM THE COOP SITE AT THE STATE HOSPITAL ON 11/9,11/10,11/13.11/14.