000
CXUS53 KBIS 010830
CF6JMS
PRELIMINARY LOCAL CLIMATOLOGICAL DATA (WS FORM: F-6)
STATION: JAMESTOWN ND
MONTH: JULY
YEAR: 2023
LATITUDE: 46 55 N
LONGITUDE: 98 40 W
TEMPERATURE IN F: :PCPN: SNOW: WIND :SUNSHINE: SKY :PK WND
================================================================================
1 2 3 4 5 6A 6B 7 8 9 10 11 12 13 14 15 16 17 18
12Z AVG MX 2MIN
DY MAX MIN AVG DEP HDD CDD WTR SNW DPTH SPD SPD DIR MIN PSBL S-S WX SPD DR
================================================================================
1 88 61 75 7 0 10 0.00 M M 4.1 10 110 M M 2 1 17 260
2 92 66 79 11 0 14 0.52 M M 9.7 21 330 M M 2 138 29 330
3 80 61 71 2 0 6 0.06 M M 6.8 18 330 M M 1 1 27 320
4 75 54 65 -4 0 0 0.48 M M 10.5 23 320 M M 6 1 34 310
5 67 49 58 -11 7 0 0.00 M M 8.3 15 340 M M 4 23 310
6 80 48 64 -5 1 0 0.00 M M 9.2 22 240 M M 3 29 230
7 77 54 66 -3 0 1 T M M 8.9 20 10 M M 2 26 360
8 77 49 63 -6 2 0 0.18 M M 5.9 17 30 M M 3 13 25 30
9 87 62 75 6 0 10 0.00 M M 12.2 21 260 M M 0 28 240
10 75 52 64 -6 1 0 0.00 M M 7.5 15 10 M M 2 20 10
11 60 47 54 -16 11 0 0.34 M M 4.7 10 110 M M 5 1 16 80
12 72 52 62 -8 3 0 0.00 M M 4.1 13 180 M M 6 20 150
13 82 54 68 -2 0 3 0.00 M M 7.8 24 280 M M 1 33 300
14 77 58 68 -2 0 3 0.00 M M 10.2 21 300 M M 4 18 27 300
15 72 55 64 -6 1 0 0.00 M M 11.1 22 310 M M 5 18 31 320
16 70 51 61 -9 4 0 0.01 M M 10.4 20 340 M M 4 18 28 20
17 74 47 61 -9 4 0 0.00 M M 5.5 12 340 M M 0 19 320
18 80 55 68 -2 0 3 0.26 M M 8.2 21 300 M M 3 3 29 310
19 77 59 68 -2 0 3 0.00 M M 13.0 31 310 M M 3 43 310
20 79 57 68 -2 0 3 0.00 M M 6.5 14 320 M M 2 18 320
21 84 55 70 0 0 5 0.07 M M 5.0 23 320 M M 2 3 32 310
22 83 57 70 0 0 5 0.00 M M 6.6 16 330 M M 0 22 350
23 85 55 70 0 0 5 0.00 M M 3.2 14 140 M M 1 13 17 140
24 91 60 76 6 0 11 0.00 M M 4.6 12 140 M M 0 18 16 80
25 85 64 75 5 0 10 0.05 M M 8.7 21 180 M M 1 12 28 170
26 98 67 83 13 0 18 T M M 4.2 14 280 M M 1 13 19 280
27 88 64 76 6 0 11 0.00 M M 4.6 12 350 M M 0 16 350
28 79 57 68 -2 0 3 0.11 M M 6.7 21 310 M M 3 1 27 300
29 73 52 63 -7 2 0 0.00 M M 4.6 9 50 M M 1 14 20
30 78 55 67 -3 0 2 T M M 5.6 12 110 M M 4 3 17 120
31 85 57 71 1 0 6 0.00 M M 7.5 14 140 M M 2 20 150
================================================================================
SM 2470 1734 36 132 2.08 M 225.9 M 73
================================================================================
AV 79.7 55.9 7.3 FASTST M M 2 MAX(MPH)
MISC ----> 31 310 43 310
================================================================================
NOTES:
# LAST OF SEVERAL OCCURRENCES
COLUMN 17 PEAK WIND IN M.P.H.
PRELIMINARY LOCAL CLIMATOLOGICAL DATA (WS FORM: F-6) , PAGE 2
STATION: JAMESTOWN ND
MONTH: JULY
YEAR: 2023
LATITUDE: 46 55 N
LONGITUDE: 98 40 W
[TEMPERATURE DATA] [PRECIPITATION DATA] SYMBOLS USED IN COLUMN 16
AVERAGE MONTHLY: 67.8 TOTAL FOR MONTH: 2.08 1 = FOG OR MIST
DPTR FM NORMAL: -1.9 DPTR FM NORMAL: -1.50 2 = FOG REDUCING VISIBILITY
HIGHEST: 98 ON 26 GRTST 24HR 0.54 ON 3- 4 TO 1/4 MILE OR LESS
LOWEST: 47 ON 17,11 3 = THUNDER
SNOW, ICE PELLETS, HAIL 4 = ICE PELLETS
TOTAL MONTH: M 5 = HAIL
GRTST 24HR M ON M 6 = FREEZING RAIN OR DRIZZLE
GRTST DEPTH: M ON M 7 = DUSTSTORM OR SANDSTORM:
VSBY 1/2 MILE OR LESS
8 = SMOKE OR HAZE
[NO. OF DAYS WITH] [WEATHER - DAYS WITH] 9 = BLOWING SNOW
X = TORNADO
MAX 32 OR BELOW: 0 0.01 INCH OR MORE: 10
MAX 90 OR ABOVE: 3 0.10 INCH OR MORE: 6
MIN 32 OR BELOW: 0 0.50 INCH OR MORE: 1
MIN 0 OR BELOW: 0 1.00 INCH OR MORE: 0
[HDD (BASE 65) ]
TOTAL THIS MO. 36 CLEAR (SCALE 0-3) 22
DPTR FM NORMAL 15 PTCLDY (SCALE 4-7) 9
TOTAL FM JUL 1 36 CLOUDY (SCALE 8-10) 0
DPTR FM NORMAL 18
[CDD (BASE 65) ]
TOTAL THIS MO. 132
DPTR FM NORMAL -33 [PRESSURE DATA]
TOTAL FM JAN 1 420 HIGHEST SLP 30.31 ON 29
DPTR FM NORMAL 157 LOWEST SLP 29.65 ON 9
[REMARKS]
#FINAL-07-23#