000
CXHW50 PHFO 011250
CF6JRF
PRELIMINARY LOCAL CLIMATOLOGICAL DATA (WS FORM: F-6)
STATION: KALAELOA ARPT/OAHU HI
MONTH: APRIL
YEAR: 2022
LATITUDE: 21 19 N
LONGITUDE: 158 4 W
TEMPERATURE IN F: :PCPN: SNOW: WIND :SUNSHINE: SKY :PK WND
================================================================================
1 2 3 4 5 6A 6B 7 8 9 10 11 12 13 14 15 16 17 18
12Z AVG MX 2MIN
DY MAX MIN AVG DEP HDD CDD WTR SNW DPTH SPD SPD DIR MIN PSBL S-S WX SPD DR
================================================================================
1 87 71 79 4 0 14 0.02 M M 8.8 17 50 M M 4 25 50
2 87 74 81 6 0 16 T M M 10.1 21 40 M M 3 29 40
3 88 74 81 6 0 16 0.00 M M 10.2 20 100 M M 1 30 70
4 87 74 81 6 0 16 0.00 M M 7.9 15 110 M M 2 23 80
5 86 73 80 5 0 15 T M M 7.0 15 120 M M 5 21 100
6 88 71 80 5 0 15 0.00 M M 8.0 17 40 M M 2 30 60
7 87 71 79 4 0 14 0.00 M M 9.3 20 100 M M 1 31 40
8 86 73 80 5 0 15 0.02 M M 8.6 18 110 M M 5 25 130
9 88 71 80 5 0 15 0.00 M M 7.5 15 100 M M 3 22 110
10 88 74 81 5 0 16 0.00 M M 7.8 21 110 M M 7 27 110
11 87 72 80 4 0 15 0.00 M M 7.7 20 130 M M 3 8 25 120
12 89 72 81 5 0 16 0.00 M M 6.6 14 70 M M 3 22 100
13 85 72 79 3 0 14 0.00 M M 7.9 20 130 M M 3 25 130
14 88 72 80 4 0 15 0.00 M M 7.8 17 90 M M 2 24 90
15 87 68 78 2 0 13 T M M 7.4 17 60 M M 2 24 50
16 86 73 80 4 0 15 T M M 7.9 16 70 M M 2 25 70
17 87 72 80 4 0 15 T M M 8.4 16 60 M M 4 26 30
18 87 70 79 3 0 14 T M M 7.6 16 50 M M 2 24 70
19 85 71 78 2 0 13 T M M 10.1 18 70 M M 3 8 28 60
20 87 71 79 3 0 14 0.00 M M 8.1 16 40 M M 3 25 30
21 86 71 79 3 0 14 T M M 7.8 15 70 M M 4 8 24 70
22 90 73 82 6 0 17 0.00 M M 8.4 16 90 M M 3 24 90
23 86 73 80 4 0 15 T M M 8.4 15 40 M M 7 8 23 70
24 87 73 80 4 0 15 0.00 M M 7.3 17 50 M M 4 26 70
25 87 73 80 4 0 15 0.00 M M 7.9 16 100 M M 3 25 90
26 88 71 80 4 0 15 0.03 M M 6.8 17 30 M M 3 8 25 30
27 86 73 80 4 0 15 0.00 M M 6.9 15 110 M M 3 22 110
28 87 73 80 4 0 15 0.00 M M 8.4 22 140 M M 5 25 140
29 87 72 80 4 0 15 0.00 M M 7.6 16 120 M M 3 22 100
30 88 73 81 5 0 16 0.00 M M 8.4 20 30 M M 1 26 70
================================================================================
SM 2612 2164 0 448 0.07 M 242.6 M 96
================================================================================
AV 87.1 72.1 8.1 FASTST M M 3 MAX(MPH)
MISC ----> 22 140 31 40
================================================================================
NOTES:
# LAST OF SEVERAL OCCURRENCES
COLUMN 17 PEAK WIND IN M.P.H.
PRELIMINARY LOCAL CLIMATOLOGICAL DATA (WS FORM: F-6) , PAGE 2
STATION: KALAELOA ARPT/OAHU HI
MONTH: APRIL
YEAR: 2022
LATITUDE: 21 19 N
LONGITUDE: 158 4 W
[TEMPERATURE DATA] [PRECIPITATION DATA] SYMBOLS USED IN COLUMN 16
AVERAGE MONTHLY: 79.6 TOTAL FOR MONTH: 0.07 1 = FOG OR MIST
DPTR FM NORMAL: 3.9 DPTR FM NORMAL: -0.56 2 = FOG REDUCING VISIBILITY
HIGHEST: 90 ON 22 GRTST 24HR 0.03 ON 26-26 TO 1/4 MILE OR LESS
LOWEST: 68 ON 15 3 = THUNDER
SNOW, ICE PELLETS, HAIL 4 = ICE PELLETS
TOTAL MONTH: M 5 = HAIL
GRTST 24HR M ON M 6 = FREEZING RAIN OR DRIZZLE
GRTST DEPTH: M ON M 7 = DUSTSTORM OR SANDSTORM:
VSBY 1/2 MILE OR LESS
8 = SMOKE OR HAZE
[NO. OF DAYS WITH] [WEATHER - DAYS WITH] 9 = BLOWING SNOW
X = TORNADO
MAX 32 OR BELOW: 0 0.01 INCH OR MORE: 3
MAX 90 OR ABOVE: 1 0.10 INCH OR MORE: 0
MIN 32 OR BELOW: 0 0.50 INCH OR MORE: 0
MIN 0 OR BELOW: 0 1.00 INCH OR MORE: 0
[HDD (BASE 65) ]
TOTAL THIS MO. 0 CLEAR (SCALE 0-3) 17
DPTR FM NORMAL 0 PTCLDY (SCALE 4-7) 13
TOTAL FM JUL 1 0 CLOUDY (SCALE 8-10) 0
DPTR FM NORMAL 0
[CDD (BASE 65) ]
TOTAL THIS MO. 448
DPTR FM NORMAL 128 [PRESSURE DATA]
TOTAL FM JAN 1 1405 HIGHEST SLP 30.22 ON 19
DPTR FM NORMAL 346 LOWEST SLP 29.93 ON 28
[REMARKS]
#FINAL-04-22#