653
CXHW50 PHFO 011250
CF6JRF
PRELIMINARY LOCAL CLIMATOLOGICAL DATA (WS FORM: F-6)
STATION: KALAELOA ARPT/OAHU HI
MONTH: MARCH
YEAR: 2021
LATITUDE: 21 19 N
LONGITUDE: 158 4 W
TEMPERATURE IN F: :PCPN: SNOW: WIND :SUNSHINE: SKY :PK WND
================================================================================
1 2 3 4 5 6A 6B 7 8 9 10 11 12 13 14 15 16 17 18
12Z AVG MX 2MIN
DY MAX MIN AVG DEP HDD CDD WTR SNW DPTH SPD SPD DIR MIN PSBL S-S WX SPD DR
================================================================================
1 82 69 76 3 0 11 T M M 11.0 21 50 M M 2 34 30
2 83 68 76 3 0 11 0.01 M M 9.4 18 70 M M 4 28 40
3 81 63 72 -1 0 7 0.14 M M 7.2 15 40 M M 4 18 23 20
4 82 67 75 2 0 10 0.00 M M 7.6 13 40 M M 2 22 70
5 79 65 72 -1 0 7 0.05 M M 7.5 15 50 M M 6 1 24 50
6 82 66 74 1 0 9 0.01 M M 8.1 18 30 M M 3 1 26 80
7 85 67 76 3 0 11 0.00 M M 7.5 16 40 M M 0 26 80
8 82 68 75 2 0 10 0.06 M M 7.8 15 70 M M 3 1 28 80
9 77 67 72 -1 0 7 0.74 M M 5.1 13 190 M M 9 1 18 40
10 81 68 75 2 0 10 0.47 M M 7.5 22 140 M M 5 1 24 150
11 81 69 75 2 0 10 0.09 M M 5.6 9 60 M M 5 1 12 180
12 82 68 75 1 0 10 0.42 M M 11.4 29 250 M M 6 1 35 250
13 81 68 75 1 0 10 0.10 M M 8.8 15 120 M M 6 22 40
14 79 68 74 0 0 9 T M M 5.4 12 220 M M 3 16 40
15 82 66 74 0 0 9 0.07 M M 6.9 18 130 M M 2 1 22 130
16 81 66 74 0 0 9 0.02 M M 7.7 15 60 M M 6 1 23 40
17 81 69 75 1 0 10 0.01 M M 9.7 21 30 M M 2 30 30
18 76 67 72 -2 0 7 0.01 M M 9.2 18 60 M M 6 1 27 70
19 82 68 75 1 0 10 T M M 8.8 16 60 M M 2 27 70
20 82 68 75 1 0 10 0.01 M M 9.4 18 50 M M 3 8 32 60
21 83 68 76 2 0 11 T M M 9.5 18 50 M M 3 8 29 60
22 84 64 74 0 0 9 0.00 M M 6.8 16 130 M M 3 8 23 120
23 80 63 72 -2 0 7 0.21 M M 7.1 21 160 M M 4 18 25 160
24 80 72 76 2 0 11 0.12 M M 13.4 22 230 M M 7 18 28 220
25 83 69 76 2 0 11 0.51 M M 8.4 18 250 M M 5 1 27 240
26 83 68 76 2 0 11 0.00 M M 5.7 12 230 M M 4 14 240
27 85 69 77 2 0 12 0.00 M M 7.6 16 130 M M 1 24 60
28 82 71 77 2 0 12 0.00 M M 8.2 15 110 M M 1 21 110
29 82 68 75 0 0 10 0.07 M M 5.9 16 130 M M 5 20 130
30 85 66 76 1 0 11 0.00 M M 6.7 17 130 M M 2 22 50
31 85 68 77 2 0 12 0.00 M M 7.0 14 30 M M 3 24 20
================================================================================
SM 2533 2091 0 304 3.12 M 247.9 M 117
================================================================================
AV 81.7 67.5 8.0 FASTST M M 4 MAX(MPH)
MISC ----> 29 250 35 250
================================================================================
NOTES:
# LAST OF SEVERAL OCCURRENCES
COLUMN 17 PEAK WIND IN M.P.H.
PRELIMINARY LOCAL CLIMATOLOGICAL DATA (WS FORM: F-6) , PAGE 2
STATION: KALAELOA ARPT/OAHU HI
MONTH: MARCH
YEAR: 2021
LATITUDE: 21 19 N
LONGITUDE: 158 4 W
[TEMPERATURE DATA] [PRECIPITATION DATA] SYMBOLS USED IN COLUMN 16
AVERAGE MONTHLY: 74.6 TOTAL FOR MONTH: 3.12 1 = FOG OR MIST
DPTR FM NORMAL: 0.8 DPTR FM NORMAL: 1.28 2 = FOG REDUCING VISIBILITY
HIGHEST: 85 ON 31,30 GRTST 24HR 0.75 ON 8- 9 TO 1/4 MILE OR LESS
LOWEST: 63 ON 23, 3 3 = THUNDER
SNOW, ICE PELLETS, HAIL 4 = ICE PELLETS
TOTAL MONTH: M 5 = HAIL
GRTST 24HR M ON M 6 = FREEZING RAIN OR DRIZZLE
GRTST DEPTH: M ON M 7 = DUSTSTORM OR SANDSTORM:
VSBY 1/2 MILE OR LESS
8 = SMOKE OR HAZE
[NO. OF DAYS WITH] [WEATHER - DAYS WITH] 9 = BLOWING SNOW
X = TORNADO
MAX 32 OR BELOW: 0 0.01 INCH OR MORE: 19
MAX 90 OR ABOVE: 0 0.10 INCH OR MORE: 8
MIN 32 OR BELOW: 0 0.50 INCH OR MORE: 2
MIN 0 OR BELOW: 0 1.00 INCH OR MORE: 0
[HDD (BASE 65) ]
TOTAL THIS MO. 0 CLEAR (SCALE 0-3) 13
DPTR FM NORMAL 0 PTCLDY (SCALE 4-7) 17
TOTAL FM JUL 1 0 CLOUDY (SCALE 8-10) 1
DPTR FM NORMAL 0
[CDD (BASE 65) ]
TOTAL THIS MO. 304
DPTR FM NORMAL 31 [PRESSURE DATA]
TOTAL FM JAN 1 891 HIGHEST SLP 30.26 ON 20
DPTR FM NORMAL 170 LOWEST SLP 29.92 ON 23
[REMARKS]
#FINAL-03-21#