657
CXHW50 PHFO 011250
CF6JRF
PRELIMINARY LOCAL CLIMATOLOGICAL DATA (WS FORM: F-6)
STATION: KALAELOA ARPT/OAHU HI
MONTH: AUGUST
YEAR: 2020
LATITUDE: 21 19 N
LONGITUDE: 158 4 W
TEMPERATURE IN F: :PCPN: SNOW: WIND :SUNSHINE: SKY :PK WND
================================================================================
1 2 3 4 5 6A 6B 7 8 9 10 11 12 13 14 15 16 17 18
12Z AVG MX 2MIN
DY MAX MIN AVG DEP HDD CDD WTR SNW DPTH SPD SPD DIR MIN PSBL S-S WX SPD DR
================================================================================
1 90 69 80 -1 0 15 M 0.0 M 6.4 14 80 M M M 25 70
2 90 70 80 -1 0 15 M 0.0 M 6.8 15 100 M M M 24 130
3 92 73 83 2 0 18 M 0.0 M 6.2 14 30 M M M 1 23 10
4 90 72 81 0 0 16 M 0.0 M 6.5 14 60 M M M 22 70
5 90 75 83 2 0 18 M 0.0 M 7.2 15 80 M M M 24 50
6 92 75 84 3 0 19 M 0.0 M 6.0 14 60 M M M 23 50
7 90 75 83 2 0 18 M 0.0 M 6.5 14 60 M M M 1 21 120
8 90 75 83 2 0 18 M 0.0 M 7.2 15 70 M M M 28 50
9 89 75 82 1 0 17 M 0.0 M 6.5 16 60 M M M 1 25 60
10 88 71 80 -1 0 15 M 0.0 M 6.2 14 70 M M M 25 80
11 91 69 80 -1 0 15 M 0.0 M 5.6 13 30 M M M 21 50
12 90 74 82 1 0 17 M 0.0 M 5.6 14 70 M M M 21 50
13 90 72 81 0 0 16 M 0.0 M 4.8 13 130 M M M 20 40
14 91 71 81 0 0 16 M 0.0 M 5.2 15 140 M M M 22 140
15 92 74 83 2 0 18 M 0.0 M 6.2 14 70 M M M 20 50
16 92 70 81 0 0 16 M 0.0 M 5.0 14 300 M M M 24 330
17 91 71 81 0 0 16 M 0.0 M 4.2 14 70 M M M 8 21 80
18 89 72 81 0 0 16 M 0.0 M 6.8 15 80 M M M 26 80
19 90 73 82 1 0 17 M 0.0 M 6.8 15 80 M M M 25 70
20 91 73 82 1 0 17 M 0.0 M 6.2 14 60 M M M 26 50
21 92 73 83 2 0 18 M 0.0 M 6.3 13 90 M M M 20 90
22 92 73 83 2 0 18 M 0.0 M 5.1 13 80 M M M 20 60
23 92 72 82 1 0 17 M 0.0 M 5.5 13 40 M M M 22 70
24 91 73 82 1 0 17 M 0.0 M 5.5 14 100 M M M 21 120
25 93 71 82 1 0 17 M 0.0 M 5.9 13 90 M M M 21 110
26 91 71 81 0 0 16 M 0.0 M 5.6 13 40 M M M 22 80
27 91 69 80 -1 0 15 M 0.0 M 5.9 13 40 M M M 20 80
28 91 72 82 1 0 17 M 0.0 M 6.3 15 120 M M M 21 130
29 91 74 83 2 0 18 M 0.0 M 7.7 15 110 M M M 24 90
30 91 76 84 3 0 19 M 0.0 M 7.5 16 70 M M M 28 80
31 89 75 82 2 0 17 M 0.0 M 7.4 16 90 M M M 27 90
================================================================================
SM 2812 2248 0 522 M 0.0 190.6 M M
================================================================================
AV 90.7 72.5 6.1 FASTST M M 0 MAX(MPH)
MISC ----> # 16 60 # 28 50
================================================================================
NOTES:
# LAST OF SEVERAL OCCURRENCES
COLUMN 17 PEAK WIND IN M.P.H.
PRELIMINARY LOCAL CLIMATOLOGICAL DATA (WS FORM: F-6) , PAGE 2
STATION: KALAELOA ARPT/OAHU HI
MONTH: AUGUST
YEAR: 2020
LATITUDE: 21 19 N
LONGITUDE: 158 4 W
[TEMPERATURE DATA] [PRECIPITATION DATA] SYMBOLS USED IN COLUMN 16
AVERAGE MONTHLY: 81.6 TOTAL FOR MONTH: M 1 = FOG OR MIST
DPTR FM NORMAL: 0.9 DPTR FM NORMAL: M 2 = FOG REDUCING VISIBILITY
HIGHEST: 93 ON 25 GRTST 24HR M ON M TO 1/4 MILE OR LESS
LOWEST: 69 ON 27,11 3 = THUNDER
SNOW, ICE PELLETS, HAIL 4 = ICE PELLETS
TOTAL MONTH: 0.0 INCH 5 = HAIL
GRTST 24HR 0.0 6 = FREEZING RAIN OR DRIZZLE
GRTST DEPTH: M ON M 7 = DUSTSTORM OR SANDSTORM:
VSBY 1/2 MILE OR LESS
8 = SMOKE OR HAZE
[NO. OF DAYS WITH] [WEATHER - DAYS WITH] 9 = BLOWING SNOW
X = TORNADO
MAX 32 OR BELOW: 0 0.01 INCH OR MORE: 0
MAX 90 OR ABOVE: 27 0.10 INCH OR MORE: 0
MIN 32 OR BELOW: 0 0.50 INCH OR MORE: 0
MIN 0 OR BELOW: 0 1.00 INCH OR MORE: 0
[HDD (BASE 65) ]
TOTAL THIS MO. 0 CLEAR (SCALE 0-3) 0
DPTR FM NORMAL 0 PTCLDY (SCALE 4-7) 0
TOTAL FM JUL 1 0 CLOUDY (SCALE 8-10) 0
DPTR FM NORMAL 0
[CDD (BASE 65) ]
TOTAL THIS MO. 522
DPTR FM NORMAL 35 [PRESSURE DATA]
TOTAL FM JAN 1 1275 HIGHEST SLP M ON M
DPTR FM NORMAL -1477 LOWEST SLP 29.92 ON 12
[REMARKS]
#FINAL-08-20#