000
CXUS51 KCTP 010800
CF6JST
PRELIMINARY LOCAL CLIMATOLOGICAL DATA (WS FORM: F-6)
STATION: JOHNSTOWN
MONTH: JUNE
YEAR: 2022
LATITUDE: 40 18 N
LONGITUDE: 78 50 W
TEMPERATURE IN F: :PCPN: SNOW: WIND :SUNSHINE: SKY :PK WND
================================================================================
1 2 3 4 5 6A 6B 7 8 9 10 11 12 13 14 15 16 17 18
12Z AVG MX 2MIN
DY MAX MIN AVG DEP HDD CDD WTR SNW DPTH SPD SPD DIR MIN PSBL S-S WX SPD DR
================================================================================
1 83 63 73 10 0 8 0.04 M M 9.1 24 300 M M 3 32 300
2 68 56 62 -1 3 0 0.82 M M 6.7 14 330 M M 9 12 19 320
3 70 48 59 -4 6 0 T M M 6.8 16 300 M M 3 1 22 270
4 70 52 61 -2 4 0 0.00 M M 8.1 17 320 M M 0 22 330
5 74 47 61 -3 4 0 0.00 M M 4.8 12 170 M M 2 18 170
6 77 57 67 3 0 2 0.00 M M 11.2 20 160 M M 4 26 200
7 67 59 63 -1 2 0 0.81 M M 10.4 18 170 M M 8 1 23 160
8 76 54 65 1 0 0 0.48 M M 5.8 21 160 M M 4 1 26 160
9 65 51 58 -7 7 0 0.01 M M 13.0 25 290 M M 7 1 36 300
10 69 51 60 -5 5 0 0.00 M M 8.7 16 320 M M 1 22 290
11 66 52 59 -6 6 0 T M M 5.6 10 160 M M 4 13 220
12 74 56 65 0 0 0 0.01 M M 6.7 17 300 M M 6 1 20 240
13 81 64 73 7 0 8 0.46 M M 5.4 13 300 M M 6 18 17 310
14 76 65 71 5 0 6 0.16 M M 6.9 20 240 M M 6 12 26 230
15 87 62 75 9 0 10 0.00 M M 4.6 10 170 M M 6 12 14 220
16 86 71 79 13 0 14 0.00 M M 9.7 21 230 M M 3 1 28 240
17 81 64 73 7 0 8 0.00 M M 14.5 30 280 M M 3 43 270
18 66 49 58 -9 7 0 T M M 18.5 29 300 M M 4 1 39 320
19 68 45 57 -10 8 0 0.00 M M 12.1 25 320 M M 0 33 320
20 70 54 62 -5 3 0 0.00 M M 8.7 15 280 M M 9 20 340
21 83 58 71 4 0 6 T M M 9.6 17 280 M M 4 25 280
22 88 67 78 10 0 13 0.59 M M 8.8 37 320 M M 3 1 48 320
23 78 63 71 3 0 6 0.00 M M 7.1 14 320 M M 2 1 19 320
24 80 56 68 0 0 3 0.00 M M 3.8 10 340 M M 1 14 270
25 83 59 71 3 0 6 0.00 M M 5.5 13 170 M M 2 19 160
26 79 67 73 5 0 8 0.09 M M 7.4 13 330 M M 5 1 17 250
27 72 57 65 -3 0 0 0.55 M M 10.8 23 300 M M 4 1 29 300
28 72 50 61 -8 4 0 0.00 M M 5.2 14 280 M M 0 18 300
29 77 55 66 -3 0 1 0.00 M M 5.7 14 260 M M 1 20 280
30 82 57 70 1 0 5 0.00 M M 5.8 15 170 M M 0 19 160
================================================================================
SM 2268 1709 59 104 4.02 M 247.0 M 110
================================================================================
AV 75.6 57.0 8.2 FASTST M M 4 MAX(MPH)
MISC ----> 37 320 48 320
================================================================================
NOTES:
# LAST OF SEVERAL OCCURRENCES
COLUMN 17 PEAK WIND IN M.P.H.
PRELIMINARY LOCAL CLIMATOLOGICAL DATA (WS FORM: F-6) , PAGE 2
STATION: JOHNSTOWN
MONTH: JUNE
YEAR: 2022
LATITUDE: 40 18 N
LONGITUDE: 78 50 W
[TEMPERATURE DATA] [PRECIPITATION DATA] SYMBOLS USED IN COLUMN 16
AVERAGE MONTHLY: 66.3 TOTAL FOR MONTH: 4.02 1 = FOG OR MIST
DPTR FM NORMAL: 0.3 DPTR FM NORMAL: -0.38 2 = FOG REDUCING VISIBILITY
HIGHEST: 88 ON 22 GRTST 24HR 0.85 ON 1- 2 TO 1/4 MILE OR LESS
LOWEST: 45 ON 19 3 = THUNDER
SNOW, ICE PELLETS, HAIL 4 = ICE PELLETS
TOTAL MONTH: M 5 = HAIL
GRTST 24HR M ON M 6 = FREEZING RAIN OR DRIZZLE
GRTST DEPTH: M ON M 7 = DUSTSTORM OR SANDSTORM:
VSBY 1/2 MILE OR LESS
8 = SMOKE OR HAZE
[NO. OF DAYS WITH] [WEATHER - DAYS WITH] 9 = BLOWING SNOW
X = TORNADO
MAX 32 OR BELOW: 0 0.01 INCH OR MORE: 11
MAX 90 OR ABOVE: 0 0.10 INCH OR MORE: 7
MIN 32 OR BELOW: 0 0.50 INCH OR MORE: 4
MIN 0 OR BELOW: 0 1.00 INCH OR MORE: 0
[HDD (BASE 65) ]
TOTAL THIS MO. 59 CLEAR (SCALE 0-3) 13
DPTR FM NORMAL 0 PTCLDY (SCALE 4-7) 15
TOTAL FM JUL 1 5831 CLOUDY (SCALE 8-10) 2
DPTR FM NORMAL -494
[CDD (BASE 65) ]
TOTAL THIS MO. 104
DPTR FM NORMAL 13 [PRESSURE DATA]
TOTAL FM JAN 1 148 HIGHEST SLP 30.28 ON 30
DPTR FM NORMAL 19 LOWEST SLP 29.62 ON 8
[REMARKS]
#FINAL-06-22#