000
CXUS51 KCTP 011209
CF6JST
PRELIMINARY LOCAL CLIMATOLOGICAL DATA (WS FORM: F-6)
STATION: JOHNSTOWN
MONTH: FEBRUARY
YEAR: 2021
LATITUDE: 40 18 N
LONGITUDE: 78 50 W
TEMPERATURE IN F: :PCPN: SNOW: WIND :SUNSHINE: SKY :PK WND
================================================================================
1 2 3 4 5 6A 6B 7 8 9 10 11 12 13 14 15 16 17 18
12Z AVG MX 2MIN
DY MAX MIN AVG DEP HDD CDD WTR SNW DPTH SPD SPD DIR MIN PSBL S-S WX SPD DR
================================================================================
1 28 21 25 -1 40 0 0.01 M M 7.4 14 110 M M 10 18 21 110
2 27 19 23 -3 42 0 T M M 16.3 30 300 M M 10 18 37 310
3 30 20 25 -2 40 0 T M M 18.5 30 300 M M 9 18 39 290
4 36 13 25 -2 40 0 T M M 10.2 24 170 M M 4 18 31 180
5 36 24 30 3 35 0 0.01 M M 16.4 29 270 M M 10 18 40 270
6 29 23 26 -1 39 0 T M M 12.4 28 250 M M 5 18 37 240
7 29 11 20 -7 45 0 T M M 10.6 23 290 M M 5 18 32 280
8 33 4 19 -8 46 0 T M M 5.3 13 310 M M 4 15 140
9 28 22 25 -3 40 0 0.02 M M 7.9 16 280 M M 10 18 20 290
10 27 19 23 -5 42 0 0.24 M M 5.9 20 290 M M 10 1 23 290
11 24 21 23 -5 42 0 T M M 5.1 12 350 M M 8 18 14 320
12 25 15 20 -8 45 0 0.01 M M 5.5 15 160 M M 9 18 19 110
13 23 18 21 -7 44 0 0.00 M M 6.8 13 160 M M 10 18 16 100
14 25 22 24 -4 41 0 0.00 M M 5.4 14 300 M M 10 12 17 300
15 30 22 26 -3 39 0 0.50 M M 5.5 22 150 M M 10 16 30 150
16 34 13 24 -5 41 0 0.06 M M 16.0 26 260 M M 10 1268 37 250
17 23 6 15 -14 50 0 0.08 M M 5.2 17 310 M M 7 18 22 300
18 23 18 21 -8 44 0 0.22 M M 5.4 13 140 M M 10 168 19 160
19 26 17 22 -8 43 0 0.01 M M 7.9 18 280 M M 10 128 23 270
20 17 11 14 -16 51 0 0.01 M M 12.6 20 280 M M 10 18 27 270
21 29 6 18 -12 47 0 0.00 M M 7.6 17 160 M M 1 18 22 170
22 37 24 31 1 34 0 0.22 M M 17.2 33 270 M M 9 128 42 270
23 41 28 35 5 30 0 T M M 15.8 26 280 M M 7 37 250
24 57 30 44 13 21 0 0.11 M M 11.9 25 240 M M 3 1 34 230
25 38 26 32 1 33 0 0.00 M M 13.4 26 320 M M 3 34 320
26 36 25 31 0 34 0 T M M 8.6 25 160 M M 3 36 170
27 45 32 39 8 26 0 0.06 M M 9.8 22 170 M M 8 126 27 160
28 45 36 41 9 24 0 0.98 M M 8.0 16 140 M M 8 12 24 140
================================================================================
SM 881 546 1098 0 2.54 M 278.6 M 213
================================================================================
AV 31.5 19.5 9.9 FASTST M M 8 MAX(MPH)
MISC ----> 33 270 42 270
================================================================================
NOTES:
# LAST OF SEVERAL OCCURRENCES
COLUMN 17 PEAK WIND IN M.P.H.
PRELIMINARY LOCAL CLIMATOLOGICAL DATA (WS FORM: F-6) , PAGE 2
STATION: JOHNSTOWN
MONTH: FEBRUARY
YEAR: 2021
LATITUDE: 40 18 N
LONGITUDE: 78 50 W
[TEMPERATURE DATA] [PRECIPITATION DATA] SYMBOLS USED IN COLUMN 16
AVERAGE MONTHLY: 25.5 TOTAL FOR MONTH: 2.54 1 = FOG OR MIST
DPTR FM NORMAL: -3.2 DPTR FM NORMAL: 0.01 2 = FOG REDUCING VISIBILITY
HIGHEST: 57 ON 24 GRTST 24HR 0.98 ON 28-28 TO 1/4 MILE OR LESS
LOWEST: 4 ON 8 3 = THUNDER
SNOW, ICE PELLETS, HAIL 4 = ICE PELLETS
TOTAL MONTH: M 5 = HAIL
GRTST 24HR M ON M 6 = FREEZING RAIN OR DRIZZLE
GRTST DEPTH: M ON M 7 = DUSTSTORM OR SANDSTORM:
VSBY 1/2 MILE OR LESS
8 = SMOKE OR HAZE
[NO. OF DAYS WITH] [WEATHER - DAYS WITH] 9 = BLOWING SNOW
X = TORNADO
MAX 32 OR BELOW: 17 0.01 INCH OR MORE: 15
MAX 90 OR ABOVE: 0 0.10 INCH OR MORE: 6
MIN 32 OR BELOW: 27 0.50 INCH OR MORE: 2
MIN 0 OR BELOW: 0 1.00 INCH OR MORE: 0
[HDD (BASE 65) ]
TOTAL THIS MO. 1098 CLEAR (SCALE 0-3) 2
DPTR FM NORMAL 83 PTCLDY (SCALE 4-7) 11
TOTAL FM JUL 1 4439 CLOUDY (SCALE 8-10) 15
DPTR FM NORMAL -193
[CDD (BASE 65) ]
TOTAL THIS MO. 0
DPTR FM NORMAL 0 [PRESSURE DATA]
TOTAL FM JAN 1 0 HIGHEST SLP 30.57 ON 21
DPTR FM NORMAL 0 LOWEST SLP 29.53 ON 5
[REMARKS]
#FINAL-02-21#
SENT TO CORRECT ACIS DATABASE FOR PRECIP ON THE 10TH