000
CXUS51 KCTP 010839
CLSJST
CLIMATE REPORT
NATIONAL WEATHER SERVICE STATE COLLEGE PA
339 AM EST TUE MAR 01 2022
...................................
...THE JOHNSTOWN CLIMATE SUMMARY FOR THE SEASON, FROM
12/1/2021 TO 2/28/2022...
CLIMATE NORMAL PERIOD 1991 TO 2020
CLIMATE RECORD PERIOD 1892 TO 2022
WEATHER OBSERVED NORMAL DEPART LAST YEAR`S
VALUE DATE(S) VALUE FROM VALUE DATE(S)
NORMAL
................................................................
TEMPERATURE (F)
RECORD
HIGH 80 01/26/1950
LOW -20 01/30/1977
HIGHEST 64 12/16 59 12/11
12/12
LOWEST -2 01/22 4 02/08
01/27
AVG. MAXIMUM 38.6 35.8 2.8 33.2
AVG. MINIMUM 22.4 21.6 0.8 22.5
MEAN 30.5 28.7 1.8 27.8
DAYS MAX >= 90 0 0.0 0.0 0
DAYS MAX <= 32 32 42.1 -10.1 46
DAYS MIN <= 32 71 76.4 -5.4 84
DAYS MIN <= 0 2 3.2 -1.2 0
PRECIPITATION (INCHES)
RECORD
MAXIMUM 18.07 1937
MINIMUM 5.73 2015
TOTALS 11.00 7.75 3.25 5.93
DAILY AVG. 0.12 0.09 0.03 0.07
DAYS >= .01 39 43.8 -4.8 36
DAYS >= .10 20 19.7 0.3 13
DAYS >= .50 8 4.3 3.7 4
DAYS >= 1.00 2 0.7 1.3 1
GREATEST
24 HR. TOTAL 1.34 1.01 12/24 TO 12/25
STORM TOTAL 1.23 0.98
DEGREE DAYS
HEATING TOTAL 3084 3262 -178 3312
SINCE 7/1 4242 4632 -390 MM
COOLING TOTAL 0 0 0 0
SINCE 1/1 0 0 0 MM
FREEZE DATES
RECORD
EARLIEST 08/31/1894
LATEST 05/27/1915
EARLIEST 11/02
LATEST 04/26
................................................................
WIND (MPH)
AVERAGE WIND SPEED 10.8
RESULTANT WIND SPEED/DIRECTION 7/250
HIGHEST WIND SPEED/DIRECTION 37/270 DATE 12/11
HIGHEST GUST SPEED/DIRECTION 51/200 DATE 01/17
SKY COVER
POSSIBLE SUNSHINE (PERCENT) MM
AVERAGE SKY COVER 0.60
NUMBER OF DAYS FAIR 26
NUMBER OF DAYS PC 24
NUMBER OF DAYS CLOUDY 40
WEATHER CONDITIONS. NUMBER OF DAYS WITH
THUNDERSTORM 2 MIXED PRECIP 0
HEAVY RAIN 9 RAIN 13
LIGHT RAIN 32 FREEZING RAIN 5
LT FREEZING RAIN 10 HAIL 0
HEAVY SNOW 3 SNOW 11
LIGHT SNOW 37 SLEET 0
FOG 45 FOG W/VIS <= 1/4 MILE 16
HAZE 28
- INDICATES NEGATIVE NUMBERS.
R INDICATES RECORD WAS SET OR TIED.
MM INDICATES DATA IS MISSING.
T INDICATES TRACE AMOUNT.
$$