000
CXUS54 KFWD 010831
CF6JWY
PRELIMINARY LOCAL CLIMATOLOGICAL DATA (WS FORM: F-6)
STATION: WAXAHACHIE
MONTH: DECEMBER
YEAR: 2022
LATITUDE: 32 27 N
LONGITUDE: 96 54 W
TEMPERATURE IN F: :PCPN: SNOW: WIND :SUNSHINE: SKY :PK WND
================================================================================
1 2 3 4 5 6A 6B 7 8 9 10 11 12 13 14 15 16 17 18
12Z AVG MX 2MIN
DY MAX MIN AVG DEP HDD CDD WTR SNW DPTH SPD SPD DIR MIN PSBL S-S WX SPD DR
================================================================================
1 53 32 43 -6 22 0 0.00 M M 3.4 9 190 M M 5 16 110
2 65 48 57 8 8 0 0.00 M M 9.2 15 180 M M 9 1 21 190
3 64 46 55 6 10 0 0.00 M M 9.5 17 350 M M 6 25 350
4 57 47 52 4 13 0 0.00 M M 2.4 9 340 M M 10 1 M M
5 78 51 65 17 0 0 0.00 M M 11.9 21 210 M M 6 1 27 210
6 77 62 70 22 0 5 M M M 7.8 18 210 M M 3 1 17 200
7 77 66 72 25 0 7 0.03 M M 4.1 12 180 M M 9 1 17 200
8 78 66 72 25 0 7 0.02 M M 7.3 15 200 M M 9 1 22 200
9 66 61 64 17 1 0 0.01 M M 3.6 7 40 M M 9 12 M M
10 75 55 65 18 0 0 0.01 M M 7.4 15 220 M M 10 12 22 220
11 58 52 55 9 10 0 0.01 M M 4.8 13 340 M M 10 1 16 340
12 63 54 59 13 6 0 0.01 M M 6.2 14 150 M M 10 1 21 150
13 70 50 60 14 5 0 0.01 M M 8.2 20 280 M M 8 1 29 280
14 59 39 49 3 16 0 T M M 7.0 15 310 M M 4 24 310
15 55 35 45 -1 20 0 0.00 M M 4.6 8 340 M M 2 M M
16 48 33 41 -4 24 0 0.00 M M 4.3 14 350 M M 4 17 350
17 51 30 41 -4 24 0 0.00 M M 4.8 15 350 M M 1 21 340
18 55 27 41 -4 24 0 0.00 M M 3.0 8 150 M M 3 16 150
19 49 42 46 1 19 0 T M M 3.7 10 140 M M 10 1 17 140
20 55 36 46 1 19 0 0.00 M M 4.9 9 20 M M 5 1 18 30
21 51 30 41 -4 24 0 0.00 M M 3.9 12 200 M M 0 1 M M
22 43 11 27 -18 38 0 0.01 M M 16.8 30 330 M M 7 1 36 330
23 24 10 17 -28 48 0 0.00 M M 13.4 21 350 M M 1 31 340
24 37 19 28 -16 37 0 0.00 M M 3.2 8 350 M M 1 M M
25 50 22 36 -8 29 0 0.00 M M 4.6 10 210 M M 0 M M
26 54 27 41 -3 24 0 0.00 M M 6.5 17 350 M M 1 20 350
27 51 20 36 -8 29 0 0.00 M M 5.6 10 160 M M 0 16 360
28 70 36 53 9 12 0 0.00 M M 14.1 30 190 M M 0 38 190
29 74 54 64 20 1 0 0.00 M M 10.0 18 210 M M 3 31 180
30 64 43 54 10 11 0 0.00 M M 2.5 7 330 M M 4 M M
31 74 46 60 16 5 0 0.00 M M 6.1 15 220 M M 1 1 23 200
================================================================================
SM 1845 1250 479 19 0.11 M 205.0 M 151
================================================================================
AV 59.5 40.3 6.6 FASTST M M 5 MAX(MPH)
MISC ----> # 30 330 38 190
================================================================================
NOTES:
# LAST OF SEVERAL OCCURRENCES
COLUMN 17 PEAK WIND IN M.P.H.
PRELIMINARY LOCAL CLIMATOLOGICAL DATA (WS FORM: F-6) , PAGE 2
STATION: WAXAHACHIE
MONTH: DECEMBER
YEAR: 2022
LATITUDE: 32 27 N
LONGITUDE: 96 54 W
[TEMPERATURE DATA] [PRECIPITATION DATA] SYMBOLS USED IN COLUMN 16
AVERAGE MONTHLY: 49.9 TOTAL FOR MONTH: 0.11 1 = FOG OR MIST
DPTR FM NORMAL: 4.0 DPTR FM NORMAL: -2.99 2 = FOG REDUCING VISIBILITY
HIGHEST: 78 ON 8, 5 GRTST 24HR 0.03 ON 7- 7 TO 1/4 MILE OR LESS
LOWEST: 10 ON 23 3 = THUNDER
SNOW, ICE PELLETS, HAIL 4 = ICE PELLETS
TOTAL MONTH: M 5 = HAIL
GRTST 24HR M ON M 6 = FREEZING RAIN OR DRIZZLE
GRTST DEPTH: M ON M 7 = DUSTSTORM OR SANDSTORM:
VSBY 1/2 MILE OR LESS
8 = SMOKE OR HAZE
[NO. OF DAYS WITH] [WEATHER - DAYS WITH] 9 = BLOWING SNOW
X = TORNADO
MAX 32 OR BELOW: 1 0.01 INCH OR MORE: 8
MAX 90 OR ABOVE: 0 0.10 INCH OR MORE: 0
MIN 32 OR BELOW: 10 0.50 INCH OR MORE: 0
MIN 0 OR BELOW: 0 1.00 INCH OR MORE: 0
[HDD (BASE 65) ]
TOTAL THIS MO. 479 CLEAR (SCALE 0-3) 11
DPTR FM NORMAL -115 PTCLDY (SCALE 4-7) 11
TOTAL FM JUL 1 901 CLOUDY (SCALE 8-10) 9
DPTR FM NORMAL -91
[CDD (BASE 65) ]
TOTAL THIS MO. 19
DPTR FM NORMAL 17 [PRESSURE DATA]
TOTAL FM JAN 1 3101 HIGHEST SLP M ON M
DPTR FM NORMAL 668 LOWEST SLP M ON M
[REMARKS]
#FINAL-12-22#