000
CXUS53 KIND 010700
CF6LAF
PRELIMINARY LOCAL CLIMATOLOGICAL DATA (WS FORM: F-6)
STATION: LAFAYETTE IN
MONTH: JANUARY
YEAR: 2021
LATITUDE: 40 25 N
LONGITUDE: 86 56 W
TEMPERATURE IN F: :PCPN: SNOW: WIND :SUNSHINE: SKY :PK WND
================================================================================
1 2 3 4 5 6A 6B 7 8 9 10 11 12 13 14 15 16 17 18
12Z AVG MX 2MIN
DY MAX MIN AVG DEP HDD CDD WTR SNW DPTH SPD SPD DIR MIN PSBL S-S WX SPD DR
================================================================================
1 39 27 33 6 32 0 0.66 M M 12.3 22 70 M M 8 168 31 70
2 37 34 36 9 29 0 0.01 M M 5.1 13 100 M M 10 1 19 310
3 35 32 34 7 31 0 0.24 M M 4.4 13 280 M M 10 1 17 290
4 42 25 34 7 31 0 T M M 2.6 14 310 M M 4 12 19 310
5 36 31 34 8 31 0 0.00 M M 7.1 15 290 M M 10 1 20 290
6 40 26 33 7 32 0 0.00 M M 5.7 14 50 M M 9 18 18 90
7 40 35 38 12 27 0 0.00 M M 9.2 17 50 M M 10 22 60
8 37 29 33 7 32 0 0.00 M M 10.0 17 10 M M 9 23 350
9 31 21 26 0 39 0 0.00 M M 3.4 12 320 M M 7 1 14 10
10 30 20 25 -1 40 0 0.00 M M 4.6 10 250 M M 10 1 15 240
11 30 24 27 1 38 0 T M M 8.0 15 240 M M 10 1 23 250
12 43 25 34 8 31 0 0.00 M M 7.6 17 230 M M 3 18 27 230
13 46 32 39 13 26 0 0.00 M M 7.3 15 220 M M 2 1 23 220
14 46 32 39 13 26 0 0.05 M M 6.8 16 220 M M 4 28 240
15 40 28 34 8 31 0 T M M 6.0 15 220 M M 9 18 23 220
16 37 27 32 6 33 0 0.02 M M 8.1 15 290 M M 10 1 22 290
17 35 30 33 7 32 0 0.02 M M 8.4 15 280 M M 10 1 22 250
18 35 26 31 5 34 0 T M M 7.0 15 270 M M 9 18 22 290
19 40 19 30 4 35 0 T M M 10.7 29 280 M M 5 18 43 290
20 35 19 27 1 38 0 0.00 M M 11.1 30 290 M M 4 45 290
21 51 31 41 15 24 0 0.00 M M 11.5 25 270 M M 0 35 270
22 35 15 25 -1 40 0 0.00 M M 11.6 18 340 M M 0 27 290
23 36 9 23 -3 42 0 0.00 M M 3.3 10 110 M M 1 14 110
24 35 28 32 5 33 0 T M M 4.6 12 150 M M 10 18 17 130
25 35 27 31 4 34 0 0.11 M M 12.7 25 70 M M 6 168 33 70
26 35 32 34 7 31 0 T M M 6.8 15 320 M M 10 12 22 90
27 32 25 29 2 36 0 T M M 8.3 14 20 M M 8 1 18 10
28 32 16 24 -3 41 0 T M M 6.5 15 290 M M 4 19 320
29 40 17 29 2 36 0 0.00 M M 4.6 13 110 M M 3 8 18 130
30 40 28 34 7 31 0 0.46 M M 12.8 22 110 M M 6 18 30 120
31 37 31 34 7 31 0 0.26 M M 13.0 20 60 M M 10 1 28 60
================================================================================
SM 1162 801 1027 0 1.83 M 241.1 M 211
================================================================================
AV 37.5 25.8 7.8 FASTST M M 7 MAX(MPH)
MISC ----> 30 290 45 290
================================================================================
NOTES:
# LAST OF SEVERAL OCCURRENCES
COLUMN 17 PEAK WIND IN M.P.H.
PRELIMINARY LOCAL CLIMATOLOGICAL DATA (WS FORM: F-6) , PAGE 2
STATION: LAFAYETTE IN
MONTH: JANUARY
YEAR: 2021
LATITUDE: 40 25 N
LONGITUDE: 86 56 W
[TEMPERATURE DATA] [PRECIPITATION DATA] SYMBOLS USED IN COLUMN 16
AVERAGE MONTHLY: 31.7 TOTAL FOR MONTH: 1.83 1 = FOG OR MIST
DPTR FM NORMAL: 5.2 DPTR FM NORMAL: -0.03 2 = FOG REDUCING VISIBILITY
HIGHEST: 51 ON 21 GRTST 24HR 0.89 ON 30-31 TO 1/4 MILE OR LESS
LOWEST: 9 ON 23 3 = THUNDER
SNOW, ICE PELLETS, HAIL 4 = ICE PELLETS
TOTAL MONTH: M 5 = HAIL
GRTST 24HR M ON M 6 = FREEZING RAIN OR DRIZZLE
GRTST DEPTH: M ON M 7 = DUSTSTORM OR SANDSTORM:
VSBY 1/2 MILE OR LESS
8 = SMOKE OR HAZE
[NO. OF DAYS WITH] [WEATHER - DAYS WITH] 9 = BLOWING SNOW
X = TORNADO
MAX 32 OR BELOW: 5 0.01 INCH OR MORE: 9
MAX 90 OR ABOVE: 0 0.10 INCH OR MORE: 5
MIN 32 OR BELOW: 29 0.50 INCH OR MORE: 1
MIN 0 OR BELOW: 0 1.00 INCH OR MORE: 0
[HDD (BASE 65) ]
TOTAL THIS MO. 1027 CLEAR (SCALE 0-3) 6
DPTR FM NORMAL -166 PTCLDY (SCALE 4-7) 8
TOTAL FM JUL 1 2824 CLOUDY (SCALE 8-10) 17
DPTR FM NORMAL -548
[CDD (BASE 65) ]
TOTAL THIS MO. 0
DPTR FM NORMAL 0 [PRESSURE DATA]
TOTAL FM JAN 1 0 HIGHEST SLP M ON M
DPTR FM NORMAL 0 LOWEST SLP 29.48 ON 15
[REMARKS]
#FINAL-01-21#