000
CXUS53 KGRR 011010
CF6LAN
PRELIMINARY LOCAL CLIMATOLOGICAL DATA (WS FORM: F-6)
STATION: LANSING
MONTH: DECEMBER
YEAR: 2023
LATITUDE: 42 46 N
LONGITUDE: 84 36 W
TEMPERATURE IN F: :PCPN: SNOW: WIND :SUNSHINE: SKY :PK WND
================================================================================
1 2 3 4 5 6A 6B 7 8 9 10 11 12 13 14 15 16 17 18
12Z AVG MX 2MIN
DY MAX MIN AVG DEP HDD CDD WTR SNW DPTH SPD SPD DIR MIN PSBL S-S WX SPD DR
================================================================================
1 43 34 39 5 26 0 0.52 T 0 6.1 10 60 M M 10 18 14 70
2 37 33 35 2 30 0 0.09 T 0 7.2 13 40 M M 10 1 17 30
3 40 35 38 5 27 0 0.23 0.0 0 5.7 15 280 M M 10 1 19 280
4 40 32 36 3 29 0 T T 0 6.8 14 290 M M 10 1 20 290
5 38 30 34 2 31 0 0.02 T 0 3.8 10 340 M M 9 1 16 340
6 39 28 34 2 31 0 T T 0 7.4 20 200 M M 9 27 200
7 47 34 41 9 24 0 0.00 0.0 0 8.1 18 220 M M 2 26 210
8 53 37 45 13 20 0 0.00 0.0 0 10.2 22 210 M M 5 27 200
9 59 39 49 18 16 0 0.05 0.0 0 13.0 30 260 M M 8 1 41 230
10 41 30 36 5 29 0 0.02 T 0 11.0 24 250 M M 10 1 33 240
11 33 26 30 -1 35 0 0.00 0.0 0 10.0 18 220 M M 9 25 230
12 38 27 33 3 32 0 0.00 0.0 0 13.6 25 260 M M 2 36 260
13 37 23 30 0 35 0 0.00 0.0 0 6.5 15 240 M M 4 19 240
14 49 28 39 9 26 0 0.00 0.0 0 9.5 21 250 M M 0 27 260
15 55 32 44 14 21 0 0.00 0.0 0 5.6 15 240 M M 1 20 260
16 49 35 42 13 23 0 0.01 0.0 0 9.0 20 150 M M 2 29 130
17 46 38 42 13 23 0 0.08 0.0 0 8.7 17 260 M M 10 1 23 260
18 38 27 33 4 32 0 0.13 2.5 0 16.4 28 310 M M 10 18 40 300
19 32 25 29 0 36 0 0.00 0.0 1 11.7 21 290 M M 7 29 320
20 40 28 34 6 31 0 0.00 0.0 0 4.8 13 210 M M 3 18 200
21 41 25 33 5 32 0 0.00 0.0 0 6.2 13 120 M M 4 18 16 120
22 41 37 39 11 26 0 0.36 0.0 0 8.0 12 130 M M 10 18 15 130
23 46 39 43 15 22 0 0.20 0.0 0 3.2 9 170 M M 10 1 14 170
24 48 43 46 19 19 0 0.00 0.0 0 6.8 13 140 M M 10 12 16 130
25 54 46 50 23 15 0 0.03 0.0 0 10.4 15 130 M M 8 1 22 100
26 54 46 50 23 15 0 0.03 0.0 0 6.8 16 120 M M 10 1 23 110
27 46 39 43 16 22 0 0.00 0.0 0 8.4 14 300 M M 9 1 19 300
28 43 39 41 15 24 0 0.20 0.0 0 7.2 12 30 M M 10 1 17 350
29 42 36 39 13 26 0 0.20 0.0 0 5.6 13 350 M M 10 1 17 320
30 40 27 34 8 31 0 0.00 0.0 0 6.2 16 220 M M 8 21 220
31 36 31 34 8 31 0 0.03 T 0 7.6 15 360 M M 10 1 21 340
================================================================================
SM 1345 1029 820 0 2.20 2.5 251.5 M 230
================================================================================
AV 43.4 33.2 8.1 FASTST M M 7 MAX(MPH)
MISC ----> 30 260 41 230
================================================================================
NOTES:
# LAST OF SEVERAL OCCURRENCES
COLUMN 17 PEAK WIND IN M.P.H.
PRELIMINARY LOCAL CLIMATOLOGICAL DATA (WS FORM: F-6) , PAGE 2
STATION: LANSING
MONTH: DECEMBER
YEAR: 2023
LATITUDE: 42 46 N
LONGITUDE: 84 36 W
[TEMPERATURE DATA] [PRECIPITATION DATA] SYMBOLS USED IN COLUMN 16
AVERAGE MONTHLY: 38.3 TOTAL FOR MONTH: 2.20 1 = FOG OR MIST
DPTR FM NORMAL: 8.8 DPTR FM NORMAL: 0.30 2 = FOG REDUCING VISIBILITY
HIGHEST: 59 ON 9 GRTST 24HR 0.61 ON 1- 2 TO 1/4 MILE OR LESS
LOWEST: 23 ON 13 3 = THUNDER
SNOW, ICE PELLETS, HAIL 4 = ICE PELLETS
TOTAL MONTH: 2.5 INCHES 5 = HAIL
GRTST 24HR 2.5 ON 18-18 6 = FREEZING RAIN OR DRIZZLE
GRTST DEPTH: 1 ON 19 7 = DUSTSTORM OR SANDSTORM:
VSBY 1/2 MILE OR LESS
8 = SMOKE OR HAZE
[NO. OF DAYS WITH] [WEATHER - DAYS WITH] 9 = BLOWING SNOW
X = TORNADO
MAX 32 OR BELOW: 1 0.01 INCH OR MORE: 16
MAX 90 OR ABOVE: 0 0.10 INCH OR MORE: 7
MIN 32 OR BELOW: 15 0.50 INCH OR MORE: 1
MIN 0 OR BELOW: 0 1.00 INCH OR MORE: 0
[HDD (BASE 65) ]
TOTAL THIS MO. 820 CLEAR (SCALE 0-3) 5
DPTR FM NORMAL -280 PTCLDY (SCALE 4-7) 8
TOTAL FM JUL 1 2091 CLOUDY (SCALE 8-10) 18
DPTR FM NORMAL -391
[CDD (BASE 65) ]
TOTAL THIS MO. 0
DPTR FM NORMAL 0 [PRESSURE DATA]
TOTAL FM JAN 1 701 HIGHEST SLP 30.67 ON 14
DPTR FM NORMAL 44 LOWEST SLP 29.56 ON 18
[REMARKS]
#FINAL-12-23#