000
CXUS55 KCYS 051825
CLMLAR
CLIMATE REPORT
NATIONAL WEATHER SERVICE CHEYENNE WY
1225 PM MDT FRI APR 05 2024
...................................
...THE LARAMIE WYOMING AIRPORT CLIMATE SUMMARY FOR THE MONTH OF MARCH 2024...
CLIMATE NORMAL PERIOD 1991 TO 2020
CLIMATE RECORD PERIOD 1948 TO 2024
WEATHER OBSERVED NORMAL DEPART LAST YEAR`S
VALUE DATE(S) VALUE FROM VALUE DATE(S)
NORMAL
................................................................
TEMPERATURE (F)
RECORD
HIGH 71 03/31/2012
03/23/2012
LOW -25 03/02/2002
HIGHEST 59 03/21 MM MM 55
LOWEST 6 03/09 MM MM -1
AVG. MAXIMUM 46.5 44.5 2.0 38.5
AVG. MINIMUM 24.1 19.2 4.9 15.3
MEAN 35.3 31.8 3.5 26.9
DAYS MAX >= 90 0 0.0 0.0 0
DAYS MAX <= 32 3 5.0 -2.0 8
DAYS MIN <= 32 28 29.2 -1.2 31
DAYS MIN <= 0 0 1.4 -1.4 1
PRECIPITATION (INCHES)
RECORD
MAXIMUM 2.43 1983
TOTALS 1.09 0.48 0.61 0.25
DAYS >= .01 10 5.9 4.1 6
DAYS >= .10 2 1.6 0.4 1
DAYS >= .50 1 0.1 0.9 0
DAYS >= 1.00 0 0.0 0.0 0
GREATEST
24 HR. TOTAL 0.54 03/07 TO 03/07 0.15 03/22 TO 03/22
DEGREE DAYS
HEATING TOTAL 912 1028 -116 1175
SINCE 7/1 6190 7096 -906 MM
COOLING TOTAL 0 0 0 0
SINCE 1/1 0 0 0 MM
................................................................
WIND (MPH)
AVERAGE WIND SPEED 11.9
HIGHEST WIND SPEED/DIRECTION 45/230 DATE 03/31
HIGHEST GUST SPEED/DIRECTION 59/220 DATE 03/31
SKY COVER
POSSIBLE SUNSHINE (PERCENT) MM
AVERAGE SKY COVER 0.42
NUMBER OF DAYS FAIR 14
NUMBER OF DAYS PC 13
NUMBER OF DAYS CLOUDY 4
AVERAGE RH (PERCENT) 56
WEATHER CONDITIONS. NUMBER OF DAYS WITH
THUNDERSTORM 1 MIXED PRECIP 0
HEAVY RAIN 0 RAIN 0
LIGHT RAIN 5 FREEZING RAIN 0
LT FREEZING RAIN 0 HAIL 0
HEAVY SNOW 4 SNOW 8
LIGHT SNOW 18 SLEET 0
FOG 9 FOG W/VIS <= 1/4 MILE 2
HAZE 6
- INDICATES NEGATIVE NUMBERS.
R INDICATES RECORD WAS SET OR TIED.
MM INDICATES DATA IS MISSING.
T INDICATES TRACE AMOUNT.
$$