000
CXUS54 KLUB 011352
CLMLBB
CLIMATE REPORT
NATIONAL WEATHER SERVICE LUBBOCK TX
752 AM CST FRI MAR 01 2024
...................................
...THE LUBBOCK CLIMATE SUMMARY FOR THE MONTH OF FEBRUARY 2024...
CLIMATE NORMAL PERIOD 1991 TO 2020
CLIMATE RECORD PERIOD 1911 TO 2024
WEATHER OBSERVED NORMAL DEPART LAST YEAR`S
VALUE DATE(S) VALUE FROM VALUE DATE(S)
NORMAL
................................................................
TEMPERATURE (F)
RECORD
HIGH 91 02/11/2017
LOW -17 02/08/1933
HIGHEST 87 02/26 80 02/21
LOWEST 17 02/12 12 02/17
AVG. MAXIMUM 64.3 59.7 4.6 60.5
AVG. MINIMUM 35.0 30.6 4.4 31.9
MEAN 49.7 45.1 4.6 46.2
DAYS MAX >= 90 0 0.0 0.0 0
DAYS MAX <= 32 0 1.0 -1.0 1
DAYS MIN <= 32 9 17.0 -8.0 15
DAYS MIN <= 0 0 0.0 0.0 0
PRECIPITATION (INCHES)
RECORD
MAXIMUM 5.83 1911
MINIMUM 0.00 1955
TOTALS 0.56 0.65 -0.09 0.15
DAILY AVG. 0.02 NAN NAN 0.01
DAYS >= .01 4 4.2 -0.2 4
DAYS >= .10 1 1.7 -0.7 0
DAYS >= .50 0 0.3 -0.3 0
DAYS >= 1.00 0 0.1 -0.1 0
GREATEST
24 HR. TOTAL 0.47 02/11 TO 02/11
SNOWFALL (INCHES)
RECORDS
TOTAL 16.8 1956
24 HR TOTAL 1.6 02/02/2022 TO 02/03/2022
SNOW DEPTH 2 02/03/2022
TOTALS 3.7 1.4 2.3 T
SINCE 7/1 3.7 6.5 -2.8 MM
SNOWDEPTH AVG. 0 0
DAYS >= TRACE 2 1.4 0.6 3
DAYS >= 1.0 1 0.6 0.4 0
GREATEST
SNOW DEPTH 2R 02/12 0 MM
24 HR TOTAL MM MM
DEGREE DAYS
HEATING TOTAL 436 556 -120 517
SINCE 7/1 2390 2685 -295 MM
COOLING TOTAL 1 0 1 0
SINCE 1/1 1 0 1 MM
................................................................
WIND (MPH)
AVERAGE WIND SPEED 12.8
HIGHEST WIND SPEED/DIRECTION 43/250 DATE 02/27
HIGHEST GUST SPEED/DIRECTION 62/250 DATE 02/27
SKY COVER
POSSIBLE SUNSHINE (PERCENT) MM
AVERAGE SKY COVER 0.48
NUMBER OF DAYS FAIR 11
NUMBER OF DAYS PC 11
NUMBER OF DAYS CLOUDY 7
AVERAGE RH (PERCENT) 52
WEATHER CONDITIONS. NUMBER OF DAYS WITH
THUNDERSTORM 0 MIXED PRECIP 1
HEAVY RAIN 0 RAIN 2
LIGHT RAIN 4 FREEZING RAIN 1
LT FREEZING RAIN 1 HAIL 0
HEAVY SNOW 1 SNOW 1
LIGHT SNOW 2 SLEET 1
FOG 2 FOG W/VIS <= 1/4 MILE 0
HAZE 6
- INDICATES NEGATIVE NUMBERS.
R INDICATES RECORD WAS SET OR TIED.
MM INDICATES DATA IS MISSING.
T INDICATES TRACE AMOUNT.
$$