000
CXUS55 KLBF 011510
CF6LBF
PRELIMINARY LOCAL CLIMATOLOGICAL DATA (WS FORM: F-6)
STATION: NORTH PLATTE
MONTH: FEBRUARY
YEAR: 2023
LATITUDE: 41 7 N
LONGITUDE: 100 41 W
TEMPERATURE IN F: :PCPN: SNOW: WIND :SUNSHINE: SKY :PK WND
================================================================================
1 2 3 4 5 6A 6B 7 8 9 10 11 12 13 14 15 16 17 18
12Z AVG MX 2MIN
DY MAX MIN AVG DEP HDD CDD WTR SNW DPTH SPD SPD DIR MIN PSBL S-S WX SPD DR
================================================================================
1 32 -6 13 -14 52 0 0.00 0.0 7 7.3 13 290 M M 0 18 15 290
2 29 4 17 -10 48 0 0.00 0.0 6 7.4 18 20 M M 2 18 24 20
3 38 5 22 -5 43 0 T T 6 6.3 15 240 M M 4 18 20 190
4 44 11 28 1 37 0 0.00 0.0 5 8.5 22 310 M M 0 18 28 290
5 42 16 29 2 36 0 0.00 0.0 4 6.5 14 110 M M 0 16 110
6 41 16 29 2 36 0 0.00 0.0 4 8.6 22 300 M M 1 1 27 310
7 41 22 32 4 33 0 0.00 0.0 3 7.7 14 290 M M 1 17 280
8 38 14 26 -2 39 0 0.00 0.0 2 6.9 20 340 M M 0 18 26 330
9 37 16 27 -1 38 0 T T 2 16.6 29 350 M M 8 43 350
10 36 7 22 -6 43 0 0.00 0.0 2 7.3 17 230 M M 0 26 230
11 45 15 30 2 35 0 0.00 0.0 2 3.7 10 220 M M 0 14 220
12 45 19 32 4 33 0 0.00 0.0 1 6.5 14 310 M M 0 1 18 330
13 53 19 36 7 29 0 0.00 0.0 1 6.3 23 160 M M 1 1 33 170
14 45 30 38 9 27 0 0.00 0.0 T 13.8 33 330 M M 7 46 320
15 30 19 25 -4 40 0 0.02 0.3 T 16.8 25 350 M M 10 37 350
16 30 16 23 -6 42 0 0.00 0.0 T 8.7 17 350 M M 4 22 360
17 40 12 26 -4 39 0 0.00 0.0 T 6.7 18 240 M M 0 23 230
18 48 19 34 4 31 0 0.00 0.0 T 3.5 10 270 M M 0 18 12 260
19 44 20 32 2 33 0 0.00 0.0 T 6.2 21 250 M M 0 18 28 250
20 50 32 41 11 24 0 T T T 9.3 21 260 M M 4 31 250
21 51 22 37 6 28 0 T T T 7.2 36 20 M M 1 48 10
22 22 -1 11 -20 54 0 0.04 0.7 T 20.4 29 20 M M 10 89 42 30
23 12 -7 3 -28 62 0 0.01 T 1 11.3 22 320 M M 2 28 310
24 19 0 10 -22 55 0 0.00 0.0 1 7.3 20 200 M M 3 24 190
25 45 8 27 -5 38 0 0.00 0.0 T 4.6 15 250 M M 0 18 19 240
26 58 21 40 8 25 0 0.00 0.0 T 3.6 18 300 M M 1 18 25 290
27 54 31 43 10 22 0 0.00 0.0 0 15.2 32 300 M M 0 41 300
28 51 30 41 8 24 0 0.00 0.0 0 9.2 21 280 M M 4 27 130
================================================================================
SM 1120 410 1046 0 0.07 1.0 243.4 M 63
================================================================================
AV 40.0 14.6 8.7 FASTST M M 2 MAX(MPH)
MISC ----> 36 20 48 10
================================================================================
NOTES:
# LAST OF SEVERAL OCCURRENCES
COLUMN 17 PEAK WIND IN M.P.H.
PRELIMINARY LOCAL CLIMATOLOGICAL DATA (WS FORM: F-6) , PAGE 2
STATION: NORTH PLATTE
MONTH: FEBRUARY
YEAR: 2023
LATITUDE: 41 7 N
LONGITUDE: 100 41 W
[TEMPERATURE DATA] [PRECIPITATION DATA] SYMBOLS USED IN COLUMN 16
AVERAGE MONTHLY: 27.3 TOTAL FOR MONTH: 0.07 1 = FOG OR MIST
DPTR FM NORMAL: -2.1 DPTR FM NORMAL: -0.50 2 = FOG REDUCING VISIBILITY
HIGHEST: 58 ON 26 GRTST 24HR 0.05 ON 22-23 TO 1/4 MILE OR LESS
LOWEST: -7 ON 23 3 = THUNDER
SNOW, ICE PELLETS, HAIL 4 = ICE PELLETS
TOTAL MONTH: 1.0 INCH 5 = HAIL
GRTST 24HR 0.7 ON 22-22 6 = FREEZING RAIN OR DRIZZLE
GRTST DEPTH: 7 ON 1 7 = DUSTSTORM OR SANDSTORM:
VSBY 1/2 MILE OR LESS
8 = SMOKE OR HAZE
[NO. OF DAYS WITH] [WEATHER - DAYS WITH] 9 = BLOWING SNOW
X = TORNADO
MAX 32 OR BELOW: 7 0.01 INCH OR MORE: 3
MAX 90 OR ABOVE: 0 0.10 INCH OR MORE: 0
MIN 32 OR BELOW: 28 0.50 INCH OR MORE: 0
MIN 0 OR BELOW: 4 1.00 INCH OR MORE: 0
[HDD (BASE 65) ]
TOTAL THIS MO. 1046 CLEAR (SCALE 0-3) 20
DPTR FM NORMAL 48 PTCLDY (SCALE 4-7) 6
TOTAL FM JUL 1 4941 CLOUDY (SCALE 8-10) 2
DPTR FM NORMAL 140
[CDD (BASE 65) ]
TOTAL THIS MO. 0
DPTR FM NORMAL 0 [PRESSURE DATA]
TOTAL FM JAN 1 0 HIGHEST SLP 30.68 ON 23
DPTR FM NORMAL 0 LOWEST SLP 29.19 ON 14
[REMARKS]
#FINAL-02-23#