000
CXUS55 KLBF 011410
CF6LBF
PRELIMINARY LOCAL CLIMATOLOGICAL DATA (WS FORM: F-6)
STATION: NORTH PLATTE
MONTH: AUGUST
YEAR: 2022
LATITUDE: 41 7 N
LONGITUDE: 100 41 W
TEMPERATURE IN F: :PCPN: SNOW: WIND :SUNSHINE: SKY :PK WND
================================================================================
1 2 3 4 5 6A 6B 7 8 9 10 11 12 13 14 15 16 17 18
12Z AVG MX 2MIN
DY MAX MIN AVG DEP HDD CDD WTR SNW DPTH SPD SPD DIR MIN PSBL S-S WX SPD DR
================================================================================
1 100 60 80 4 0 15 0.00 0.0 0 5.9 15 200 M M 0 20 180
2 104 65 85 9 0 20 0.04 0.0 0 4.6 25 170 M M 0 37 170
3 96 65 81 6 0 16 0.00 0.0 0 7.7 14 70 M M 0 19 50
4 97 61 79 4 0 14 0.00 0.0 0 10.5 20 170 M M 0 30 160
5 102 74 88 13 0 23 0.00 0.0 0 12.0 20 150 M M 0 31 160
6 91 71 81 6 0 16 0.00 0.0 0 11.9 22 20 M M 3 33 20
7 75 58 67 -8 0 2 0.02 0.0 0 9.2 20 20 M M 7 27 20
8 88 49 69 -6 0 4 0.00 0.0 0 6.8 17 110 M M 0 22 110
9 97 58 78 4 0 13 0.00 0.0 0 6.3 14 170 M M 0 18 170
10 100 60 80 6 0 15 0.00 0.0 0 4.7 13 160 M M 0 8 16 180
11 100 60 80 6 0 15 0.00 0.0 0 7.0 18 170 M M 0 26 170
12 101 64 83 9 0 18 0.00 0.0 0 7.2 18 240 M M 0 25 240
13 97 62 80 6 0 15 0.00 0.0 0 8.8 18 110 M M 0 26 120
14 95 69 82 8 0 17 0.02 0.0 0 12.7 24 110 M M 4 3 32 100
15 89 67 78 5 0 13 0.77 0.0 0 7.6 21 50 M M 5 13 29 40
16 70 64 67 -6 0 2 T 0.0 0 7.6 14 40 M M 10 1 18 70
17 80 60 70 -3 0 5 T 0.0 0 4.9 13 160 M M 7 1 17 160
18 92 55 74 1 0 9 0.00 0.0 0 4.9 14 330 M M 1 20 230
19 85 57 71 -2 0 6 T 0.0 0 5.4 17 360 M M 2 24 340
20 86 54 70 -2 0 5 0.00 0.0 0 4.2 14 120 M M 1 18 30
21 90 54 72 0 0 7 0.00 0.0 0 6.7 16 110 M M 0 22 120
22 92 57 75 3 0 10 0.00 0.0 0 6.4 16 120 M M 0 21 120
23 94 56 75 3 0 10 0.00 0.0 0 6.1 16 180 M M 0 20 20
24 95 57 76 5 0 11 0.00 0.0 0 6.3 16 130 M M 0 21 120
25 95 62 79 8 0 14 0.00 0.0 0 8.7 20 110 M M 0 26 100
26 94 64 79 8 0 14 0.00 0.0 0 8.9 20 110 M M 0 1 28 110
27 93 67 80 9 0 15 0.00 0.0 0 7.5 18 180 M M 2 26 190
28 99 59 79 9 0 14 T 0.0 0 7.3 16 350 M M 0 24 340
29 91 56 74 4 0 9 0.06 0.0 0 4.8 26 50 M M 0 36 50
30 94 52 73 3 0 8 0.00 0.0 0 2.8 12 150 M M 0 19 170
31 97 58 78 8 0 13 0.05 0.0 0 6.6 26 310 M M 1 3 46 330
================================================================================
SM 2879 1875 0 368 0.96 0.0 222.0 M 43
================================================================================
AV 92.9 60.5 7.2 FASTST M M 1 MAX(MPH)
MISC ----> # 26 50 46 330
================================================================================
NOTES:
# LAST OF SEVERAL OCCURRENCES
COLUMN 17 PEAK WIND IN M.P.H.
PRELIMINARY LOCAL CLIMATOLOGICAL DATA (WS FORM: F-6) , PAGE 2
STATION: NORTH PLATTE
MONTH: AUGUST
YEAR: 2022
LATITUDE: 41 7 N
LONGITUDE: 100 41 W
[TEMPERATURE DATA] [PRECIPITATION DATA] SYMBOLS USED IN COLUMN 16
AVERAGE MONTHLY: 76.7 TOTAL FOR MONTH: 0.96 1 = FOG OR MIST
DPTR FM NORMAL: 3.7 DPTR FM NORMAL: -1.60 2 = FOG REDUCING VISIBILITY
HIGHEST: 104 ON 2 GRTST 24HR 0.79 ON 14-15 TO 1/4 MILE OR LESS
LOWEST: 49 ON 8 3 = THUNDER
SNOW, ICE PELLETS, HAIL 4 = ICE PELLETS
TOTAL MONTH: 0.0 INCH 5 = HAIL
GRTST 24HR 0.0 6 = FREEZING RAIN OR DRIZZLE
GRTST DEPTH: 0 7 = DUSTSTORM OR SANDSTORM:
VSBY 1/2 MILE OR LESS
8 = SMOKE OR HAZE
[NO. OF DAYS WITH] [WEATHER - DAYS WITH] 9 = BLOWING SNOW
X = TORNADO
MAX 32 OR BELOW: 0 0.01 INCH OR MORE: 6
MAX 90 OR ABOVE: 24 0.10 INCH OR MORE: 1
MIN 32 OR BELOW: 0 0.50 INCH OR MORE: 1
MIN 0 OR BELOW: 0 1.00 INCH OR MORE: 0
[HDD (BASE 65) ]
TOTAL THIS MO. 0 CLEAR (SCALE 0-3) 26
DPTR FM NORMAL -11 PTCLDY (SCALE 4-7) 4
TOTAL FM JUL 1 0 CLOUDY (SCALE 8-10) 1
DPTR FM NORMAL -10
[CDD (BASE 65) ]
TOTAL THIS MO. 368
DPTR FM NORMAL 109 [PRESSURE DATA]
TOTAL FM JAN 1 1162 HIGHEST SLP 30.19 ON 30
DPTR FM NORMAL 359 LOWEST SLP 29.57 ON 28
[REMARKS]
#FINAL-08-22#