000
CXUS55 KLBF 101227
CF6LBF
PRELIMINARY LOCAL CLIMATOLOGICAL DATA (WS FORM: F-6)
STATION: NORTH PLATTE
MONTH: JUNE
YEAR: 2022
LATITUDE: 41 7 N
LONGITUDE: 100 41 W
TEMPERATURE IN F: :PCPN: SNOW: WIND :SUNSHINE: SKY :PK WND
================================================================================
1 2 3 4 5 6A 6B 7 8 9 10 11 12 13 14 15 16 17 18
12Z AVG MX 2MIN
DY MAX MIN AVG DEP HDD CDD WTR SNW DPTH SPD SPD DIR MIN PSBL S-S WX SPD DR
================================================================================
1 71 46 59 -6 6 0 T 0.0 0 5.2 12 300 M M 4 18 10
2 80 38 59 -6 6 0 0.00 0.0 0 3.9 13 230 M M 2 18 210
3 84 49 67 1 0 2 0.01 0.0 0 9.1 21 180 M M 3 3 31 200
4 89 52 71 5 0 6 T 0.0 0 5.3 18 290 M M 1 3 25 290
5 89 53 71 5 0 6 0.03 0.0 0 6.7 30 70 M M 2 38 43 70
6 87 57 72 5 0 7 0.01 0.0 0 7.0 20 60 M M 2 1 26 20
7 78 50 64 -3 1 0 0.29 0.0 0 8.1 32 20 M M 7 13 44 20
8 80 51 66 -2 0 1 0.00 0.0 0 6.4 16 290 M M 0 19 290
9 83 58 71 3 0 6 0.06 0.0 0 10.4 26 170 M M 3 3 40 190
10 88 52 70 2 0 5 0.00 0.0 0 5.9 14 110 M M 2 12 19 110
11 93 62 78 10 0 13 0.00 0.0 0 8.4 15 10 M M 0 22 170
12 97 65 81 12 0 16 T 0.0 0 9.2 21 20 M M 0 3 28 10
13 108 69 89 20 0 24 0.00 0.0 0 11.5 28 190 M M 0 12 49 190
14 89 62 76 7 0 11 0.00 0.0 0 12.3 33 330 M M 0 49 320
15 88 57 73 3 0 8 0.03 0.0 0 9.0 21 240 M M 4 3 34 240
16 91 51 71 1 0 6 0.00 0.0 0 9.8 17 120 M M 1 25 80
17 102 63 83 13 0 18 0.00 0.0 0 12.5 22 130 M M 0 33 120
18 101 76 89 18 0 24 0.00 0.0 0 16.8 30 160 M M 0 46 160
19 100 78 89 18 0 24 0.00 0.0 0 19.1 31 160 M M 0 44 160
20 101 73 87 16 0 22 T 0.0 0 15.1 28 210 M M 0 42 200
21 82 51 67 -5 0 2 0.00 0.0 0 5.1 15 360 M M 1 23 10
22 90 48 69 -3 0 4 0.00 0.0 0 7.2 17 170 M M 0 27 200
23 98 61 80 8 0 15 0.00 0.0 0 8.8 21 120 M M 1 12 26 110
24 93 65 79 7 0 14 T 0.0 0 8.0 21 260 M M 1 3 27 270
25 80 58 69 -3 0 4 0.00 0.0 0 13.6 28 340 M M 2 42 340
26 80 47 64 -9 1 0 0.00 0.0 M 5.0 12 290 M M 4 18 310
27 88 53 71 -2 0 6 0.00 0.0 0 9.7 21 200 M M 1 33 200
28 98 53 76 3 0 11 0.00 0.0 0 4.6 13 230 M M 0 19 130
29 102 68 85 12 0 20 0.00 0.0 0 11.8 25 180 M M 0 36 180
30 97 63 80 6 0 15 0.00 0.0 0 7.9 22 10 M M 0 31 20
================================================================================
SM 2707 1729 14 290 0.43 0.0 273.4 M 41
================================================================================
AV 90.2 57.6 9.1 FASTST M M 1 MAX(MPH)
MISC ----> 33 330 # 49 190
================================================================================
NOTES:
# LAST OF SEVERAL OCCURRENCES
COLUMN 17 PEAK WIND IN M.P.H.
PRELIMINARY LOCAL CLIMATOLOGICAL DATA (WS FORM: F-6) , PAGE 2
STATION: NORTH PLATTE
MONTH: JUNE
YEAR: 2022
LATITUDE: 41 7 N
LONGITUDE: 100 41 W
[TEMPERATURE DATA] [PRECIPITATION DATA] SYMBOLS USED IN COLUMN 16
AVERAGE MONTHLY: 73.9 TOTAL FOR MONTH: 0.43 1 = FOG OR MIST
DPTR FM NORMAL: 4.2 DPTR FM NORMAL: -3.11 2 = FOG REDUCING VISIBILITY
HIGHEST: 108 ON 13 GRTST 24HR 0.29 ON 7- 7 TO 1/4 MILE OR LESS
LOWEST: 38 ON 2 3 = THUNDER
SNOW, ICE PELLETS, HAIL 4 = ICE PELLETS
TOTAL MONTH: 0.0 INCH 5 = HAIL
GRTST 24HR 0.0 6 = FREEZING RAIN OR DRIZZLE
GRTST DEPTH: 0 7 = DUSTSTORM OR SANDSTORM:
VSBY 1/2 MILE OR LESS
8 = SMOKE OR HAZE
[NO. OF DAYS WITH] [WEATHER - DAYS WITH] 9 = BLOWING SNOW
X = TORNADO
MAX 32 OR BELOW: 0 0.01 INCH OR MORE: 6
MAX 90 OR ABOVE: 14 0.10 INCH OR MORE: 1
MIN 32 OR BELOW: 0 0.50 INCH OR MORE: 0
MIN 0 OR BELOW: 0 1.00 INCH OR MORE: 0
[HDD (BASE 65) ]
TOTAL THIS MO. 14 CLEAR (SCALE 0-3) 25
DPTR FM NORMAL -22 PTCLDY (SCALE 4-7) 5
TOTAL FM JUL 1 5789 CLOUDY (SCALE 8-10) 0
DPTR FM NORMAL -578
[CDD (BASE 65) ]
TOTAL THIS MO. 290
DPTR FM NORMAL 113 [PRESSURE DATA]
TOTAL FM JAN 1 356 HIGHEST SLP 30.46 ON 26
DPTR FM NORMAL 142 LOWEST SLP 29.26 ON 14
[REMARKS]
#FINAL-06-22#